Molinna Weather Station

 Latitude N 60° 21' 23"    Longitude E 10° 28' 20"    Elevation 275 m

Records began on 20 desember 2012

NOAA Style Reports for Molinna

Select a Year or Month report
V/Λ2018 > Jan Feb Mar Apr May Jun Jul Aug Sep Oct Nov Dec V/Λ2017 > Jan Feb Mar Apr May Jun Jul Aug Sep Oct Nov Dec V/Λ2016 > Jan Feb Mar Apr May Jun Jul Aug Sep Oct Nov Dec V/Λ2015 > Jan Feb Mar Apr May Jun Jul Aug Sep Oct Nov Dec V/Λ2014 > Jan Feb Mar Apr May Jun Jul Aug Sep Oct Nov Dec V/Λ2013 > Jan Feb Mar Apr May Jun Jul Aug Sep Oct Nov Dec

Report for 2013
                   Annual Climatological Summary for 2013

Name: Molinna Weather Station   City: Gran   State: 
Elevation: 275 m  Lat: N 60 21' 23"   Lon: E 010 28' 20"

                  Temperature (C), Heat Base: 18,3  Cool Base: 18,3
                          Dep.  Heat  Cool                       Max  Max  Min  Min
        Mean  Mean        From  Deg   Deg                        >=   <=   <=   <=
 YR MO  Max   Min   Mean  Norm  Days  Days  Hi  Date  Low  Date 27,0  0,0  0,0 -18,0
------------------------------------------------------------------------------------
 13  1  -4,8 -14,2  -9,6   0.0   864     0   7,2  31 -26,4   23    0   24   31   11
 13  2  -1,2 -13,4  -7,5   0.0   722     0  11,0  24 -23,3   21    0   19   28    6
 13  3   4,6 -14,1  -6,0   0.0   752     0   9,1  26 -22,7   11    0    3   31    9
 13  4  10,6  -4,4   2,6   0.0   471     0  14,8  15 -13,0    1    0    0   23    0
 13  5  18,2   5,5  11,6   0.0   224    15  29,1  18  -4,2    1    3    0    6    0
 13  6  20,9   8,1  14,1   0.0   138    14  27,7  20   1,8    4    1    0    0    0
 13  7  25,4   9,7  17,5   0.0    85    61  31,6  21   1,8   28   12    0    0    0
 13  8  22,7   8,6  14,9   0.0   129    22  27,2   1   4,3   21    1    0    0    0
 13  9  18,1   4,5  10,3   0.0   245     6  24,5   3  -4,6   27    0    0    6    0
 13 10  11,6   0,5   5,3   0.0   404     0  19,5   8  -6,9   20    0    0   17    0
 13 11   5,0  -3,4   0,6   0.0   531     0  13,2  16 -11,8   21    0    3   26    0
 13 12   3,7  -3,7   0,3   0.0   558     0   8,8   3 -16,3    7    0    7   24    0
------------------------------------------------------------------------------------
        11,2  -1,4   4,5   0.0  5128   120  31,6 jul -26,4  jan   17   56  192   26

                                Precipitation (mm)

              Dep.   Max        Days of Rain
              From   Obs.           >=
 YR MO Total  Norm   Day Date  0,2  2,0 20,0
---------------------------------------------
 13  1   0,0   0.0   0,0   0     0    0    0
 13  2   0,0   0.0   0,0   0     0    0    0
 13  3   0,0   0.0   0,0   0     0    0    0
 13  4  30,6   0.0   4,8  15    10    8    0
 13  5  74,7   0.0  32,4  22    20    8    1
 13  6  94,8   0.0  22,5  26    20   10    1
 13  7  12,0   0.0   5,4  31     6    3    0
 13  8  81,9   0.0  14,7   3    16   10    0
 13  9  19,5   0.0  11,1  16     8    3    0
 13 10  38,7   0.0  13,2  22    19    6    0
 13 11  29,7   0.0  16,5   3    13    3    0
 13 12  36,3   0.0   6,3  24    17    8    0
---------------------------------------------
       418,2   0.0  32,4  mai  129   59    2

                                Wind Speed (m/s)
                          Dom
 YR MO   Avg.  Hi   Date  Dir
------------------------------
 13  1   0,4   8,8   30   ENE
 13  2   0,5  10,9   28   NNE
 13  3   1,1  13,9    2   NNE
 13  4   1,8  11,2   23   WSW
 13  5   1,5  10,2    3    SW
 13  6   1,4   8,5    3    SW
 13  7   1,3  10,2   15     W
 13  8   1,0   9,9   18    SW
 13  9   0,8   7,1   15    SW
 13 10   0,9   8,5   10    SW
 13 11   1,2  15,0   16     W
 13 12   2,0  16,0    5   SSW
------------------------------
         1,2  16,0  des   WSW
:now::gauges::today::yesterday::this month::this year::noaa::records::monthly records::trends: