Midtre Skiakersgutua Weather Station

 Latitude N 60° 21' 23"    Longitude E 10° 28' 20"    Elevation 275 m

Records began on 20 desember 2012

NOAA Style Reports for Midtre Skiakersgutua

Select a Year or Month report

Report for 2013 Jan
                   Monthly Climatological Summary for jan 2013

Name: Molinna   City: Gran   State: 
Elevation: 275 m  Lat: N 60 21' 23"   Lon: E 010 28' 20"

                  Temperature (C), Rain (mm), Wind Speed (m/s)

                                      Heat  Cool        Avg
    Mean                              Deg   Deg         Wind                 Dom
Day Temp  High   Time   Low    Time   Days  Days  Rain  Speed High   Time    Dir
----------------------------------------------------------------------------------
 1  -0,4   4,7   12:11  -7,6   23:52  18,7   0,0   0,0   0,7   4,1   07:53   SSW
 2  -7,4  -3,9   02:27 -10,9   21:07  25,7   0,0   0,0   0,3   2,4   02:11    NE
 3  -4,5  -1,9   13:24 -10,0   00:00  22,8   0,0   0,0   0,2   2,7   02:23   ESE
 4  -1,8   3,3   12:16  -6,1   03:38  20,1   0,0   0,0   0,1   1,4   11:12   ESE
 5  -3,3   0,6   14:34  -6,4   20:33  21,6   0,0   0,0   0,0   2,0   00:31     E
 6  -3,6  -0,3   11:59  -5,4   22:52  21,9   0,0   0,0   0,2   1,7   10:36     E
 7  -2,4  -1,0   22:13  -4,9   00:00  20,7   0,0   0,0   0,3   2,0   15:48     S
 8  -3,7  -1,0   02:12  -7,0   21:07  22,0   0,0   0,0   0,4   1,7   00:32     E
 9  -6,3  -3,4   20:57  -8,8   17:42  24,6   0,0   0,0   0,2   2,7   22:45    NE
10  -5,5  -2,2   13:39 -14,0   09:23  23,8   0,0   0,0   1,8   6,1   23:37    NE
11  -8,5  -3,1   00:00 -17,6   23:47  26,8   0,0   0,0   2,0   6,8   00:58    NE
12 -16,9  -8,7   12:28 -20,4   09:20  35,2   0,0   0,0   0,1   1,7   03:10    NE
13 -15,1 -13,1   02:38 -18,3   17:05  33,4   0,0   0,0   0,1   1,0   02:59    NE
14 -15,6 -13,7   22:10 -17,3   10:18  33,9   0,0   0,0   0,0   0,3   00:28     N
15 -15,1 -11,7   11:59 -20,1   23:29  33,4   0,0   0,0   0,0   0,3   00:12    NW
16 -17,2 -10,4   12:19 -22,2   06:53  35,5   0,0   0,0   0,0   0,7   18:48    NW
17 -10,6  -8,8   14:07 -15,2   01:18  28,9   0,0   0,0   0,2   1,7   05:07   NNE
18 -14,2 -11,2   00:00 -20,8   23:58  32,5   0,0   0,0   0,0   0,7   09:59   NNE
19 -16,9 -13,7   21:27 -20,8   00:00  35,2   0,0   0,0   0,0   0,7   19:54     E
20  -9,3  -4,6   14:11 -17,0   00:00  27,6   0,0   0,0   0,1   2,4   18:17   NNE
21 -18,3 -14,4   00:00 -24,0   23:25  36,6   0,0   0,0   0,1   3,4   04:47   NNE
22 -22,4  -9,8   12:07 -26,0   08:32  40,7   0,0   0,0   0,0   1,0   23:47    NE
23 -22,2 -11,0   12:07 -26,4   07:10  40,5   0,0   0,0   0,0   1,0   17:32   ENE
24 -15,2  -4,0   12:20 -22,5   23:16  33,5   0,0   0,0   0,0   1,4   02:35     E
25 -19,7 -11,8   12:23 -23,0   00:51  38,0   0,0   0,0   0,1   1,4   04:34    NE
26  -9,0  -3,8   14:59 -16,1   00:00  27,3   0,0   0,0   0,1   2,0   14:08     S
27  -5,2  -4,4   07:29  -6,3   00:42  23,5   0,0   0,0   0,6   3,1   08:09     S
28  -5,2   0,3   23:56  -9,0   18:35  23,5   0,0   0,0   0,2   2,0   16:26     N
29   0,5   1,9   14:59  -0,7   23:34  17,8   0,0   0,0   0,9   5,4   01:09     S
30   1,6   6,1   11:35  -0,9   00:51  16,7   0,0   0,0   2,1   8,8   14:48   SSW
31  -3,7   7,2   12:07 -14,7   23:42  22,0   0,0   0,0   0,5   5,1   06:59    NE
----------------------------------------------------------------------------------
    -9,6   7,2    31   -26,4    23   864,4   0,0   0,0   0,4   8,8    30       E

Max >=  27,0:  0
Max <=   0,0: 24
Min <=   0,0: 31
Min <= -18,0: 11
Max Rain: 0,0 on day 0
Days of Rain: 0 (>= 0,2 mm)  0 (>= 2,0 mm)  0 (>= 20,0 mm)
Heat Base: 18,3  Cool Base: 18,3  Method: Integration
:now::gauges::today::yesterday::this month::this year::noaa::records::monthly records::trends: