Molinna Weather Station

 Latitude N 60° 21' 23"    Longitude E 10° 28' 20"    Elevation 275 m

Records began on 20 desember 2012

NOAA Style Reports for Molinna

Select a Year or Month report
V/Λ2018 > Jan Feb Mar Apr May Jun Jul Aug Sep Oct Nov Dec V/Λ2017 > Jan Feb Mar Apr May Jun Jul Aug Sep Oct Nov Dec V/Λ2016 > Jan Feb Mar Apr May Jun Jul Aug Sep Oct Nov Dec V/Λ2015 > Jan Feb Mar Apr May Jun Jul Aug Sep Oct Nov Dec V/Λ2014 > Jan Feb Mar Apr May Jun Jul Aug Sep Oct Nov Dec V/Λ2013 > Jan Feb Mar Apr May Jun Jul Aug Sep Oct Nov Dec

Report for 2013 Feb
                   Monthly Climatological Summary for feb 2013

Name: Molinna   City: Gran   State: 
Elevation: 275 m  Lat: N 60 21' 23"   Lon: E 010 28' 20"

                  Temperature (C), Rain (mm), Wind Speed (m/s)

                                      Heat  Cool        Avg
    Mean                              Deg   Deg         Wind                 Dom
Day Temp  High   Time   Low    Time   Days  Days  Rain  Speed High   Time    Dir
----------------------------------------------------------------------------------
 1 -15,4  -5,4   12:20 -21,6   23:54  33,7   0,0   0,0   0,1   1,0   00:20    NE
 2 -15,0  -7,4   15:16 -22,5   02:16  33,5   0,0   0,0   0,1   1,0   20:21    NE
 3 -12,9  -7,5   14:56 -18,5   03:10  31,2   0,0   0,0   0,1   1,0   19:34   NNE
 4  -7,8  -4,8   13:55 -11,0   22:26  26,1   0,0   0,0   0,1   1,4   05:16     N
 5  -9,0  -2,8   23:55 -15,6   07:49  27,3   0,0   0,0   0,2   2,0   21:18   NNE
 6  -2,0  -1,1   14:28  -3,7   23:45  20,3   0,0   0,0   2,5   5,4   20:43    NE
 7  -5,8  -2,0   12:16 -14,4   23:55  24,1   0,0   0,0   1,6   4,4   01:38    NE
 8  -9,2  -4,9   12:42 -17,3   01:46  27,5   0,0   0,0   0,5   3,1   21:39     N
 9  -9,4  -5,6   12:07 -15,9   10:09  27,7   0,0   0,0   0,5   3,7   19:44   NNE
10  -8,5  -3,7   13:52 -15,8   23:57  26,8   0,0   0,0   0,4   3,4   00:08   NNE
11 -11,3  -5,8   13:57 -18,3   03:19  29,6   0,0   0,0   0,0   1,0   12:15   NNE
12  -9,8  -5,5   14:57 -16,7   05:10  28,1   0,0   0,0   0,9   3,7   15:55   NNE
13  -6,7  -4,1   14:11  -9,4   06:50  25,0   0,0   0,0   0,3   2,7   00:54     N
14  -4,3  -2,2   13:38  -6,4   03:12  22,6   0,0   0,0   1,0   4,4   08:44     S
15  -4,3  -2,4   13:16  -5,5   07:10  22,6   0,0   0,0   0,1   2,7   02:22   ENE
16  -3,9  -1,9   13:30  -6,1   08:34  22,2   0,0   0,0   0,2   1,7   06:49   NNE
17  -1,7   1,6   13:41  -4,4   03:54  20,0   0,0   0,0   0,6   5,1   09:49   WSW
18  -2,2   0,9   14:50  -4,8   04:07  20,5   0,0   0,0   0,1   2,0   22:10   NNE
19  -5,7   1,8   11:50 -15,3   20:39  24,0   0,0   0,0   1,1   6,1   16:26    NE
20 -12,5 -10,1   00:00 -19,3   23:57  31,2   0,0   0,0   0,2   1,7   19:57   ENE
21 -16,7  -5,4   15:48 -23,3   07:42  35,0   0,0   0,0   0,1   2,0   23:16   NNE
22  -8,3  -0,6   14:49 -17,2   07:52  26,6   0,0   0,0   0,2   1,4   14:19     N
23  -0,7   5,9   13:49  -5,3   07:38  18,9   0,0   0,0   0,2   1,7   10:07   NNE
24  -1,7  11,0   15:44 -11,4   23:48  20,0   0,0   0,0   0,2   2,4   21:46    NE
25  -8,5   6,6   16:13 -15,0   06:07  26,8   0,0   0,0   0,2   1,7   04:17    NE
26  -8,5   3,1   16:46 -15,9   19:58  26,8   0,0   0,0   0,3   1,7   00:38   NNE
27  -6,1   9,4   16:20 -12,7   07:15  24,4   0,0   0,0   0,3   2,7   23:16   NNE
28  -1,3  10,2   11:27 -12,0   02:56  19,6   0,0   0,0   2,3  10,9   12:55   NNW
----------------------------------------------------------------------------------
    -7,5  11,0    24   -23,3    21   722,1   0,0   0,0   0,5  10,9    28     NNE

Max >=  27,0:  0
Max <=   0,0: 19
Min <=   0,0: 28
Min <= -18,0:  6
Max Rain: 0,0 on day 0
Days of Rain: 0 (>= 0,2 mm)  0 (>= 2,0 mm)  0 (>= 20,0 mm)
Heat Base: 18,3  Cool Base: 18,3  Method: Integration
:now::gauges::today::yesterday::this month::this year::noaa::records::monthly records::trends: