Midtre Skiakersgutua Weather Station

 Latitude N 60° 21' 23"    Longitude E 10° 28' 20"    Elevation 275 m

Records began on 20 desember 2012

NOAA Style Reports for Midtre Skiakersgutua

Select a Year or Month report

Report for 2013 Mar
                   Monthly Climatological Summary for mar 2013

Name: Molinna Weather Station   City: Gran   State: 
Elevation: 275 m  Lat: N 60 21' 23"   Lon: E 010 28' 20"

                  Temperature (C), Rain (mm), Wind Speed (m/s)

                                      Heat  Cool        Avg
    Mean                              Deg   Deg         Wind                 Dom
Day Temp  High   Time   Low    Time   Days  Days  Rain  Speed High   Time    Dir
----------------------------------------------------------------------------------
 1  -0,4   8,4   16:00  -6,4   07:28  18,7   0,0   0,0   1,6   8,2   10:56     N
 2   2,7   8,8   12:07  -3,1   00:00  15,6   0,0   0,0   4,3  13,9   11:50   WNW
 3  -0,4   7,4   11:48  -6,6   21:11  18,8   0,0   0,0   1,5   7,8   05:58    NW
 4   0,4   5,1   14:48  -7,3   23:57  18,0   0,0   0,0   0,7   4,4   02:25    SW
 5  -3,4   4,3   12:18  -8,8   05:09  21,8   0,0   0,0   0,4   3,1   12:53     W
 6  -2,3   6,8   15:22  -8,4   04:14  20,6   0,0   0,0   0,9   7,5   14:50   NNE
 7  -7,2   3,2   15:39 -14,2   06:57  25,5   0,0   0,0   0,5   2,4   15:31   NNE
 8  -9,4   7,3   16:35 -18,4   07:07  27,7   0,0   0,0   0,3   2,0   22:50    NE
 9  -6,6   0,4   16:59 -15,0   23:55  24,8   0,0   0,0   0,5   3,1   11:17    SE
10 -13,5   0,2   16:08 -22,1   06:56  31,8   0,0   0,0   1,0   6,5   13:12   NNE
11 -10,7   8,1   16:10 -22,7   04:40  29,0   0,0   0,0   0,3   1,7   01:43     N
12  -4,7   8,3   14:57 -12,5   01:36  22,9   0,0   0,0   1,4   7,1   20:58   NNE
13  -8,6   3,8   15:51 -19,6   23:54  26,9   0,0   0,0   1,5   5,1   09:25    NE
14 -11,9   6,0   16:31 -22,2   06:30  30,2   0,0   0,0   0,4   2,4   20:38   NNE
15 -10,5  -0,4   16:33 -21,2   06:08  28,8   0,0   0,0   0,5   3,4   15:29    NW
16  -2,7   0,2   14:07  -6,2   00:00  21,0   0,0   0,0   0,9   3,7   17:19   SSW
17  -3,1   5,5   14:59  -8,2   21:52  21,3   0,0   0,0   0,8   3,7   11:22    SE
18  -5,6   3,2   14:49 -12,9   06:14  23,9   0,0   0,0   1,1   5,8   15:27   ENE
19  -8,8  -5,6   13:44 -12,8   03:28  27,1   0,0   0,0   2,5   5,8   14:10   NNE
20  -6,9  -3,7   14:14  -9,4   04:12  25,2   0,0   0,0   2,9   7,8   13:36   NNE
21  -5,9   1,8   15:52 -12,6   23:46  24,2   0,0   0,0   2,9   7,5   11:17   NNE
22 -10,6   1,0   12:26 -18,4   23:59  28,9   0,0   0,0   1,1   5,8   14:37    NE
23 -10,3   7,3   15:28 -22,0   06:22  28,6   0,0   0,0   0,4   2,7   04:18   NNE
24  -7,5   7,0   15:07 -18,5   06:15  25,8   0,0   0,0   0,8   4,4   17:40   NNE
25  -5,6   5,4   15:44 -14,6   04:52  23,8   0,0   0,0   0,6   3,7   17:47   NNE
26  -5,7   9,1   16:18 -15,0   06:25  24,0   0,0   0,0   0,5   2,4   15:33   NNE
27  -6,8   6,3   15:21 -17,2   06:07  25,1   0,0   0,0   0,6   3,7   13:14   WSW
28  -6,1   7,9   15:35 -17,1   06:07  24,5   0,0   0,0   0,6   2,7   15:56     N
29  -5,8   4,2   15:25 -15,0   05:41  24,1   0,0   0,0   1,0   6,5   14:32   NNE
30  -3,9   7,2   15:12 -12,6   03:17  22,2   0,0   0,0   1,1   5,4   14:56    NE
31  -4,7   7,4   12:48 -16,5   06:50  22,1   0,0   0,0   0,8   4,1   14:59   SSW
----------------------------------------------------------------------------------
    -6,0   9,1    26   -22,7    11   752,9   0,0   0,0   1,1  13,9     2     NNE

Max >=  27,0:  0
Max <=   0,0:  3
Min <=   0,0: 31
Min <= -18,0:  9
Max Rain: 0,0 on day 0
Days of Rain: 0 (>= 0,2 mm)  0 (>= 2,0 mm)  0 (>= 20,0 mm)
Heat Base: 18,3  Cool Base: 18,3  Method: Integration
:now::gauges::today::yesterday::this month::this year::noaa::records::monthly records::trends: