Molinna Weather Station

 Latitude N 60° 21' 23"    Longitude E 10° 28' 20"    Elevation 275 m

Records began on 20 desember 2012

NOAA Style Reports for Molinna

Select a Year or Month report
V/Λ2018 > Jan Feb Mar Apr May Jun Jul Aug Sep Oct Nov Dec V/Λ2017 > Jan Feb Mar Apr May Jun Jul Aug Sep Oct Nov Dec V/Λ2016 > Jan Feb Mar Apr May Jun Jul Aug Sep Oct Nov Dec V/Λ2015 > Jan Feb Mar Apr May Jun Jul Aug Sep Oct Nov Dec V/Λ2014 > Jan Feb Mar Apr May Jun Jul Aug Sep Oct Nov Dec V/Λ2013 > Jan Feb Mar Apr May Jun Jul Aug Sep Oct Nov Dec

Report for 2013 Apr
                   Monthly Climatological Summary for apr 2013

Name: Molinna Weather Station   City: Gran   State: 
Elevation: 275 m  Lat: N 60 21' 23"   Lon: E 010 28' 20"

                  Temperature (C), Rain (mm), Wind Speed (m/s)

                                      Heat  Cool        Avg
    Mean                              Deg   Deg         Wind                 Dom
Day Temp  High   Time   Low    Time   Days  Days  Rain  Speed High   Time    Dir
----------------------------------------------------------------------------------
 1  -2,7  11,7   16:20 -13,0   06:51  21,0   0,0   0,0   0,9   5,4   13:38   NNE
 2  -2,2  10,9   16:21 -11,8   06:23  20,5   0,0   0,0   0,9   6,1   16:46    NE
 3  -1,5  10,3   16:20 -11,9   06:37  19,8   0,0   0,0   0,6   3,1   13:54   WSW
 4  -0,1   8,7   16:05  -9,9   07:07  18,4   0,0   0,0   1,2   7,1   18:57   NNE
 5   0,8   9,5   17:21  -6,1   05:47  17,5   0,0   0,0   0,7   4,1   15:47    SW
 6  -1,3   4,6   14:58  -7,1   04:49  19,6   0,0   0,0   1,3   6,1   14:32   WNW
 7  -2,4   6,2   16:13 -11,4   06:22  20,7   0,0   0,0   1,1   5,8   13:17   NNE
 8  -2,5   9,3   15:42 -12,1   06:30  20,8   0,0   0,0   0,7   4,8   18:12   NNE
 9  -2,5   8,9   16:32 -11,8   06:45  20,8   0,0   0,0   0,8   4,4   13:53   SSW
10  -2,3   8,2   17:13 -10,1   03:50  20,6   0,0   0,0   0,8   4,4   13:29     S
11  -0,5   3,7   12:53  -3,9   06:34  18,8   0,0   0,0   1,0   3,4   03:30   ENE
12   0,8   5,0   15:38  -2,6   00:47  17,5   0,0   2,1   1,1   4,1   20:27   NNE
13   1,9  11,5   14:44  -4,8   21:32  16,6   0,0   0,0   1,4   4,5   14:44   NNE
14   0,9   5,8   23:32  -5,1   03:34  17,4   0,0   3,6   1,6   6,8   17:59     S
15   8,3  14,8   16:18   3,2   23:57  10,0   0,0   4,8   2,5   8,8   20:16   SSW
16   4,6  12,1   12:48  -1,0   05:07  13,7   0,0   2,7   1,6   7,5   15:58     S
17   7,7  14,2   15:56   2,9   00:17  10,6   0,0   0,3   3,4  10,9   15:07    SW
18   6,6  11,2   11:55   3,8   00:07  11,7   0,0   4,2   3,2  10,2   14:33   SSW
19   4,9  10,2   16:07  -1,8   23:07  13,4   0,0   3,9   1,8   5,8   02:57    NW
20   3,9  12,7   15:59  -4,8   05:51  14,5   0,0   0,0   1,0   4,1   12:20   WSW
21   5,1  13,8   16:26  -2,3   05:37  13,1   0,0   0,0   2,1   8,5   14:41   SSW
22   5,3  11,3   13:15  -0,6   06:09  13,0   0,0   0,0   3,3  11,2   23:49   SSW
23   7,6  13,4   15:12   2,4   23:49  10,7   0,0   0,0   4,1  11,2   20:46     W
24   7,0  12,4   13:26   0,3   23:59  11,3   0,0   0,0   3,2   8,5   10:54     W
25   5,8  13,4   16:59  -3,2   03:38  12,5   0,0   0,0   2,2   7,8   10:22     W
26   5,3  14,2   15:08  -2,5   05:56  13,0   0,0   0,3   1,5   7,1   18:11     N
27   4,8  13,3   15:22  -4,2   05:42  13,5   0,0   0,0   1,5   5,4   10:52     N
28   2,6  10,1   13:35  -5,0   04:41  15,7   0,0   3,9   2,7  10,9   14:11   SSW
29   5,0  11,9   16:19   1,7   05:05  13,3   0,0   4,8   2,7   8,8   12:40   SSW
30   7,0  13,3   16:08   1,7   04:57  11,3   0,0   0,0   3,0   9,2   17:28   WNW
----------------------------------------------------------------------------------
     2,6  14,8    15   -13,0     1   471,3   0,0  30,6   1,8  11,2    22     WSW

Max >=  27,0:  0
Max <=   0,0:  0
Min <=   0,0: 23
Min <= -18,0:  0
Max Rain: 4,8 on day 15
Days of Rain: 10 (>= 0,2 mm)  8 (>= 2,0 mm)  0 (>= 20,0 mm)
Heat Base: 18,3  Cool Base: 18,3  Method: Integration
:now::gauges::today::yesterday::this month::this year::noaa::records::monthly records::trends: