Molinna Weather Station

 Latitude N 60° 21' 23"    Longitude E 10° 28' 20"    Elevation 275 m

Records began on 20 desember 2012

NOAA Style Reports for Molinna

Select a Year or Month report
V/Λ2018 > Jan Feb Mar Apr May Jun Jul Aug Sep Oct Nov Dec V/Λ2017 > Jan Feb Mar Apr May Jun Jul Aug Sep Oct Nov Dec V/Λ2016 > Jan Feb Mar Apr May Jun Jul Aug Sep Oct Nov Dec V/Λ2015 > Jan Feb Mar Apr May Jun Jul Aug Sep Oct Nov Dec V/Λ2014 > Jan Feb Mar Apr May Jun Jul Aug Sep Oct Nov Dec V/Λ2013 > Jan Feb Mar Apr May Jun Jul Aug Sep Oct Nov Dec

Report for 2013 May
                   Monthly Climatological Summary for mai 2013

Name: Molinna Weather Station   City: Gran   State: 
Elevation: 275 m  Lat: N 60 21' 23"   Lon: E 010 28' 20"

                  Temperature (C), Rain (mm), Wind Speed (m/s)

                                      Heat  Cool        Avg
    Mean                              Deg   Deg         Wind                 Dom
Day Temp  High   Time   Low    Time   Days  Days  Rain  Speed High   Time    Dir
----------------------------------------------------------------------------------
 1   4,2  11,3   12:41  -4,2   04:49  14,5   0,0   1,5   2,0   8,2   20:54   SSW
 2   5,2  11,7   16:26  -0,7   02:26  13,1   0,0   0,0   2,7   8,8   10:12     W
 3   3,2   8,0   20:29  -3,4   03:39  15,1   0,0   0,0   2,5  10,2   11:09   SSW
 4   4,3   9,9   17:45  -2,2   04:28  14,0   0,0   6,3   2,1   8,5   18:29    SW
 5   9,3  17,2   16:35  -1,6   05:30   9,0   0,0   0,0   2,3   6,8   10:47   WSW
 6  12,3  21,0   14:58   2,6   04:22   6,2   0,2   0,0   2,3   9,2   15:07    SW
 7  15,0  23,5   16:18   6,9   23:56   4,3   1,0   0,0   1,7   5,1   02:32   WSW
 8  11,8  22,5   12:36   2,6   05:40   7,0   0,5   0,3   1,3   7,1   17:54   SSE
 9  11,8  15,5   15:14   9,3   04:47   6,5   0,0   3,9   0,8   3,4   17:20   WSW
10   9,2  14,0   13:07   5,8   05:43   9,1   0,0   0,9   2,1   6,1   14:09   SSW
11   9,7  15,5   12:44   6,8   03:07   8,6   0,0   0,6   2,5   8,5   16:18   SSW
12   8,7  11,7   12:32   5,7   23:28   9,6   0,0   2,4   1,7   5,4   10:53     S
13   7,0  10,7   19:07   1,8   23:56  11,3   0,0   1,8   2,6   8,8   11:46     S
14   5,6  12,8   15:09  -1,7   04:52  12,7   0,0   0,6   2,0   9,2   15:37    SW
15   7,1  11,4   13:48   1,8   04:20  11,2   0,0   0,3   1,8   8,8   19:26     S
16  11,8  18,4   17:10   8,1   23:49   6,5   0,0   0,0   1,8   7,1   00:00     S
17  13,1  18,1   19:17   8,5   00:00   5,2   0,0   0,0   1,3   4,8   15:13     N
18  17,3  29,1   16:27   8,7   04:58   3,2   2,2   0,0   1,2   5,4   10:32     N
19  18,5  28,1   15:10  11,1   02:44   2,4   2,5   0,0   1,1   6,8   12:48    NE
20  16,0  20,7   13:10  13,1   23:30   2,5   0,2   1,5   1,1   4,8   16:33     S
21  13,2  15,0   11:07  12,1   23:45   5,1   0,0   1,8   0,5   2,7   03:39   SSE
22  12,3  13,7   14:27  10,8   23:36   6,0   0,0  32,4   0,9   5,4   18:56     S
23   9,5  12,7   11:11   2,7   23:58   8,8   0,0   6,0   0,9   5,8   12:16     S
24  10,4  21,6   21:08   1,0   02:23   8,1   0,2   3,0   0,6   3,1   12:23    NW
25  14,8  23,8   15:57   5,8   04:26   4,6   1,2   0,0   1,1   3,7   14:55   NNW
26  17,2  27,8   16:13   6,7   04:28   3,5   2,4   0,0   1,1   6,1   13:14    NE
27  13,7  21,2   20:10   9,1   23:42   4,6   0,1   3,6   1,0   4,8   13:53   SSW
28  13,5  21,8   19:36   8,8   00:17   5,0   0,2   5,1   1,2   5,1   18:23   NNE
29  17,2  24,1   14:45  10,6   03:51   2,1   1,0   0,6   1,6   6,1   15:16   ENE
30  17,2  26,0   19:07  12,6   05:39   2,5   1,3   1,5   1,0   4,4   10:42   NNW
31  18,4  26,5   18:11  11,5   05:32   1,9   2,0   0,6   0,7   3,1   14:35     N
----------------------------------------------------------------------------------
    11,6  29,1    18    -4,2     1   224,2  15,0  74,7   1,5  10,2     3      SW

Max >=  27,0:  3
Max <=   0,0:  0
Min <=   0,0:  6
Min <= -18,0:  0
Max Rain: 32,4 on day 22
Days of Rain: 20 (>= 0,2 mm)  8 (>= 2,0 mm)  1 (>= 20,0 mm)
Heat Base: 18,3  Cool Base: 18,3  Method: Integration
:now::gauges::today::yesterday::this month::this year::noaa::records::monthly records::trends: