Molinna Weather Station

 Latitude N 60° 21' 23"    Longitude E 10° 28' 20"    Elevation 275 m

Records began on 20 desember 2012

NOAA Style Reports for Molinna

Select a Year or Month report
V/Λ2018 > Jan Feb Mar Apr May Jun Jul Aug Sep Oct Nov Dec V/Λ2017 > Jan Feb Mar Apr May Jun Jul Aug Sep Oct Nov Dec V/Λ2016 > Jan Feb Mar Apr May Jun Jul Aug Sep Oct Nov Dec V/Λ2015 > Jan Feb Mar Apr May Jun Jul Aug Sep Oct Nov Dec V/Λ2014 > Jan Feb Mar Apr May Jun Jul Aug Sep Oct Nov Dec V/Λ2013 > Jan Feb Mar Apr May Jun Jul Aug Sep Oct Nov Dec

Report for 2013 Jun
                   Monthly Climatological Summary for jun 2013

Name: Molinna Weather Station   City: Gran   State: 
Elevation: 275 m  Lat: N 60 21' 23"   Lon: E 010 28' 20"

                  Temperature (C), Rain (mm), Wind Speed (m/s)

                                      Heat  Cool        Avg
    Mean                              Deg   Deg         Wind                 Dom
Day Temp  High   Time   Low    Time   Days  Days  Rain  Speed High   Time    Dir
----------------------------------------------------------------------------------
 1  15,5  22,2   12:31   9,5   04:17   3,3   0,5   0,9   0,6   3,4   13:50   NNW
 2  14,4  21,0   15:09  11,6   04:15   4,0   0,1  15,9   0,9   5,4   15:37    NW
 3  13,4  20,6   19:13   7,5   06:09   5,0   0,2   8,1   2,7   8,5   11:14   NNE
 4   9,8  17,7   12:34   1,8   04:56   8,5   0,0   0,3   1,8   8,5   16:18    NE
 5  10,2  18,3   15:46   5,6   03:51   8,1   0,0   0,9   1,1   5,8   17:22   NNE
 6  12,5  19,7   16:08   6,0   04:57   5,9   0,1   1,8   1,2   5,4   11:58    SW
 7  14,0  22,6   16:30   3,6   04:45   5,2   0,9   0,0   1,1   5,4   22:50     W
 8  13,7  23,0   16:07   4,2   05:16   5,0   0,4   0,0   1,0   5,1   15:11     N
 9  12,8  20,6   15:38   5,8   05:23   5,6   0,1   0,0   1,4   5,8   10:28   NNE
10  14,3  23,3   18:31   5,0   04:09   4,7   0,8   0,3   1,3   4,4   08:47   NNE
11  15,5  25,9   16:35   4,8   05:20   4,4   1,6   0,0   1,2   4,4   20:20   WNW
12  12,0  17,8   12:47   7,0   04:36   6,3   0,0   1,2   1,2   5,4   13:25     S
13  13,5  19,7   16:56  10,3   00:00   4,8   0,0   6,9   1,4   4,4   21:15     S
14  15,5  20,6   13:09   9,5   23:33   3,0   0,3   0,9   2,2   6,1   13:11     W
15  13,0  20,9   15:59   4,3   04:07   5,5   0,3   0,0   1,5   6,1   14:34   SSW
16  13,1  19,7   16:07   8,5   03:42   5,2   0,1   4,8   1,4   5,4   17:42    SW
17  15,5  24,8   15:37   5,0   04:24   4,4   1,6   0,0   1,0   4,8   18:13     W
18  15,7  24,7   17:42   6,0   04:53   4,0   1,4   0,3   1,2   4,1   08:53   NNW
19  16,2  22,6   12:25  11,4   00:33   3,0   0,9   3,3   1,4   5,4   17:38   SSW
20  19,0  27,7   19:10  12,3   23:56   2,2   2,9   0,0   1,1   5,1   17:29    SW
21  15,8  20,3   12:14   8,9   04:32   2,8   0,3   7,2   0,8   3,7   12:29     N
22  16,7  21,1   15:26  14,1   23:44   1,8   0,2   2,4   2,1   6,8   03:47     S
23  15,1  20,1   19:12  11,7   04:33   3,3   0,1   0,9   2,0   6,5   21:16     S
24  13,8  19,3   14:29   9,3   04:34   4,5   0,0   6,6   1,2   8,2   16:26     S
25  15,9  24,6   15:34   8,6   02:52   3,7   1,3   0,0   0,9   3,7   17:51   NNW
26  12,2  14,4   09:10  10,4   02:28   6,1   0,0  22,5   2,1   6,8   18:32   NNE
27  14,3  19,3   20:55  10,9   00:00   4,0   0,0   1,2   1,4   5,1   00:37   NNE
28  14,1  18,2   10:52  10,3   23:36   4,2   0,0   0,0   1,8   6,1   16:54   SSW
29  11,6  15,3   12:24   9,1   01:08   6,7   0,0   8,4   1,3   4,4   09:48     S
30  15,0  20,7   15:07   9,6   04:22   3,7   0,3   0,0   1,2   3,7   10:19   NNW
----------------------------------------------------------------------------------
    14,1  27,7    20     1,8     4   138,9  14,4  94,8   1,4   8,5     3       W

Max >=  27,0:  1
Max <=   0,0:  0
Min <=   0,0:  0
Min <= -18,0:  0
Max Rain: 22,5 on day 26
Days of Rain: 20 (>= 0,2 mm)  10 (>= 2,0 mm)  1 (>= 20,0 mm)
Heat Base: 18,3  Cool Base: 18,3  Method: Integration
:now::gauges::today::yesterday::this month::this year::noaa::records::monthly records::trends: