Molinna Weather Station

 Latitude N 60° 21' 23"    Longitude E 10° 28' 20"    Elevation 275 m

Records began on 20 desember 2012

NOAA Style Reports for Molinna

Select a Year or Month report
V/Λ2018 > Jan Feb Mar Apr May Jun Jul Aug Sep Oct Nov Dec V/Λ2017 > Jan Feb Mar Apr May Jun Jul Aug Sep Oct Nov Dec V/Λ2016 > Jan Feb Mar Apr May Jun Jul Aug Sep Oct Nov Dec V/Λ2015 > Jan Feb Mar Apr May Jun Jul Aug Sep Oct Nov Dec V/Λ2014 > Jan Feb Mar Apr May Jun Jul Aug Sep Oct Nov Dec V/Λ2013 > Jan Feb Mar Apr May Jun Jul Aug Sep Oct Nov Dec

Report for 2013 Jul
                   Monthly Climatological Summary for jul 2013

Name: Molinna Weather Station   City: Gran   State: 
Elevation: 275 m  Lat: N 60 21' 23"   Lon: E 010 28' 20"

                  Temperature (C), Rain (mm), Wind Speed (m/s)

                                      Heat  Cool        Avg
    Mean                              Deg   Deg         Wind                 Dom
Day Temp  High   Time   Low    Time   Days  Days  Rain  Speed High   Time    Dir
----------------------------------------------------------------------------------
 1  15,4  21,9   15:43  10,0   04:16   3,4   0,4   0,0   1,2   5,8   16:42   SSW
 2  13,8  18,8   17:26  10,2   00:00   4,5   0,0   0,9   0,8   4,4   17:53     S
 3  13,8  18,5   16:28  10,9   04:25   4,5   0,0   2,7   1,4   7,8   09:53    SW
 4  14,4  17,6   14:50  11,7   00:30   3,9   0,0   0,3   1,0   4,4   23:53     S
 5  17,1  22,7   16:25  11,3   23:10   2,3   1,1   0,0   1,6   6,5   17:28   WNW
 6  17,2  25,7   19:57   6,8   04:38   3,4   2,3   0,0   1,1   4,4   16:47   WSW
 7  18,7  26,8   16:17   9,2   04:35   2,5   2,9   0,0   1,7   6,8   15:19     W
 8  16,4  25,2   17:30   7,0   05:30   3,7   1,8   0,0   1,1  44,5   08:08   NNW
 9  16,6  25,9   18:44   9,0   03:46   2,9   1,2   0,0   1,8   8,5   22:57   WNW
10  16,8  24,2   16:58   9,5   23:58   2,9   1,4   0,0   2,7   9,5   11:18    NE
11  16,3  27,5   18:59   4,7   04:44   4,6   2,6   0,0   0,6   3,1   13:23   NNW
12  18,5  27,8   17:11   8,2   04:14   3,1   3,3   0,0   0,7   3,1   15:23   WNW
13  18,4  27,2   12:27  10,5   04:30   2,3   2,4   0,0   1,1   5,8   16:28   WNW
14  15,4  22,0   14:34  10,0   06:07   3,3   0,4   0,0   1,9   5,8   15:53    NW
15  16,6  23,0   15:33  11,0   05:10   2,7   1,0   0,0   2,6  10,2   11:47     W
16  14,8  21,7   19:51   6,5   04:09   3,9   0,4   0,0   0,9   4,1   00:31     W
17  18,6  27,4   15:43  10,4   01:59   2,2   2,5   0,0   1,5   5,8   11:12     W
18  19,5  24,0   17:51  14,0   23:59   0,8   2,0   0,0   1,9   5,8   15:53     W
19  18,8  28,1   19:07  11,1   02:56   2,2   2,7   0,0   1,5   6,8   16:25   NNE
20  21,3  30,6   16:16   9,9   05:48   1,9   4,9   0,0   1,0   4,4   19:53   WNW
21  21,0  31,6   16:16  10,4   04:59   1,7   4,4   0,0   0,9   5,1   19:30   NNE
22  19,3  30,4   19:55  11,0   23:57   1,8   2,8   0,0   1,3   4,1   14:52   NNE
23  18,2  29,8   20:17   6,3   04:29   3,5   3,4   0,0   0,8   3,7   15:22     N
24  20,2  30,8   19:29  10,2   04:07   2,3   4,2   0,0   0,7   4,1   14:15    NW
25  20,3  31,2   16:36  13,1   01:46   1,5   3,5   0,0   0,8   6,1   17:34   NNW
26  20,0  30,6   15:40  11,0   04:55   2,0   3,7   0,0   0,9   5,1   18:26   WSW
27  18,8  26,1   13:09  11,2   04:57   2,1   2,6   0,3   1,2   6,1   12:30   SSW
28  17,8  22,5   13:26   1,8   03:57   1,4   0,9   0,0   1,1  44,5   03:57     S
29  19,9  25,7   18:35  13,4   05:35   0,9   2,5   0,0   2,3   8,5   16:22    SW
30  15,4  21,1   18:58  10,5   23:46   3,2   0,3   2,4   0,6   3,4   12:42   WSW
31  14,6  22,5   12:35   8,9   23:56   4,0   0,3   5,4   0,7   5,1   12:37   WSW
----------------------------------------------------------------------------------
    17,5  31,6    21     1,8    28    85,4  61,9  12,0   1,3  44,5     8       W

Max >=  27,0: 12
Max <=   0,0:  0
Min <=   0,0:  0
Min <= -18,0:  0
Max Rain: 5,4 on day 31
Days of Rain: 6 (>= 0,2 mm)  3 (>= 2,0 mm)  0 (>= 20,0 mm)
Heat Base: 18,3  Cool Base: 18,3  Method: Integration
:now::gauges::today::yesterday::this month::this year::noaa::records::monthly records::trends: