Midtre Skiakersgutua Weather Station

 Latitude N 60° 21' 23"    Longitude E 10° 28' 20"    Elevation 275 m

Records began on 20 desember 2012

NOAA Style Reports for Midtre Skiakersgutua

Select a Year or Month report

Report for 2013 Aug
                   Monthly Climatological Summary for aug 2013

Name: Molinna Weather Station   City: Gran   State: 
Elevation: 275 m  Lat: N 60 21' 23"   Lon: E 010 28' 20"

                  Temperature (C), Rain (mm), Wind Speed (m/s)

                                      Heat  Cool        Avg
    Mean                              Deg   Deg         Wind                 Dom
Day Temp  High   Time   Low    Time   Days  Days  Rain  Speed High   Time    Dir
----------------------------------------------------------------------------------
 1  16,1  27,2   16:28   6,0   04:57   4,3   2,1   0,0   0,8   3,7   14:27     W
 2  18,9  25,2   17:07  13,8   03:15   1,5   2,1   0,0   1,1   4,4   14:42    SW
 3  17,8  22,7   19:09  13,3   03:23   1,2   0,7  14,7   1,6   6,8   21:54     S
 4  16,6  25,0   16:34   9,9   23:59   2,7   1,1   4,2   1,8   9,9   17:42    SW
 5  15,4  23,1   15:21   7,8   04:42   3,7   0,8   0,6   1,4   4,9   12:58    SW
 6  15,6  19,8   17:24  11,8   23:52   2,7   0,0  13,5   1,1   5,4   07:18     S
 7  18,2  26,1   20:15  11,1   00:43   2,1   2,1   2,7   0,8   3,7   11:26   NNW
 8  14,3  15,5   07:23  12,5   23:12   4,0   0,0   7,8   0,9   3,7   06:37     N
 9  15,5  24,1   19:09   8,5   05:09   3,6   0,8   0,0   0,5   4,1   13:58     W
10  14,9  25,0   16:24   8,8   05:50   3,8   0,4   0,0   0,6   3,5   21:52    SE
11  14,1  22,6   15:14  -5,7   22:26   4,3   0,2   2,4   0,5   3,5   22:26   WNW
12  13,6  22,6   12:36  10,5   03:38   4,9   0,1   4,5   0,5   4,8   14:43   WNW
13  11,8  17,2   16:10   9,3   02:11   6,5   0,0   6,9   1,3   4,1   15:13   NNE
14  14,2  23,6   19:30   9,6   05:15   4,8   0,7   0,3   1,7   6,5   11:43    NE
15  15,0  22,9   16:34   9,6   04:50   4,0   0,7   0,6   0,8   4,4   14:41   WSW
16  15,0  16,9   12:07  12,3   01:37   3,3   0,0  12,6   1,7   5,4   14:31     S
17  16,8  22,9   16:48  11,7   05:48   2,4   0,8   0,3   1,8   7,1   19:33   SSW
18  14,6  19,9   19:38   8,2   23:47   3,8   0,0   9,3   1,9   9,9   15:12     S
19  14,3  22,4   16:55   7,2   02:45   4,7   0,7   0,0   1,6   5,8   10:24    SW
20  13,0  22,2   17:11   4,7   05:00   6,0   0,7   0,0   1,3   5,4   11:33   WSW
21  12,8  22,1   12:40   4,3   06:07   6,1   0,5   0,0   0,8   4,8   15:56   WSW
22  13,3  25,2   16:32   4,9   04:56   6,0   1,0   0,0   0,6   3,1   11:45   NNW
23  14,3  24,1   17:08   5,7   05:50   5,2   1,3   0,0   0,9   5,1   15:41   WSW
24  14,6  25,5   16:59   6,0   05:38   5,1   1,4   0,0   0,4   3,1   15:44   WNW
25  14,5  24,0   16:41   7,2   04:34   5,0   1,3   0,0   0,7   4,1   15:10     W
26  14,4  24,0   16:41   5,5   06:12   5,0   1,1   0,0   1,2   6,5   13:08    SW
27  14,2  24,3   16:51   6,0   06:21   4,9   0,8   0,0   1,0   5,8   14:38    SW
28  15,3  24,4   16:49   8,7   23:26   4,0   1,0   0,0   0,5   2,7   16:55   WNW
29  13,2  20,5   17:07   7,9   06:38   5,1   0,1   0,0   0,4   2,7   17:11   WNW
30  13,8  20,1   18:59   8,6   04:58   4,5   0,0   0,6   0,3   3,4   15:24    SE
31  14,5  21,8   15:40   9,2   23:20   4,0   0,2   0,9   1,1   5,8   18:37   WNW
----------------------------------------------------------------------------------
    14,9  27,2     1    -5,7    11   129,2  22,7  81,9   1,0   9,9     4     WSW

Max >=  27,0:  1
Max <=   0,0:  0
Min <=   0,0:  1
Min <= -18,0:  0
Max Rain: 14,7 on day 3
Days of Rain: 16 (>= 0,2 mm)  10 (>= 2,0 mm)  0 (>= 20,0 mm)
Heat Base: 18,3  Cool Base: 18,3  Method: Integration
:now::gauges::today::yesterday::this month::this year::noaa::records::monthly records::trends: