Molinna Weather Station

 Latitude N 60° 21' 23"    Longitude E 10° 28' 20"    Elevation 275 m

Records began on 20 desember 2012

NOAA Style Reports for Molinna

Select a Year or Month report
V/Λ2018 > Jan Feb Mar Apr May Jun Jul Aug Sep Oct Nov Dec V/Λ2017 > Jan Feb Mar Apr May Jun Jul Aug Sep Oct Nov Dec V/Λ2016 > Jan Feb Mar Apr May Jun Jul Aug Sep Oct Nov Dec V/Λ2015 > Jan Feb Mar Apr May Jun Jul Aug Sep Oct Nov Dec V/Λ2014 > Jan Feb Mar Apr May Jun Jul Aug Sep Oct Nov Dec V/Λ2013 > Jan Feb Mar Apr May Jun Jul Aug Sep Oct Nov Dec

Report for 2013 Oct
                   Monthly Climatological Summary for okt 2013

Name: Molinna Weather Station   City: Gran   State: 
Elevation: 275 m  Lat: N 60 21' 23"   Lon: E 010 28' 20"

                  Temperature (C), Rain (mm), Wind Speed (m/s)

                                      Heat  Cool        Avg
    Mean                              Deg   Deg         Wind                 Dom
Day Temp  High   Time   Low    Time   Days  Days  Rain  Speed High   Time    Dir
----------------------------------------------------------------------------------
 1   4,3  14,0   16:56  -1,2   03:48  14,0   0,0   0,0   0,5   3,1   14:42   WSW
 2   3,5  12,8   16:33  -2,2   06:42  14,8   0,0   0,3   0,8   6,5   14:47    SW
 3   7,2  10,9   15:18   1,2   00:00  11,0   0,0   0,0   1,3   5,4   14:29   SSW
 4   6,9   8,9   13:07   5,9   19:15  11,4   0,0   2,4   1,1   4,1   12:36     S
 5   8,3  15,0   17:42   2,8   23:58  10,0   0,0   4,5   0,6   2,7   03:30   SSW
 6   7,7  14,8   15:56   0,5   02:48  10,6   0,0   0,0   0,9   5,1   23:08   WSW
 7  14,2  17,0   13:34  11,2   04:08   4,1   0,0   0,9   1,9   7,1   00:28   WSW
 8  13,8  19,5   12:22  10,8   05:56   4,5   0,0   0,3   1,4   6,8   14:41    SW
 9  11,6  17,2   12:21   8,1   20:40   6,7   0,0   0,6   1,5   5,1   04:50     W
10   6,8  12,5   16:42  -0,6   23:59  11,5   0,0   1,5   3,6   8,5   01:43    NE
11   2,2  14,5   16:07  -3,3   07:50  16,1   0,0   0,0   0,3   2,4   14:25   NNW
12   3,9  17,3   16:47  -1,8   07:33  14,4   0,0   0,0   0,3   1,7   12:47   NNW
13   4,7  17,6   17:07  -1,4   08:16  13,6   0,0   0,3   0,3   2,7   15:43   NNW
14   4,0  12,7   23:37   0,4   01:25  14,3   0,0   0,0   0,3   4,4   22:27   SSW
15   5,0  16,0   23:27  -0,8   07:57  13,3   0,0   0,0   0,3   2,0   22:07   NNW
16   3,9  12,2   00:07  -1,2   10:07  14,4   0,0   0,0   0,3   2,0   19:27   WSW
17   4,0   5,4   14:24  -1,7   23:58  14,3   0,0   0,6   1,0   4,1   17:28   NNE
18  -0,1   9,4   12:35  -5,1   07:50  18,4   0,0   0,0   0,4   5,1   16:08    SW
19  -2,3   2,3   15:12  -5,7   05:46  20,6   0,0   0,3   0,1   1,0   10:07   SSE
20  -2,0   2,5   15:45  -6,9   08:07  20,3   0,0   0,0   0,4   3,1   13:26     N
21   0,6   2,0   14:40  -0,3   00:07  17,7   0,0   0,0   0,8   3,1   14:11   NNE
22   0,9   1,9   16:09   0,0   00:00  17,4   0,0  13,2   0,1   1,4   23:26    SE
23   9,4  14,4   14:34   1,5   00:07   8,9   0,0   5,1   1,1   6,8   20:25     S
24   9,4  12,7   00:07   3,8   23:38   8,9   0,0   0,3   2,7   8,2   01:29    SW
25   4,1  11,9   12:34  -1,9   08:16  14,2   0,0   0,6   0,6   3,4   19:33   SSW
26   6,5  11,4   16:53   2,3   23:34  11,8   0,0   2,1   0,9   5,4   15:24   WSW
27   8,1  12,3   14:07   2,9   00:07  10,7   0,0   4,2   1,2   7,8   22:44   SSW
28   5,8  12,7   11:17   1,2   21:37  12,5   0,0   0,0   0,7   5,1   00:09     S
29   4,2  10,9   15:31   1,4   18:37  14,1   0,0   0,3   0,3   2,4   13:16   NNW
30   2,8   8,7   15:34  -2,3   21:56  15,5   0,0   0,3   0,2   2,0   03:59   SSW
31   3,4   8,4   11:51  -0,6   23:50  14,9   0,0   0,9   0,8   5,4   11:18   WSW
----------------------------------------------------------------------------------
     5,3  19,5     8    -6,9    20   404,9   0,0  38,7   0,9   8,5    10      SW

Max >=  27,0:  0
Max <=   0,0:  0
Min <=   0,0: 17
Min <= -18,0:  0
Max Rain: 13,2 on day 22
Days of Rain: 19 (>= 0,2 mm)  6 (>= 2,0 mm)  0 (>= 20,0 mm)
Heat Base: 18,3  Cool Base: 18,3  Method: Integration
:now::gauges::today::yesterday::this month::this year::noaa::records::monthly records::trends: