Midtre Skiakersgutua Weather Station

 Latitude N 60° 21' 23"    Longitude E 10° 28' 20"    Elevation 275 m

Records began on 20 desember 2012

NOAA Style Reports for Midtre Skiakersgutua


Report for 2013 Nov
                   Monthly Climatological Summary for nov 2013

Name: Molinna Weather Station   City: Gran   State: 
Elevation: 275 m  Lat: N 60 21' 23"   Lon: E 010 28' 20"

                  Temperature (C), Rain (mm), Wind Speed (m/s)

                                      Heat  Cool        Avg
    Mean                              Deg   Deg         Wind                 Dom
Day Temp  High   Time   Low    Time   Days  Days  Rain  Speed High   Time    Dir
----------------------------------------------------------------------------------
 1   4,3   9,2   11:34  -0,8   00:32  14,0   0,0   0,3   1,3   5,8   11:09   WSW
 2   2,6   8,9   11:29  -1,9   23:07  15,7   0,0   0,3   0,7   5,8   10:51   WSW
 3   3,6   6,0   17:35  -2,1   00:21  14,7   0,0  16,5   2,0   6,5   08:29     S
 4   4,9   7,4   11:09   2,9   23:26  13,4   0,0   4,2   0,5   4,8   02:39     S
 5   1,9   6,0   11:52  -1,4   19:58  16,4   0,0   0,0   0,3   2,0   12:18     W
 6   0,1   0,8   11:39  -1,0   00:00  18,1   0,0   0,0   0,5   2,0   07:10    NW
 7   0,2   1,3   23:49  -1,0   07:07  18,1   0,0   0,3   0,7   5,1   23:43   WSW
 8   0,8   7,4   11:14  -1,6   06:08  17,5   0,0   0,3   0,5   4,4   01:07   WSW
 9   0,1   1,9   22:45  -2,5   07:31  18,2   0,0   0,6   0,7   4,1   23:30    NE
10   0,4   4,1   11:20  -5,0   23:57  17,9   0,0   0,3   1,3   5,1   12:10    NE
11   0,3   7,1   23:49  -5,7   01:58  18,0   0,0   0,0   1,8   9,5   16:55     S
12   6,0  10,3   11:17   1,2   23:46  12,3   0,0   0,3   2,2   7,5   01:20    SW
13   2,6   8,3   11:52  -0,5   20:30  15,7   0,0   0,0   1,2   4,4   01:42   WSW
14   2,5   4,8   13:59  -0,5   04:07  15,8   0,0   1,8   0,2   3,1   05:25   ESE
15   3,7   9,7   23:59   0,6   08:57  14,6   0,0   0,6   1,9  11,9   23:23   WSW
16  11,4  13,2   13:15   8,4   23:39   6,9   0,0   0,0   5,4  15,0   14:08     W
17   3,7   9,2   11:33  -1,6   23:56  14,6   0,0   0,0   1,5   7,5   00:21     W
18   3,1   5,5   11:41  -2,2   00:28  15,2   0,0   3,9   1,6   8,2   11:18     S
19   0,1   6,2   11:59  -5,3   23:58  18,2   0,0   0,0   0,3   3,4   19:45    SW
20  -5,5   0,7   11:54  -8,8   19:42  23,9   0,0   0,0   0,3   3,1   23:16    NE
21  -6,5  -2,9   11:50 -11,8   22:54  24,8   0,0   0,0   1,5   5,4   03:51   NNE
22  -7,2  -5,0   23:33  -9,8   00:00  25,5   0,0   0,0   0,2   1,4   04:28   SSW
23  -4,5  -0,6   19:36  -7,5   17:24  22,8   0,0   0,0   0,3   4,1   23:49   WSW
24  -7,1   0,6   12:07 -10,6   07:21  25,4   0,0   0,0   0,3   2,4   00:54    SE
25  -7,5   0,6   11:43  -9,7   08:09  25,8   0,0   0,0   0,1   2,0   23:53     E
26  -2,4   5,7   21:26  -7,5   07:35  20,7   0,0   0,3   0,6   5,8   18:08     W
27   4,8  10,8   13:44  -2,8   05:49  13,4   0,0   0,0   2,6  12,6   23:51   WNW
28   4,1   7,3   00:58  -3,1   23:57  14,2   0,0   0,0   4,6  13,6   00:13    NW
29  -0,7   1,3   12:22  -3,6   00:27  19,0   0,0   0,0   0,2   1,7   12:49     E
30  -2,7   3,5   23:46  -7,0   08:15  21,0   0,0   0,0   0,7   6,8   23:44   WSW
----------------------------------------------------------------------------------
     0,6  13,2    16   -11,8    21   531,8   0,0  29,7   1,2  15,0    16       W

Max >=  27,0:  0
Max <=   0,0:  3
Min <=   0,0: 26
Min <= -18,0:  0
Max Rain: 16,5 on day 3
Days of Rain: 13 (>= 0,2 mm)  3 (>= 2,0 mm)  0 (>= 20,0 mm)
Heat Base: 18,3  Cool Base: 18,3  Method: Integration
:now::gauges::today::yesterday::this month::this year::noaa::records::monthly records::trends: