Midtre Skiakersgutua Weather Station

 Latitude N 60° 21' 23"    Longitude E 10° 28' 20"    Elevation 275 m

Records began on 20 desember 2012

NOAA Style Reports for Midtre Skiakersgutua

Select a Year or Month report

Report for 2013 Dec
                   Monthly Climatological Summary for des 2013

Name: Molinna Weather Station   City: Gran   State: 
Elevation: 275 m  Lat: N 60 21' 23"   Lon: E 010 28' 20"

                  Temperature (C), Rain (mm), Wind Speed (m/s)

                                      Heat  Cool        Avg
    Mean                              Deg   Deg         Wind                 Dom
Day Temp  High   Time   Low    Time   Days  Days  Rain  Speed High   Time    Dir
----------------------------------------------------------------------------------
 1   3,4   8,6   03:32  -5,0   23:55  14,9   0,0   0,0   4,4  15,3   10:36    NW
 2  -0,3   4,5   23:39  -6,6   06:40  18,6   0,0   0,0   1,1   5,8   17:49     W
 3   3,7   8,8   11:57  -4,1   23:53  14,6   0,0   0,0   1,6   7,1   09:45   WSW
 4  -2,8   3,1   12:07  -8,2   06:29  21,1   0,0   0,0   1,0  10,2   22:11   WSW
 5   0,4   4,9   14:33  -2,8   19:31  17,9   0,0   0,6   4,4  16,0   21:47   NNW
 6  -2,2   0,0   16:14  -3,7   11:14  20,6   0,0   0,0   4,9  12,9   00:30     N
 7  -9,7  -2,4   12:11 -16,3   21:43  28,0   0,0   0,0   1,1   8,5   00:26     N
 8  -7,5  -4,8   23:45 -15,4   00:00  25,8   0,0   0,0   0,6   3,4   08:53    NW
 9  -4,2  -2,4   23:59  -5,2   04:19  22,5   0,0   0,0   0,3   2,4   23:43     S
10  -1,1   0,7   12:16  -2,5   00:00  19,4   0,0   0,0   0,4   2,4   01:30   WSW
11  -3,2  -2,2   13:48  -5,4   23:59  21,4   0,0   0,0   0,1   1,7   01:00   NNE
12  -1,0   7,5   20:11  -5,9   00:43  19,3   0,0   4,8   0,6   7,5   20:10   WNW
13  -6,7  -3,1   00:48 -10,6   09:19  25,0   0,0   0,0   0,3   2,0   02:36   ENE
14  -1,4   0,0   14:10  -5,2   23:58  19,7   0,0   0,0   0,3   2,0   04:57    SE
15   0,3   3,6   06:25  -5,7   00:20  18,0   0,0   0,6   0,7   6,1   23:40   SSW
16   5,5   7,7   10:46   2,0   00:00  12,8   0,0   2,7   3,4  10,2   07:34   SSW
17   1,4   6,0   12:07  -1,6   23:59  16,9   0,0   0,0   0,9   4,8   13:34   WSW
18  -0,6   2,3   13:24  -5,7   08:44  18,9   0,0   0,3   0,9   5,4   17:54     S
19   2,7   3,5   08:37   1,9   00:00  15,6   0,0   5,1   1,9   6,1   23:23     S
20   0,7   2,9   07:40  -2,6   21:30  17,7   0,0   2,4   1,4   7,1   06:46   SSW
21   3,9   8,3   12:06  -2,5   01:08  14,4   0,0   0,3   2,4   8,8   11:12     S
22   4,1   6,0   13:11   1,8   23:58  14,2   0,0   2,4   3,0  11,2   10:59    SW
23   1,4   5,2   12:16  -0,7   17:33  16,9   0,0   0,6   1,9   7,1   00:50    SW
24   4,6   7,8   16:30   1,3   02:07  13,7   0,0   6,3   3,8  12,2   19:11     S
25   4,1   5,0   08:54   2,0   17:36  14,2   0,0   2,4   3,5   9,5   03:59     S
26   2,2   5,0   12:09  -2,0   20:09  16,1   0,0   0,3   2,8   8,8   04:12     S
27   1,5   4,9   23:58  -1,0   00:00  16,8   0,0   5,1   1,9   8,8   21:06     S
28   5,4   6,2   12:19   4,9   00:00  12,9   0,0   0,3   5,3  13,6   09:19     S
29   2,1   5,0   00:00  -3,4   23:58  16,2   0,0   0,0   2,2  12,2   00:52   SSW
30  -2,0   4,3   23:24  -6,6   08:23  20,3   0,0   1,5   1,0   8,5   19:33     S
31   4,5   6,8   10:54   1,1   22:39  13,8   0,0   0,6   4,0  12,6   13:15   SSW
----------------------------------------------------------------------------------
     0,3   8,8     3   -16,3     7   558,2   0,0  36,3   2,0  16,0     5      SW

Max >=  27,0:  0
Max <=   0,0:  7
Min <=   0,0: 24
Min <= -18,0:  0
Max Rain: 6,3 on day 24
Days of Rain: 17 (>= 0,2 mm)  8 (>= 2,0 mm)  0 (>= 20,0 mm)
Heat Base: 18,3  Cool Base: 18,3  Method: Integration
:now::gauges::today::yesterday::this month::this year::noaa::records::monthly records::trends: