Midtre Skiakersgutua Weather Station

 Latitude N 60° 21' 23"    Longitude E 10° 28' 20"    Elevation 275 m

Records began on 20 desember 2012

NOAA Style Reports for Midtre Skiakersgutua

Select a Year or Month report

Report for 2014
                   Annual Climatological Summary for 2014

Name: Skiakersgutua Weather Station   City: Gran   State: 
Elevation: 235 m  Lat: N 60 21' 54"   Lon: E 010 33' 13"

                  Temperature (C), Heat Base: 18,3  Cool Base: 18,3
                          Dep.  Heat  Cool                       Max  Max  Min  Min
        Mean  Mean        From  Deg   Deg                        >=   <=   <=   <=
 YR MO  Max   Min   Mean  Norm  Days  Days  Hi  Date  Low  Date 27,0  0,0  0,0 -18,0
------------------------------------------------------------------------------------
 14  1  -2,7  -6,7  -4,5   0.0   707     0   7,4   7 -18,2   12    0   23   24    1
 14  2   3,1  -2,5   0,4   0.0   502     0   7,7  24 -11,3   20    0    3   18    0
 14  3   8,9  -1,8   3,1   0.0   469     0  18,9  29  -6,9   25    0    0   21    0
 14  4  14,0  -0,9   6,2   0.0   366     2  23,8  28  -4,8    1    0    0   16    0
 14  5  18,6   4,4  11,0   0.0   245    20  27,6  29  -5,3    4    2    0    8    0
 14  6  24,3   8,4  16,6   0.0    41    20  31,0   9   3,2    1    4    0    0    0
 14  7  30,3  12,3  20,7   0.0    31    66  36,7  23   6,6   15   13    0    0    0
 14  8  22,3  10,4  15,4   0.0   113    21  29,4   8   4,6   27    3    0    0    0
 14  9  20,7   6,8  12,5   0.0   186    12  26,7  14  -0,8   30    0    0    1    0
 14 10  11,7   4,3   8,0   0.0   319     0  18,0   2  -4,0    8    0    0    4    0
 14 11   4,4   0,6   2,6   0.0   468     0  12,0   2  -5,7    7    0    3   13    0
 14 12  -1,0  -7,2  -4,1   0.0   693     0  11,5   9 -20,0   25    0   15   28    2
------------------------------------------------------------------------------------
        12,9   2,3   7,3   0.0  4145   144  36,7 jul -20,0  des   22   44  133    3

                                Precipitation (mm)

              Dep.   Max        Days of Rain
              From   Obs.           >=
 YR MO Total  Norm   Day Date  0,2  2,0 20,0
---------------------------------------------
 14  1  17,4   0.0   4,8   3     7    4    0
 14  2  51,3   0.0   9,9   9    17    8    0
 14  3  26,4   0.0   7,8   7    12    5    0
 14  4  34,8   0.0   9,6  17    10    6    0
 14  5  43,2   0.0  11,7   6    14    7    0
 14  6  23,4   0.0  15,9   5     5    2    0
 14  7  23,4   0.0   7,8  26     7    4    0
 14  8  58,5   0.0  25,5   4    18    6    1
 14  9  24,0   0.0   9,6   9     7    3    0
 14 10 112,2   0.0  17,7   8    23   12    0
 14 11  57,6   0.0   9,9  24    16   10    0
 14 12   9,0   0.0   4,2  10     7    1    0
---------------------------------------------
       481,2   0.0  25,5  aug  143   68    1

                                Wind Speed (m/s)
                          Dom
 YR MO   Avg.  Hi   Date  Dir
------------------------------
 14  1   0,9   8,8    7    SE
 14  2   1,3  13,3   23     S
 14  3   1,7  13,9   17   WSW
 14  4   1,5  11,2   14    NW
 14  5   1,2   8,8   22     N
 14  6   1,1   6,8   12     W
 14  7   1,6  14,3   26     N
 14  8   2,1  14,3   11     N
 14  9   1,9  14,6   22    NW
 14 10   3,1  13,9   26     S
 14 11   1,8  12,2    8   SSW
 14 12   1,5  13,6   10     S
------------------------------
         1,6  14,6  sep   WSW
:now::gauges::today::yesterday::this month::this year::noaa::records::monthly records::trends: