Midtre Skiakersgutua Weather Station

 Latitude N 60° 21' 23"    Longitude E 10° 28' 20"    Elevation 275 m

Records began on 20 desember 2012

NOAA Style Reports for Midtre Skiakersgutua

Select a Year or Month report

Report for 2014 Feb
                   Monthly Climatological Summary for feb 2014

Name: Molinna Weather Station   City: Gran   State: 
Elevation: 275 m  Lat: N 60 21' 23"   Lon: E 010 28' 20"

                  Temperature (C), Rain (mm), Wind Speed (m/s)

                                      Heat  Cool        Avg
    Mean                              Deg   Deg         Wind                 Dom
Day Temp  High   Time   Low    Time   Days  Days  Rain  Speed High   Time    Dir
----------------------------------------------------------------------------------
 1  -5,2  -3,4   21:32  -6,4   06:07  23,5   0,0   0,0   0,8   3,4   03:39   NNE
 2   0,9   3,0   23:32  -3,5   00:00  17,4   0,0   6,9   2,4   8,2   13:19     S
 3   1,3   5,8   12:22  -4,3   22:17  17,0   0,0   0,0   1,3   7,8   01:18   SSW
 4   0,0   1,4   10:27  -2,5   00:00  18,3   0,0   0,6   0,8   4,8   13:32     S
 5  -1,2   1,0   12:32  -2,9   04:35  19,5   0,0   0,0   0,2   2,0   21:32    NE
 6  -1,1   0,1   14:37  -1,9   07:18  19,4   0,0   0,0   0,5   3,7   16:30    SE
 7   0,5   1,8   10:23  -1,0   00:00  17,8   0,0   0,3   0,8   4,4   08:14   SSE
 8  -0,2   6,3   12:23  -5,0   08:43  18,5   0,0   1,2   0,3   4,4   22:51     S
 9   1,8   2,9   13:15   0,8   00:28  16,5   0,0   9,9   2,1  10,2   20:47     S
10   2,7   4,4   14:10   1,0   01:07  15,7   0,0   1,8   2,4   7,5   07:40     S
11   0,8   3,7   13:38  -3,8   07:28  17,5   0,0   0,3   0,7   4,8   04:14     S
12   1,1   3,0   16:07   0,2   06:00  17,2   0,0   0,6   2,2   7,5   14:19     S
13   0,8   1,7   22:25   0,0   03:48  17,5   0,0   1,5   0,9   7,5   23:11     S
14   2,0   2,8   10:31   1,2   00:38  16,3   0,0   3,0   2,5   8,8   10:30     S
15   1,3   2,5   23:59   0,2   10:12  17,0   0,0   7,5   1,6   6,8   23:52     S
16   1,8   4,6   13:54  -3,1   22:17  16,5   0,0   4,2   1,0   7,5   01:42     S
17   0,3   7,0   15:15  -6,6   23:50  18,0   0,0   0,0   0,7   6,5   17:21     W
18  -6,4   5,8   16:07 -10,9   21:45  24,7   0,0   0,0   0,2   1,4   00:31    NE
19  -5,5  -2,4   15:14 -10,0   00:00  23,8   0,0   0,0   0,2   1,7   11:41   NNW
20  -4,6  -1,0   12:56 -11,3   06:55  22,9   0,0   0,0   0,2   2,0   22:24    NE
21  -1,6   1,7   14:28  -4,2   19:07  19,9   0,0   0,3   0,4   2,4   01:23   NNW
22   1,4   4,8   10:26  -3,3   02:29  16,9   0,0   5,1   0,9   4,8   14:42     S
23   4,2   6,1   20:19  -0,4   02:37  14,2   0,0   0,0   3,4  13,3   11:19   SSW
24   5,8   7,7   12:09   3,7   18:41  12,5   0,0   0,0   4,8  11,2   13:34     S
25   3,4   5,4   13:52   2,0   23:07  14,9   0,0   0,0   1,3   5,8   01:17   SSW
26   1,2   2,1   00:00   0,5   20:51  17,1   0,0   3,9   0,7   3,7   01:20   SSE
27   2,8   5,1   12:07   1,4   03:38  15,5   0,0   0,9   1,5   5,4   09:11     S
28   1,8   3,5   11:22   0,6   23:50  16,5   0,0   3,3   1,3   5,1   05:51   SSE
----------------------------------------------------------------------------------
     0,4   7,7    24   -11,3    20   502,5   0,0  51,3   1,3  13,3    23       S

Max >=  27,0:  0
Max <=   0,0:  3
Min <=   0,0: 18
Min <= -18,0:  0
Max Rain: 9,9 on day 9
Days of Rain: 17 (>= 0,2 mm)  8 (>= 2,0 mm)  0 (>= 20,0 mm)
Heat Base: 18,3  Cool Base: 18,3  Method: Integration
:now::gauges::today::yesterday::this month::this year::noaa::records::monthly records::trends: