Midtre Skiakersgutua Weather Station

 Latitude N 60° 21' 23"    Longitude E 10° 28' 20"    Elevation 275 m

Records began on 20 desember 2012

NOAA Style Reports for Midtre Skiakersgutua

Select a Year or Month report

Report for 2014 Mar
                   Monthly Climatological Summary for mar 2014

Name: Molinna Weather Station   City: Gran   State: 
Elevation: 275 m  Lat: N 60 21' 23"   Lon: E 010 28' 20"

                  Temperature (C), Rain (mm), Wind Speed (m/s)

                                      Heat  Cool        Avg
    Mean                              Deg   Deg         Wind                 Dom
Day Temp  High   Time   Low    Time   Days  Days  Rain  Speed High   Time    Dir
----------------------------------------------------------------------------------
 1   1,0   2,3   13:30   0,0   23:24  17,3   0,0   1,8   0,7   3,7   08:27   ENE
 2   0,6   1,8   12:42   0,1   23:11  17,7   0,0   2,1   0,9   5,1   14:14     S
 3   1,4   3,6   14:56   0,2   00:00  16,9   0,0   4,2   0,7   3,4   10:43    SW
 4   1,2   2,2   14:35   0,3   06:15  17,1   0,0   0,3   0,7   4,8   05:09   SSE
 5   2,1   3,2   14:15   1,0   00:07  16,2   0,0   1,2   1,0   5,8   22:34     S
 6   4,5   8,8   13:14   1,9   05:17  13,8   0,0   3,0   2,1   7,1   00:19     S
 7   4,8   6,7   14:37   2,5   23:11  13,5   0,0   7,8   3,3  13,6   19:29   SSW
 8   4,6   8,7   11:34   1,4   05:43  13,7   0,0   0,0   3,4  10,9   22:25   WSW
 9   7,0  13,1   15:58   3,5   20:15  11,3   0,0   0,0   2,6   9,2   00:16   SSW
10   4,9  10,2   15:22  -2,3   23:53  13,4   0,0   0,0   1,9   7,5   14:45     W
11   3,1  10,5   15:25  -4,2   06:14  15,2   0,0   0,0   1,0   5,1   13:10   WSW
12   4,5  16,8   15:09  -2,8   06:54  13,9   0,0   0,0   0,6   3,7   13:15    SW
13   3,0  12,3   12:07  -5,2   06:36  15,3   0,0   0,0   1,4   6,8   17:20     W
14   2,8   6,8   10:48  -1,8   04:47  15,5   0,0   0,0   1,9   7,5   18:13    SW
15   3,2   7,8   12:07  -2,2   23:57  15,2   0,0   0,3   4,0  11,9   03:11   NNW
16   0,6   4,7   11:41  -4,4   06:54  17,7   0,0   0,0   0,7   4,4   15:25    SW
17   3,2   7,3   15:29  -3,4   22:57  15,1   0,0   0,3   4,8  13,9   11:36    NW
18   1,7   9,6   16:21  -5,6   23:56  16,6   0,0   0,0   1,2   5,1   15:35    NW
19  -1,8   3,8   15:16  -6,1   00:21  20,1   0,0   1,2   0,7   5,1   11:34   SSW
20   3,5   9,7   13:28  -3,1   06:33  14,8   0,0   0,3   2,3  11,6   21:29     S
21   5,6  10,1   15:43   1,1   06:43  12,7   0,0   0,0   3,5  10,5   13:31   WSW
22   3,3   7,0   10:33  -0,4   05:58  15,0   0,0   3,9   2,6   8,2   17:08   SSW
23   2,0   9,8   16:07  -3,1   06:13  16,3   0,0   0,0   1,4   9,2   10:47    SW
24   0,9  11,7   15:33  -4,7   23:25  17,4   0,0   0,0   1,2   8,2   13:34    NE
25   1,1  10,2   15:51  -6,9   06:13  17,2   0,0   0,0   2,0   8,8   20:18   NNE
26   2,2   4,8   15:51  -1,0   00:00  16,1   0,0   0,0   2,6   8,5   10:57    NE
27   3,5   7,7   15:21   0,6   04:58  14,8   0,0   0,0   0,5   2,4   10:44     N
28   7,2  16,6   16:07  -1,8   23:36  11,2   0,0   0,0   0,6   3,4   13:35   NNW
29   4,9  18,9   14:59  -4,1   05:28  13,4   0,0   0,0   0,5   3,4   15:08     W
30   6,1  17,4   16:36  -2,5   07:20  11,7   0,0   0,0   0,7   3,1   13:32   WNW
31   4,8  11,1   16:12  -3,2   23:55  13,5   0,0   0,0   1,8   5,4   00:10   NNE
----------------------------------------------------------------------------------
     3,1  18,9    29    -6,9    25   469,6   0,0  26,4   1,7  13,9    17     WSW

Max >=  27,0:  0
Max <=   0,0:  0
Min <=   0,0: 21
Min <= -18,0:  0
Max Rain: 7,8 on day 7
Days of Rain: 12 (>= 0,2 mm)  5 (>= 2,0 mm)  0 (>= 20,0 mm)
Heat Base: 18,3  Cool Base: 18,3  Method: Integration
:now::gauges::today::yesterday::this month::this year::noaa::records::monthly records::trends: