Molinna Weather Station

 Latitude N 60° 21' 23"    Longitude E 10° 28' 20"    Elevation 275 m

Records began on 20 desember 2012

NOAA Style Reports for Molinna

Select a Year or Month report
V/Λ2018 > Jan Feb Mar Apr May Jun Jul Aug Sep Oct Nov Dec
V/Λ2017 > Jan Feb Mar Apr May Jun Jul Aug Sep Oct Nov Dec
V/Λ2016 > Jan Feb Mar Apr May Jun Jul Aug Sep Oct Nov Dec
V/Λ2015 > Jan Feb Mar Apr May Jun Jul Aug Sep Oct Nov Dec
V/Λ2014 > Jan Feb Mar Apr May Jun Jul Aug Sep Oct Nov Dec
V/Λ2013 > Jan Feb Mar Apr May Jun Jul Aug Sep Oct Nov Dec

Report for 2014 Apr
                   Monthly Climatological Summary for apr 2014

Name: Molinna Weather Station   City: Gran   State: 
Elevation: 275 m  Lat: N 60 21' 23"   Lon: E 010 28' 20"

                  Temperature (C), Rain (mm), Wind Speed (m/s)

                                      Heat  Cool        Avg
    Mean                              Deg   Deg         Wind                 Dom
Day Temp  High   Time   Low    Time   Days  Days  Rain  Speed High   Time    Dir
----------------------------------------------------------------------------------
 1   1,3   9,5   15:43  -4,8   02:45  17,0   0,0   0,0   0,7   4,1   14:58   WNW
 2   3,7   8,4   12:07  -3,0   07:21  14,6   0,0   0,0   0,7   3,1   11:53   SSW
 3   6,3  13,5   16:56  -4,3   06:17  12,1   0,0   0,0   1,0   3,7   12:49   WNW
 4   3,4  12,7   16:57  -4,7   07:08  14,9   0,0   0,0   1,3   6,5   14:57     W
 5   0,6   7,5   13:08  -4,7   06:44  17,7   0,0   0,9   0,7   4,8   14:19   WSW
 6   4,8  12,0   16:47   0,2   04:37  13,5   0,0   2,7   0,9   3,4   02:45     W
 7   8,6  18,9   17:15   5,3   05:44   9,7   0,0   4,2   0,8   4,4   18:40   WNW
 8   4,3   7,6   00:00   2,4   22:21  14,0   0,0   9,0   1,5   5,1   18:11   NNE
 9   2,1   3,4   14:48   0,8   22:48  16,2   0,0   3,6   2,4   6,1   09:52   NNE
10   2,3   3,9   19:10   0,5   05:45  16,0   0,0   1,5   1,4   6,8   15:55     S
11   5,7  13,5   16:39  -1,1   06:08  12,6   0,0   0,3   1,7   6,8   14:41   WSW
12   4,4   8,3   18:23   0,0   02:52  13,9   0,0   2,7   2,8   8,8   15:56   SSW
13   7,0  13,0   15:25   0,4   22:37  11,3   0,0   0,0   3,7  10,5   12:54   WSW
14   4,4  11,5   13:09  -3,5   06:17  13,9   0,0   0,0   3,4  11,2   14:59   NNE
15   4,4  11,5   16:26  -3,3   06:34  13,9   0,0   0,0   2,8  10,2   10:42   NNE
16   5,3  11,3   15:42  -3,2   04:23  13,0   0,0   0,0   1,9   7,1   11:58    SW
17   5,6   7,6   00:00   4,1   23:15  12,7   0,0   9,6   2,4   8,2   00:44   SSW
18   6,6  14,9   16:07  -1,5   23:54  11,7   0,0   0,3   3,0  10,9   10:13    NE
19   6,7  18,8   16:56  -3,6   05:58  11,6   0,0   0,0   1,0   5,4   13:27    SW
20   7,9  19,3   18:58  -1,9   04:54  10,5   0,0   0,0   0,8   3,7   12:16     W
21  10,0  21,6   18:42   0,1   06:17   8,6   0,3   0,0   1,0   4,4   15:12     N
22  10,7  22,8   15:57   0,3   05:53   8,1   0,5   0,0   1,4   6,8   17:14   NNE
23   9,7  19,5   16:31   1,1   05:24   8,6   0,0   0,0   0,9   4,4   12:23    SE
24   7,2  14,0   15:49   0,8   04:26  11,1   0,0   0,0   0,8   4,4   13:18   SSW
25   8,4  20,2   16:31  -1,7   05:49   9,9   0,0   0,0   0,8   4,1   13:16   WNW
26  10,3  21,7   16:54   0,5   03:46   8,3   0,4   0,0   0,7   3,7   13:55    NW
27  11,7  23,2   16:58   1,1   05:30   7,4   0,9   0,0   0,7   4,8   15:28    NW
28  11,5  23,8   16:52   0,9   05:35   7,4   0,6   0,0   0,9   5,4   18:21     N
29   6,0  13,0   18:26  -0,8   23:59  12,3   0,0   0,0   1,4   6,8   08:30   NNE
30   4,1  13,1   12:47  -2,3   01:39  14,2   0,0   0,0   2,1   8,8   14:08    NE
----------------------------------------------------------------------------------
     6,2  23,8    28    -4,8     1   366,7   2,7  34,8   1,5  11,2    14      NW

Max >=  27,0:  0
Max <=   0,0:  0
Min <=   0,0: 16
Min <= -18,0:  0
Max Rain: 9,6 on day 17
Days of Rain: 10 (>= 0,2 mm)  6 (>= 2,0 mm)  0 (>= 20,0 mm)
Heat Base: 18,3  Cool Base: 18,3  Method: Integration
:now::gauges::today::yesterday::this month::this year::noaa::records::monthly records::trends: