Midtre Skiakersgutua Weather Station

 Latitude N 60° 21' 23"    Longitude E 10° 28' 20"    Elevation 275 m

Records began on 20 desember 2012

NOAA Style Reports for Midtre Skiakersgutua

Select a Year or Month report

Report for 2014 May
                   Monthly Climatological Summary for mai 2014

Name: Molinna Weather Station   City: Gran   State: 
Elevation: 275 m  Lat: N 60 21' 23"   Lon: E 010 28' 20"

                  Temperature (C), Rain (mm), Wind Speed (m/s)

                                      Heat  Cool        Avg
    Mean                              Deg   Deg         Wind                 Dom
Day Temp  High   Time   Low    Time   Days  Days  Rain  Speed High   Time    Dir
----------------------------------------------------------------------------------
 1   4,0  13,7   16:13  -3,4   06:15  14,3   0,0   0,0   2,2   7,1   10:51   NNE
 2   4,3  15,1   16:24  -4,9   05:36  13,8   0,0   0,0   1,1   4,8   12:47     N
 3   4,1  12,1   15:06  -3,8   03:46  14,3   0,0   0,0   1,5   6,8   19:17     N
 4   5,0  14,7   18:52  -5,3   05:38  13,3   0,0   0,0   1,2   6,1   14:44   NNW
 5   5,3  13,8   12:40  -2,8   06:08  13,0   0,0   0,3   1,2   4,4   15:34    SW
 6   4,5   6,4   13:34   2,8   04:46  13,8   0,0  11,7   1,0   5,8   18:19   SSE
 7   3,9   6,3   16:09   2,0   23:35  14,4   0,0   5,4   1,2   4,4   03:57     E
 8   3,4   5,3   11:54   1,8   04:48  14,9   0,0   0,0   1,4   4,1   12:33   NNE
 9   5,4  11,1   20:45   0,0   23:55  12,9   0,0   0,0   1,4   4,1   11:22   NNE
10   7,2  16,6   18:31  -1,0   02:42  11,0   0,0   0,0   0,7   3,7   18:11    SW
11   7,9  15,7   13:12   1,8   04:58  10,4   0,0   1,8   0,8   5,4   14:16   ENE
12   8,6  12,9   13:50   6,2   02:51   9,7   0,0   2,1   0,9   3,4   07:00    NE
13   9,2  16,3   18:54   4,8   03:11   9,1   0,0   7,8   1,0   5,1   14:33     N
14   8,2  16,8   19:07   2,1   04:25  10,1   0,0   0,0   1,8   5,8   11:35   NNE
15   7,3  12,4   11:16  -1,9   04:23  11,0   0,0   0,3   1,5   7,5   13:29   WSW
16  13,6  20,8   18:57   5,6   04:15   5,0   0,3   0,0   1,7   6,1   01:26     W
17  13,9  21,4   16:55   5,9   04:43   4,7   0,3   0,0   1,7   6,8   11:54   WSW
18  15,3  25,3   18:43   5,1   05:06   4,7   1,7   0,0   0,9   5,4   16:50   WSW
19  16,9  25,2   17:47  12,3   05:08   2,4   1,0   1,2   1,0   5,4   18:29     W
20  16,1  25,5   17:08  11,0   23:52   3,2   1,0   1,5   0,7   4,8   17:33   WSW
21  14,5  21,2   13:11   7,1   05:07   4,1   0,3   0,0   1,1   5,8   18:47   SSW
22  19,0  26,1   15:45  12,8   05:22   1,8   2,5   2,1   1,8   8,8   16:15   SSW
23  19,1  25,8   12:29  14,7   03:08   0,8   1,6   4,8   0,8   7,8   16:04   SSW
24  19,2  26,7   17:43  13,9   02:35   1,3   2,3   1,2   0,8   3,7   21:36   NNW
25  14,3  16,8   11:12  11,4   01:57   4,0   0,0   2,4   0,6   2,7   17:33    NW
26  16,9  25,2   16:07  11,0   05:33   2,8   1,4   0,6   1,0   4,4   14:22   ESE
27  12,8  20,6   20:17   7,4   23:14   5,6   0,1   0,0   1,7   6,1   17:45     N
28  13,2  24,2   19:27   1,5   04:45   6,2   1,1   0,0   1,4   6,1   13:15    NE
29  15,0  27,6   19:28   2,1   04:19   5,6   2,4   0,0   0,8   3,7   12:47     N
30  16,9  27,3   17:34   6,6   04:34   3,7   2,3   0,0   1,4   5,4   14:09   NNE
31  16,7  26,3   19:08   8,8   23:59   3,5   1,8   0,0   1,3   6,8   07:29   NNE
----------------------------------------------------------------------------------
    11,0  27,6    29    -5,3     4   245,4  20,1  43,2   1,2   8,8    22       N

Max >=  27,0:  2
Max <=   0,0:  0
Min <=   0,0:  8
Min <= -18,0:  0
Max Rain: 11,7 on day 6
Days of Rain: 14 (>= 0,2 mm)  7 (>= 2,0 mm)  0 (>= 20,0 mm)
Heat Base: 18,3  Cool Base: 18,3  Method: Integration
:now::gauges::today::yesterday::this month::this year::noaa::records::monthly records::trends: