Midtre Skiakersgutua Weather Station

 Latitude N 60° 21' 23"    Longitude E 10° 28' 20"    Elevation 275 m

Records began on 20 desember 2012

NOAA Style Reports for Midtre Skiakersgutua

Select a Year or Month report

Report for 2014 Jun
                   Monthly Climatological Summary for jun 2014

Name: Molinna Weather Station   City: Gran   State: 
Elevation: 275 m  Lat: N 60 21' 23"   Lon: E 010 28' 20"

                  Temperature (C), Rain (mm), Wind Speed (m/s)

                                      Heat  Cool        Avg
    Mean                              Deg   Deg         Wind                 Dom
Day Temp  High   Time   Low    Time   Days  Days  Rain  Speed High   Time    Dir
----------------------------------------------------------------------------------
 1  15,7  26,2   16:53   3,2   04:52   4,9   2,3   0,0   1,0   4,4   13:13   WSW
 2  17,8  28,0   19:52   6,0   04:51   3,6   3,1   0,0   1,0   5,1   12:38   WSW
 3  18,2  27,4   16:52   8,0   03:52   2,5   2,4   0,0   1,0   4,1   11:28     S
 4  13,6  16,1   00:00  10,8   08:44   4,7   0,0   5,7   0,5   2,4   08:41     N
 5  14,1  15,8   11:09  13,0   03:57   4,2   0,0  15,9   0,6   3,7   17:54    NE
 6  16,4  24,4   16:37   9,0   23:49   2,7   0,8   0,0   0,8   4,4   08:26   SSW
 7  14,2  23,5   21:13   6,4   04:41   4,5   0,4   0,0   0,6   3,1   13:35     N
 8  17,1  26,0   14:27   7,6   04:29   3,4   2,2   0,0   1,1   6,1   16:54   WSW
 9  19,0  31,0   19:09   7,4   03:55   3,3   4,0   0,0   0,7   3,4   09:15   NNW
10  18,9  27,1   16:31   9,4   03:37   2,4   3,1   0,3   1,1   5,8   19:22     S
11  18,8  25,7   13:09  12,5   23:59   1,6   2,0   0,9   1,2   5,1   12:09   WSW
12  15,1  20,9   16:35   7,9   05:37   3,4   0,2   0,6   2,0   6,8   19:38   WNW
----------------------------------------------------------------------------------
    16,6  31,0     9     3,2     1    41,2  20,5  23,4   1,0   6,8    12     WSW

Max >=  27,0:  4
Max <=   0,0:  0
Min <=   0,0:  0
Min <= -18,0:  0
Max Rain: 15,9 on day 5
Days of Rain: 5 (>= 0,2 mm)  2 (>= 2,0 mm)  0 (>= 20,0 mm)
Heat Base: 18,3  Cool Base: 18,3  Method: Integration
:now::gauges::today::yesterday::this month::this year::noaa::records::monthly records::trends: