Midtre Skiakersgutua Weather Station

 Latitude N 60° 21' 23"    Longitude E 10° 28' 20"    Elevation 275 m

Records began on 20 desember 2012

NOAA Style Reports for Midtre Skiakersgutua


Report for 2014 Jul
                   Monthly Climatological Summary for jul 2014

Name: Molinna Weather Station   City: Gran   State: 
Elevation: 235 m  Lat: N 60 21' 23"   Lon: E 010 28' 20"

                  Temperature (C), Rain (mm), Wind Speed (m/s)

                                      Heat  Cool        Avg
    Mean                              Deg   Deg         Wind                 Dom
Day Temp  High   Time   Low    Time   Days  Days  Rain  Speed High   Time    Dir
----------------------------------------------------------------------------------
15  14,0  21,6   15:59   6,6   03:19  10,4   0,5   0,0   1,2   8,8   17:56   ENE
16  20,0  28,6   16:20  11,5   05:17   1,8   3,5   0,0   1,5   4,8   10:26   ESE
17  17,7  24,0   14:59  11,4   23:58   2,0   1,4   3,9   2,3   7,8   11:37     N
18  17,7  28,1   16:53   9,7   03:25   2,8   2,3   0,3   1,3   6,1   18:10    SE
19  20,9  30,8   17:30  11,1   05:07   1,6   4,3   0,0   1,6   5,4   13:28   SSE
20  21,9  31,7   17:39  10,9   05:01   1,5   5,1   0,0   1,5   6,5   15:53   NNW
21  22,6  34,7   17:39  11,4   05:02   1,4   5,7   0,0   1,1   4,4   14:05   SSE
22  23,3  34,7   17:26  14,3   04:26   0,7   5,8   0,3   1,1   5,4   14:39   SSE
23  24,9  36,7   17:45  13,7   04:56   0,8   7,4   0,0   1,1   4,4   15:22     N
24  22,7  32,6   12:03  13,1   04:59   0,9   5,3   7,2   1,6  10,2   18:25     N
25  23,9  35,8   18:12  16,1   04:44   0,5   6,1   0,0   1,1   5,4   15:27    SE
26  22,2  32,9   13:48  14,0   05:09   1,0   4,9   7,8   1,4  14,3   19:45   NNE
27  19,7  26,5   17:17  14,0   03:12   0,8   2,3   0,3   1,6   7,1   19:40     N
28  21,0  31,5   17:57  13,7   04:34   1,0   3,7   3,6   1,6   8,2   18:53     N
29  21,1  30,9   14:38  13,9   04:38   1,3   4,0   0,0   1,6   6,8   18:30     N
30  19,9  28,0   15:06  14,0   05:12   1,0   2,6   0,0   2,9  10,9   17:03     N
31  17,9  26,7   16:03   9,5   05:06   2,2   1,8   0,0   2,1   8,5   13:46   NNE
----------------------------------------------------------------------------------
    20,7  36,7    23     6,6    15    31,7  66,7  23,4   1,6  14,3    26     NNE

Max >=  27,0: 13
Max <=   0,0:  0
Min <=   0,0:  0
Min <= -18,0:  0
Max Rain: 7,8 on day 26
Days of Rain: 7 (>= 0,2 mm)  4 (>= 2,0 mm)  0 (>= 20,0 mm)
Heat Base: 18,3  Cool Base: 18,3  Method: Integration
:now::gauges::today::yesterday::this month::this year::noaa::records::monthly records::trends: