Molinna Weather Station

 Latitude N 60° 21' 23"    Longitude E 10° 28' 20"    Elevation 275 m

Records began on 20 desember 2012

NOAA Style Reports for Molinna

Select a Year or Month report
V/Λ2018 > Jan Feb Mar Apr May Jun Jul Aug Sep Oct Nov Dec
V/Λ2017 > Jan Feb Mar Apr May Jun Jul Aug Sep Oct Nov Dec
V/Λ2016 > Jan Feb Mar Apr May Jun Jul Aug Sep Oct Nov Dec
V/Λ2015 > Jan Feb Mar Apr May Jun Jul Aug Sep Oct Nov Dec
V/Λ2014 > Jan Feb Mar Apr May Jun Jul Aug Sep Oct Nov Dec
V/Λ2013 > Jan Feb Mar Apr May Jun Jul Aug Sep Oct Nov Dec

Report for 2014 Aug
                   Monthly Climatological Summary for aug 2014

Name: Skiakersgutua Weather Station   City: Gran   State: 
Elevation: 235 m  Lat: N 60 21' 54"   Lon: E 010 33' 13"

                  Temperature (C), Rain (mm), Wind Speed (m/s)

                                      Heat  Cool        Avg
    Mean                              Deg   Deg         Wind                 Dom
Day Temp  High   Time   Low    Time   Days  Days  Rain  Speed High   Time    Dir
----------------------------------------------------------------------------------
 1  18,7  26,9   17:50   9,8   04:42   2,1   2,4   0,0   2,7   8,8   15:36     N
 2  19,8  27,0   17:30  15,2   05:57   0,9   2,4   1,2   3,2   8,8   16:19     N
 3  18,8  22,4   19:55  10,4   01:21   0,7   1,2   7,8   1,8   9,9   23:59     N
 4  18,8  23,8   16:03  16,0   05:37   0,7   1,2  25,5   1,5   9,5   00:00   ESE
 5  18,6  25,2   13:48  14,4   05:41   1,0   1,3   0,0   1,4   5,1   20:34     N
 6  18,5  27,4   17:48  13,7   03:07   1,5   1,7   0,0   1,2   4,1   14:14     N
 7  19,2  26,5   14:58  13,5   01:48   1,1   2,1   0,0   2,4   5,8   03:48     N
 8  20,2  29,4   16:55  13,3   05:28   1,1   3,0   0,0   1,6   6,1   15:00     N
 9  19,1  25,5   14:52  12,2   05:17   1,4   2,2   1,5   3,9  12,6   21:39   NNW
10  17,1  23,5   14:13  11,1   05:52   2,2   0,9   0,0   3,7   9,9   02:12     N
11  15,4  21,9   14:15  11,9   09:01   3,2   0,3   3,3   4,1  14,3   15:35   NNW
12  14,9  20,2   16:28  12,0   02:13   3,5   0,1   0,0   4,4  11,2   12:07   NNW
13  14,7  20,8   13:59   9,1   04:59   3,7   0,1   0,3   3,2   9,2   13:09     N
14  14,2  19,8   18:41  10,5   03:25   4,1   0,0   0,6   1,0   4,1   13:26   ESE
15  14,9  23,1   15:12   9,9   03:23   3,9   0,5   0,3   1,5   9,2   16:58   SSE
16  14,6  21,8   15:42  10,8   06:33   3,8   0,1   0,3   1,8   6,1   16:21   NNW
17  13,5  18,3   13:59  10,6   23:21   4,8   0,0   6,9   2,5   9,2   16:35     N
18  13,2  20,6   15:24   9,8   23:59   5,2   0,0   1,2   2,2   5,8   10:29     N
19  13,2  21,0   14:49   9,1   00:46   5,2   0,1   0,0   1,4   7,5   19:54   SSE
20  13,1  22,3   16:04   7,8   06:10   5,3   0,2   0,9   1,4   8,2   14:16   SSE
21  14,0  22,5   17:47   8,9   06:08   4,6   0,3   0,3   1,3   6,8   14:53   NNE
22  13,3  19,8   12:55   9,4   05:48   5,0   0,0   0,0   2,6   8,2   16:12   NNW
23  12,8  22,0   17:52   8,7   22:48   5,7   0,1   3,9   1,1   4,8   18:58   ENE
24  10,8  15,7   10:16   6,3   04:48   7,5   0,0   3,6   0,7   3,7   11:02    SE
25  13,1  20,0   18:04   8,4   23:59   5,3   0,1   0,3   1,6   8,2   12:51   SSE
26  12,9  20,6   15:12   5,9   03:13   5,6   0,2   0,3   2,0   8,2   12:18   SSE
27  13,6  21,8   13:59   4,6   06:37   4,9   0,2   0,0   2,0   8,2   00:53   SSE
28  15,1  25,2   18:10   9,4   23:57   4,1   0,9   0,0   1,5   5,1   14:13   ESE
29  12,7  20,1   15:03   5,6   06:22   5,8   0,2   0,3   1,0   6,1   23:47     N
30  13,8  17,6   13:42  11,9   04:25   4,5   0,0   0,0   3,6   9,5   13:53   NNW
31  13,6  18,3   12:46  11,2   23:22   4,7   0,0   0,0   1,5   7,8   01:49   NNW
----------------------------------------------------------------------------------
    15,4  29,4     8     4,6    27   113,1  21,8  58,5   2,1  14,3    11       N

Max >=  27,0:  3
Max <=   0,0:  0
Min <=   0,0:  0
Min <= -18,0:  0
Max Rain: 25,5 on day 4
Days of Rain: 18 (>= 0,2 mm)  6 (>= 2,0 mm)  1 (>= 20,0 mm)
Heat Base: 18,3  Cool Base: 18,3  Method: Integration
:now::gauges::today::yesterday::this month::this year::noaa::records::monthly records::trends: