Midtre Skiakersgutua Weather Station

 Latitude N 60° 21' 23"    Longitude E 10° 28' 20"    Elevation 275 m

Records began on 20 desember 2012

NOAA Style Reports for Midtre Skiakersgutua

Select a Year or Month report

Report for 2014 Sep
                   Monthly Climatological Summary for sep 2014

Name: Skiakersgutua Weather Station   City: Gran   State: 
Elevation: 235 m  Lat: N 60 21' 54"   Lon: E 010 33' 13"

                  Temperature (C), Rain (mm), Wind Speed (m/s)

                                      Heat  Cool        Avg
    Mean                              Deg   Deg         Wind                 Dom
Day Temp  High   Time   Low    Time   Days  Days  Rain  Speed High   Time    Dir
----------------------------------------------------------------------------------
 1  13,7  20,8   17:24   6,3   06:49   4,7   0,1   0,0   1,8   6,5   16:23     N
 2  15,7  24,5   14:46   9,3   06:31   3,7   1,1   0,0   1,1   4,8   13:36   NNE
 3  15,9  25,0   15:05   8,2   06:19   4,0   1,5   0,0   1,8   7,1   16:25     N
 4  16,6  25,3   15:27   9,8   07:07   3,3   1,6   0,0   2,1   8,5   14:11     N
 5  15,5  24,3   16:18   9,1   04:55   3,8   1,0   0,0   1,8   5,8   11:59     N
 6  15,2  23,5   14:28   7,2   06:28   4,0   0,9   0,0   0,7   2,7   15:58   NNE
 7  16,6  21,2   15:47  12,9   02:08   2,1   0,4   0,0   2,4   8,5   17:02   NNW
 8  15,1  21,6   14:26  12,7   23:19   3,4   0,2   8,1   2,6   8,2   02:15   NNW
 9  13,5  18,7   15:18  11,8   12:33   4,8   0,0   9,6   2,5  11,2   23:36    SE
10  15,5  21,5   15:04  10,3   23:16   3,6   0,8   0,3   3,7  11,6   02:27   SSE
11  14,7  25,2   17:08   7,8   06:48   4,7   1,1   0,0   1,4   4,8   15:06    SW
12  14,4  22,9   17:53  10,9   06:10   4,1   0,1   0,0   0,9   5,8   13:23   WSW
13  14,1  26,2   17:13   8,1   23:58   5,3   1,1   0,0   0,9   4,1   14:24     W
14  12,4  26,7   16:35   5,3   05:48   7,0   1,0   0,0   0,8   3,4   18:46   WSW
15  12,3  24,8   16:09   4,3   06:22   6,9   0,9   0,0   0,6   3,1   14:33   WSW
16  11,1  21,1   13:20   5,5   07:30   7,3   0,1   0,3   0,5   3,1   14:56    NW
17  12,5  22,6   14:42   6,8   01:07   6,0   0,2   0,0   0,9   3,7   13:39     N
18  10,0  20,2   15:31   3,5   07:01   8,4   0,0   0,0   1,0   3,7   16:01   SSW
19   9,9  22,3   16:30   4,7   03:25   8,6   0,1   0,3   0,7   3,1   15:06   WNW
20  11,0  19,1   15:13   5,9   03:18   7,3   0,0   0,0   0,7   3,4   18:12   WSW
21  11,1  14,8   15:03   7,2   23:59   7,2   0,0   5,1   3,6  11,2   23:35   NNW
22   8,5  13,3   16:07   2,9   23:58   9,8   0,0   0,0   6,5  14,6   04:27   NNW
23   6,3  13,6   13:16   0,2   03:28  12,0   0,0   0,0   2,3   6,8   11:45     S
24   8,0  14,0   16:34   5,5   05:17  10,3   0,0   0,0   1,4   4,1   18:36     S
25  10,2  17,8   12:58   4,8   07:35   8,1   0,0   0,0   1,4   5,8   14:26    SW
26  11,0  19,2   15:37   6,6   00:00   7,3   0,0   0,3   2,9   9,5   17:25   SSW
27  13,2  20,3   12:09   5,1   03:56   5,2   0,1   0,0   3,3   8,8   06:49    SW
28  13,8  18,1   17:19   8,4   07:06   4,5   0,0   0,0   3,0   8,5   04:09     S
29  10,8  17,0   17:09   2,5   23:21   7,5   0,0   0,0   2,1   6,8   00:00    NW
30   6,8  15,4   12:06  -0,8   07:18  11,5   0,0   0,0   1,3   4,8   12:22     S
----------------------------------------------------------------------------------
    12,5  26,7    14    -0,8    30   186,4  12,3  24,0   1,9  14,6    22     WNW

Max >=  27,0:  0
Max <=   0,0:  0
Min <=   0,0:  1
Min <= -18,0:  0
Max Rain: 9,6 on day 9
Days of Rain: 7 (>= 0,2 mm)  3 (>= 2,0 mm)  0 (>= 20,0 mm)
Heat Base: 18,3  Cool Base: 18,3  Method: Integration
:now::gauges::today::yesterday::this month::this year::noaa::records::monthly records::trends: