Midtre Skiakersgutua Weather Station

 Latitude N 60° 21' 23"    Longitude E 10° 28' 20"    Elevation 275 m

Records began on 20 desember 2012

NOAA Style Reports for Midtre Skiakersgutua


Report for 2014 Oct
                   Monthly Climatological Summary for okt 2014

Name: Skiakersgutua Weather Station   City: Gran   State: 
Elevation: 235 m  Lat: N 60 21' 54"   Lon: E 010 33' 13"

                  Temperature (C), Rain (mm), Wind Speed (m/s)

                                      Heat  Cool        Avg
    Mean                              Deg   Deg         Wind                 Dom
Day Temp  High   Time   Low    Time   Days  Days  Rain  Speed High   Time    Dir
----------------------------------------------------------------------------------
 1   9,7  13,6   14:58   6,5   01:18   8,6   0,0   0,0   4,4   8,8   21:58     S
 2  11,2  18,0   16:17   4,1   23:50   7,1   0,0   0,9   2,3   6,8   00:34    NW
 3   9,2  13,5   15:24   2,4   03:29   9,1   0,0   0,0   3,3   9,5   15:27     S
 4  13,0  14,7   15:43  11,6   04:47   5,3   0,0   0,0   3,4   7,5   14:59     S
 5  11,9  16,1   15:58   8,8   21:29   6,4   0,0   0,0   3,0   7,8   10:31     S
 6   9,8  12,8   14:31   6,7   23:21   8,5   0,0   2,4   5,1  11,2   10:17   SSE
 7   6,7   7,7   23:48   5,8   07:33  11,6   0,0  11,7   4,9  11,6   12:43    SE
 8   8,8  10,6   17:01  -4,0   17:51   9,5   0,0  17,7   3,7  12,6   01:49     S
 9   8,6  15,2   14:13   3,3   01:58   9,7   0,0   8,4   2,6  10,5   09:47     S
10  10,5  15,8   14:48   7,9   23:33   7,7   0,0   4,8   2,9   7,1   03:44     S
11   8,9  17,1   14:53   2,0   08:17   9,4   0,0   0,0   1,4   5,4   21:50   SSW
12   7,8  10,5   16:48   2,6   23:51  10,5   0,0  12,6   2,0   6,5   12:58     W
13   3,4   5,2   14:14   2,4   22:58  14,9   0,0   0,3   0,9   3,1   19:58     S
14   5,5  10,3   14:04   2,4   00:07  12,8   0,0   0,3   1,5   5,1   14:49    NW
15   5,6   8,5   15:36   3,5   03:46  12,7   0,0   1,5   1,6   5,8   18:37     S
16   2,8   4,9   00:00   1,6   07:31  15,5   0,0   1,2   2,2   6,1   14:23   NNW
17   2,9   5,4   13:34   1,6   03:59  15,4   0,0   3,3   2,1   5,4   01:42    NW
18   4,6   9,3   20:29   2,0   01:15  13,8   0,0   9,3   1,4   9,5   18:26   WNW
19   9,3  12,2   16:12   7,1   00:00   9,0   0,0   0,6   1,0   4,1   11:38     S
20   9,6  16,5   14:11   6,3   23:16   8,7   0,0   0,3   0,7   2,7   00:23    SW
21   7,7   9,4   06:10   5,8   00:46  10,6   0,0   1,2   4,7  12,9   18:20   SSE
22   5,5   7,6   01:34   2,4   22:29  12,8   0,0   1,5   5,7  10,5   09:48   SSE
23   4,9   9,9   23:54   2,0   05:33  13,4   0,0  14,1   5,4  12,2   08:37     S
24  11,2  12,1   21:33   9,8   00:07   7,1   0,0   6,3   4,6   9,2   02:12     S
25  10,4  14,4   14:22   8,0   19:14   7,9   0,0   0,6   3,4   7,8   12:53     S
26  10,6  12,2   10:08   7,7   00:38   8,0   0,0   0,0   6,0  13,9   21:23     S
27  12,8  17,6   13:07   9,4   09:12   5,4   0,0   0,0   5,0  12,9   19:12     S
28  13,9  16,9   13:55  11,3   23:01   4,4   0,0   6,6   6,4  12,2   16:02     S
29   8,8  11,3   00:00  -1,3   23:32   9,5   0,0   0,0   0,8   3,1   00:00   SSE
30   2,0  10,5   12:49  -3,9   12:41  16,3   0,0   0,6   0,9   2,7   04:22   WSW
31   0,4   3,5   23:49  -3,0   04:37  17,9   0,0   6,0   0,8   4,8   23:12   SSW
----------------------------------------------------------------------------------
     8,0  18,0     2    -4,0     8   319,5   0,0 112,2   3,1  13,9    26       S

Max >=  27,0:  0
Max <=   0,0:  0
Min <=   0,0:  4
Min <= -18,0:  0
Max Rain: 17,7 on day 8
Days of Rain: 23 (>= 0,2 mm)  12 (>= 2,0 mm)  0 (>= 20,0 mm)
Heat Base: 18,3  Cool Base: 18,3  Method: Integration
:now::gauges::today::yesterday::this month::this year::noaa::records::monthly records::trends: