Molinna Weather Station

 Latitude N 60° 21' 23"    Longitude E 10° 28' 20"    Elevation 275 m

Records began on 20 desember 2012

NOAA Style Reports for Molinna

Select a Year or Month report
V/Λ2018 > Jan Feb Mar Apr May Jun Jul Aug Sep Oct Nov Dec
V/Λ2017 > Jan Feb Mar Apr May Jun Jul Aug Sep Oct Nov Dec
V/Λ2016 > Jan Feb Mar Apr May Jun Jul Aug Sep Oct Nov Dec
V/Λ2015 > Jan Feb Mar Apr May Jun Jul Aug Sep Oct Nov Dec
V/Λ2014 > Jan Feb Mar Apr May Jun Jul Aug Sep Oct Nov Dec
V/Λ2013 > Jan Feb Mar Apr May Jun Jul Aug Sep Oct Nov Dec

Report for 2014 Nov
                   Monthly Climatological Summary for nov 2014

Name: Skiakersgutua Weather Station   City: Gran   State: 
Elevation: 235 m  Lat: N 60 21' 54"   Lon: E 010 33' 13"

                  Temperature (C), Rain (mm), Wind Speed (m/s)

                                      Heat  Cool        Avg
    Mean                              Deg   Deg         Wind                 Dom
Day Temp  High   Time   Low    Time   Days  Days  Rain  Speed High   Time    Dir
----------------------------------------------------------------------------------
 1   6,0  10,2   19:05   3,4   01:05  12,3   0,0   3,0   2,4   9,9   14:51     S
 2   9,0  12,0   19:19   4,2   06:41   9,2   0,0   3,9   3,2   8,5   15:27     S
 3   7,6  10,8   02:19   4,1   21:05  10,7   0,0   3,0   1,6   5,8   03:18     S
 4   5,0   7,0   02:48   3,0   22:07  13,3   0,0   6,3   2,9   9,9   21:35   NNW
 5   2,4   4,2   13:18   1,3   22:47  15,9   0,0   0,0   2,2   6,8   02:51   ENE
 6  -0,4   4,9   12:12  -5,4   23:47  18,7   0,0   0,0   1,3   4,4   00:09     W
 7  -1,8   0,4   23:57  -5,7   00:39  20,1   0,0   0,0   0,7   4,4   23:07   NNW
 8   3,0   5,3   17:10   0,4   00:00  15,3   0,0   2,4   3,8  12,2   10:34     S
 9   6,8   9,0   13:53   0,1   00:31   9,9   0,0   0,6   4,0  11,9   00:31     S
10   6,8   7,9   00:25   5,7   23:55  11,5   0,0   6,3   2,6   7,1   06:51     S
11   5,0   5,8   00:22   3,1   23:56  13,3   0,0   0,0   0,9   3,4   21:52   NNW
12   3,4   6,0   23:19   2,8   01:37  14,5   0,0   0,0   1,3   4,4   23:27   WNW
13   4,5   5,9   00:00   3,4   22:39  13,8   0,0   9,6   1,8   6,8   03:56   NNW
14   4,8   5,7   19:21   3,3   01:52  13,6   0,0   0,0   1,4   4,1   01:18     W
15   4,8   5,9   10:54   3,1   22:37  13,5   0,0   3,0   1,7   6,8   11:31     S
16   3,9   4,4   07:29   2,9   02:39  14,4   0,0   1,8   1,8   6,5   15:20    NE
17   3,1   4,0   00:06   2,7   13:09  15,2   0,0   0,0   1,9   5,4   00:06    NE
18   2,5   3,2   14:37   2,0   04:48  15,8   0,0   0,3   1,2   3,4   01:25   WNW
19   2,2   3,2   13:09   1,6   03:31  16,1   0,0   0,3   1,5   3,7   00:10   WNW
20   1,0   2,0   00:18  -0,2   22:38  17,3   0,0   0,0   1,1   3,7   00:14   NNW
21   0,4   1,3   13:20  -0,3   04:18  17,9   0,0   0,3   0,2   1,4   01:58   WSW
22  -0,7   0,5   00:10  -1,5   16:43  19,0   0,0   0,0   1,3   3,1   04:58     N
23   2,2   4,3   19:07  -1,0   00:00  16,1   0,0   6,6   3,7   9,9   23:31     S
24   3,3   5,9   07:44  -0,9   23:59  15,0   0,0   9,9   3,1   8,8   00:01    SW
25  -0,5   3,1   10:55  -2,1   05:41  18,8   0,0   0,3   0,8   3,4   01:43     W
26  -2,2  -1,1   00:00  -3,7   23:20  20,5   0,0   0,0   0,1   2,0   00:00    NW
27  -2,2  -0,7   13:46  -3,8   00:41  20,5   0,0   0,0   0,4   5,1   17:40    NW
28  -0,4   0,6   14:24  -1,6   00:26  18,7   0,0   0,0   1,0   5,8   19:48   SSW
29  -0,4   0,0   02:07  -0,9   00:00  18,7   0,0   0,0   1,8   5,4   03:45     S
30  -0,3   0,1   12:56  -0,7   00:51  18,6   0,0   0,0   2,5   6,1   04:27     S
----------------------------------------------------------------------------------
     2,6  12,0     2    -5,7     7   468,2   0,0  57,6   1,8  12,2     8     SSW

Max >=  27,0:  0
Max <=   0,0:  3
Min <=   0,0: 13
Min <= -18,0:  0
Max Rain: 9,9 on day 24
Days of Rain: 16 (>= 0,2 mm)  10 (>= 2,0 mm)  0 (>= 20,0 mm)
Heat Base: 18,3  Cool Base: 18,3  Method: Integration
:now::gauges::today::yesterday::this month::this year::noaa::records::monthly records::trends: