Molinna Weather Station

 Latitude N 60° 21' 23"    Longitude E 10° 28' 20"    Elevation 275 m

Records began on 20 desember 2012

NOAA Style Reports for Molinna

Select a Year or Month report
V/Λ2018 > Jan Feb Mar Apr May Jun Jul Aug Sep Oct Nov Dec
V/Λ2017 > Jan Feb Mar Apr May Jun Jul Aug Sep Oct Nov Dec
V/Λ2016 > Jan Feb Mar Apr May Jun Jul Aug Sep Oct Nov Dec
V/Λ2015 > Jan Feb Mar Apr May Jun Jul Aug Sep Oct Nov Dec
V/Λ2014 > Jan Feb Mar Apr May Jun Jul Aug Sep Oct Nov Dec
V/Λ2013 > Jan Feb Mar Apr May Jun Jul Aug Sep Oct Nov Dec

Report for 2014 Dec
                   Monthly Climatological Summary for des 2014

Name: Skiakersgutua Weather Station   City: Gran   State: 
Elevation: 235 m  Lat: N 60 21' 54"   Lon: E 010 33' 13"

                  Temperature (C), Rain (mm), Wind Speed (m/s)

                                      Heat  Cool        Avg
    Mean                              Deg   Deg         Wind                 Dom
Day Temp  High   Time   Low    Time   Days  Days  Rain  Speed High   Time    Dir
----------------------------------------------------------------------------------
 1  -0,8   0,7   10:37  -1,6   19:40  19,0   0,0   0,0   4,8   8,5   16:46     S
 2  -1,2   0,1   13:41  -4,8   23:57  19,5   0,0   0,0   3,1   7,1   01:35     S
 3  -2,1   1,8   14:08  -5,9   06:25  20,4   0,0   0,0   1,1   4,4   15:17    SW
 4  -1,7   1,0   10:56  -3,5   09:33  20,0   0,0   0,0   0,7   2,4   00:31   WSW
 5   0,8   2,0   01:42  -0,2   00:31  17,5   0,0   0,3   2,6   5,8   13:04     S
 6   0,5   0,5   00:00   0,5   00:00  17,8   0,0   0,0  ----   1,0   00:00    SW
 7   0,5   0,5   00:00   0,5   00:00  17,8   0,0   0,0  ----   1,0   00:00    SW
 8   0,5   0,5   00:00   0,5   00:00  17,8   0,0   0,0  ----   1,0   00:00    SW
 9   1,3  11,5   17:54  -1,2   18:55  17,0   0,0   0,6   6,7  12,6   23:33     S
10   1,9   3,3   13:29  -0,2   19:09  16,4   0,0   4,2   4,3  13,6   02:31     S
11   1,0   2,1   00:27  -0,2   09:08  17,3   0,0   0,3   2,3   5,8   04:15     S
12  -0,1   1,4   02:22  -2,6   09:26  18,4   0,0   0,9   1,3   4,1   01:00   SSW
13  -3,8  -0,2   00:00  -8,4   23:43  22,1   0,0   0,0   1,1   5,1   04:36    SW
14  -1,4   6,1   23:10  -9,1   03:16  19,7   0,0   0,9   3,7  11,2   17:30     S
15   1,6   5,4   00:14  -1,3   22:06  16,7   0,0   1,8   2,9   8,2   00:10   SSW
16  -1,6   1,0   10:56  -6,2   23:55  19,9   0,0   0,0   2,4   8,8   04:27     S
17  -7,2  -3,8   23:46  -9,8   07:30  25,5   0,0   0,0   1,0   6,5   23:28     S
18  -4,0  -2,4   23:56  -5,2   16:42  22,3   0,0   0,0   0,9   4,4   00:00   SSW
19  -4,1  -0,8   10:50  -8,2   22:00  22,4   0,0   0,0   1,1   4,8   07:05    SW
20  -9,2  -5,2   00:46 -12,9   23:55  27,5   0,0   0,0   0,7   2,4   02:55     W
21  -6,8  -0,4   22:09 -13,3   04:24  25,1   0,0   0,0   0,9   3,7   17:31   SSW
22  -3,6  -0,4   02:31  -8,9   18:47  21,9   0,0   0,0   0,8   2,7   09:31   SSW
23  -4,5  -0,8   03:44 -10,0   22:53  22,8   0,0   0,0   0,8   3,1   03:35   WSW
24  -8,8  -3,4   09:06 -16,2   23:52  27,1   0,0   0,0   1,3   5,4   11:45   NNW
25 -17,1 -13,7   21:41 -20,0   08:52  35,4   0,0   0,0   0,5   1,4   00:02   SSW
26 -14,5 -11,0   18:51 -16,7   05:42  32,8   0,0   0,0   0,1   0,7   00:07   SSE
27 -15,3 -12,4   13:08 -18,7   04:25  33,6   0,0   0,0   0,1   0,7   16:26   SSE
28 -11,1  -8,7   13:31 -13,7   00:00  29,4   0,0   0,0   0,1   0,7   11:55   ESE
29  -7,0  -4,5   19:44 -10,7   00:00  25,3   0,0   0,0   0,0   0,3   00:01     E
30  -6,4  -3,0   23:06 -11,7   09:36  24,7   0,0   0,0   0,0   1,0   02:51     E
31  -1,6   1,1   15:04  -3,8   10:43  19,9   0,0   0,0   0,0   0,7   02:18     E
----------------------------------------------------------------------------------
    -4,1  11,5     9   -20,0    25   693,0   0,0   9,0   1,5  13,6    10     SSW

Max >=  27,0:  0
Max <=   0,0: 15
Min <=   0,0: 28
Min <= -18,0:  2
Max Rain: 4,2 on day 10
Days of Rain: 7 (>= 0,2 mm)  1 (>= 2,0 mm)  0 (>= 20,0 mm)
Heat Base: 18,3  Cool Base: 18,3  Method: Integration
:now::gauges::today::yesterday::this month::this year::noaa::records::monthly records::trends: