Midtre Skiakersgutua Weather Station

 Latitude N 60° 21' 23"    Longitude E 10° 28' 20"    Elevation 275 m

Records began on 20 desember 2012

NOAA Style Reports for Midtre Skiakersgutua

Select a Year or Month report

Report for 2015
                   Annual Climatological Summary for 2015

Name: Skiakersgutua Weather Station   City: Gran   State: 
Elevation: 235 m  Lat: N 60 21' 54"   Lon: E 010 33' 13"

                  Temperature (C), Heat Base: 18,3  Cool Base: 18,3
                          Dep.  Heat  Cool                       Max  Max  Min  Min
        Mean  Mean        From  Deg   Deg                        >=   <=   <=   <=
 YR MO  Max   Min   Mean  Norm  Days  Days  Hi  Date  Low  Date 27,0  0,0  0,0 -18,0
------------------------------------------------------------------------------------
 15  1   0,6  -6,0  -2,3   0.0   638     0   6,5   2 -16,2   22    0   16   27    0
 15  2   3,2  -5,8  -1,4   0.0   552     0   9,8  11 -18,2    5    0    8   27    1
 15  3   8,8  -2,3   2,3   0.0   496     0  15,2  12  -9,8    5    0    0   24    0
 15  4  13,2  -1,0   6,1   0.0   368     1  23,2  20  -6,1    1    0    0   21    0
 15  5  14,2   3,3   8,4   0.0   306     0  21,0  15  -2,1    9    0    0    3    0
 15  6  21,3   7,5  13,9   0.0   144    14  28,8  30   1,9   16    2    0    0    0
 15  7  23,2  10,4  16,2   0.0   104    40  33,0   4   4,2   17    7    0    0    0
 15  8  23,9   8,5  15,8   0.0   112    35  28,1  23   4,1    3    2    0    0    0
 15  9  18,3   6,5  11,4   0.0   211     5  25,6   9   0,0   27    0    0    1    0
 15 10  11,2   1,8   5,8   0.0   388     0  18,1   2  -3,7   18    0    0    9    0
 15 11   4,7  -2,0   1,3   0.0   511     0  17,3   2 -13,7   22    0    5   20    0
 15 12   4,2  -1,3   1,4   0.0   525     0  16,1  29 -10,2   16    0    6   18    0
------------------------------------------------------------------------------------
        12,2   1,6   6,6   0.0  4360    97  33,0 jul -18,2  feb   11   35  150    1

                                Precipitation (mm)

              Dep.   Max        Days of Rain
              From   Obs.           >=
 YR MO Total  Norm   Day Date  0,2  2,0 20,0
---------------------------------------------
 15  1  30,6   0.0   6,3  28    11    6    0
 15  2   9,3   0.0   2,7  27    11    1    0
 15  3  18,3   0.0   6,9  29    14    2    0
 15  4   6,6   0.0   1,5  12     6    0    0
 15  5  87,0   0.0  12,0  17    21   14    0
 15  6  50,7   0.0  10,8   6    13   10    0
 15  7  72,0   0.0  15,9   6    14   10    0
 15  8  57,3   0.0  21,6  25     7    5    2
 15  9 140,4   0.0  29,1  17    21    9    3
 15 10   7,5   0.0   3,3  21    10    1    0
 15 11  39,6   0.0  11,1   7    14    7    0
 15 12  21,6   0.0   6,3  18    10    4    0
---------------------------------------------
       540,9   0.0  29,1  sep  152   69    5

                                Wind Speed (m/s)
                          Dom
 YR MO   Avg.  Hi   Date  Dir
------------------------------
 15  1   2,6  15,6   15   SSW
 15  2   2,8  18,4    7     S
 15  3   2,4  16,0    1   SSW
 15  4   3,0  17,3   15    NW
 15  5   3,1  12,9   17   SSW
 15  6   2,5  13,9    2     W
 15  7   2,6  13,3    9     W
 15  8   2,1  12,6   24     S
 15  9   2,3  14,6   15     S
 15 10   1,7  10,9   23     S
 15 11   1,6  12,6   27   SSW
 15 12   2,5  13,9   30     S
------------------------------
         2,4  18,4  feb   SSW
:now::gauges::today::yesterday::this month::this year::noaa::records::monthly records::trends: