Midtre Skiakersgutua Weather Station

 Latitude N 60° 21' 23"    Longitude E 10° 28' 20"    Elevation 275 m

Records began on 20 desember 2012

NOAA Style Reports for Midtre Skiakersgutua

Select a Year or Month report

Report for 2015 Jan
                   Monthly Climatological Summary for jan 2015

Name: Skiakersgutua Weather Station   City: Gran   State: 
Elevation: 235 m  Lat: N 60 21' 54"   Lon: E 010 33' 13"

                  Temperature (C), Rain (mm), Wind Speed (m/s)

                                      Heat  Cool        Avg
    Mean                              Deg   Deg         Wind                 Dom
Day Temp  High   Time   Low    Time   Days  Days  Rain  Speed High   Time    Dir
----------------------------------------------------------------------------------
 1   2,2   5,0   22:29  -1,3   00:00  16,1   0,0   6,0   3,0   8,8   17:35     S
 2   4,0   6,5   05:31   0,5   19:43  14,3   0,0   0,3   3,0  11,6   14:20    SW
 3  -2,0   1,5   00:00  -5,8   23:32  20,3   0,0   0,0   1,4   6,8   19:59     W
 4  -6,8  -2,6   10:59 -10,1   23:40  25,1   0,0   0,0   0,9   3,1   07:35   WSW
 5  -4,5   0,9   23:15 -11,1   00:09  22,8   0,0   0,0   1,0   5,1   19:27     S
 6   1,6   2,3   13:35   0,6   00:17  16,7   0,0   5,1   4,1   8,8   20:12     S
 7   1,4   2,4   00:06   0,2   19:59  16,9   0,0   2,7   3,1   8,8   00:47     S
 8   1,9   5,4   06:40  -1,7   23:16  16,4   0,0   1,5   2,7   9,5   02:55     S
 9  -4,9   0,0   00:00  -9,0   22:47  23,2   0,0   0,0   1,2   4,4   15:16     W
10  -3,5  -0,1   18:27  -8,7   00:24  21,8   0,0   0,0   4,0  12,9   20:42     S
11  -5,6  -2,5   00:00 -11,6   19:59  23,0   0,0   0,0   1,8   5,8   03:25    NW
12  -4,6  -0,4   22:14 -10,9   00:00  22,9   0,0   0,0   3,7   9,5   03:10     S
13   0,0   2,5   14:29  -4,8   22:07  18,3   0,0   0,3   3,9  11,2   02:59     S
14  -4,5  -1,6   13:11  -8,7   23:08  22,8   0,0   0,0   2,1   6,1   04:23   SSW
15   0,0   2,2   22:42  -5,4   00:00  18,3   0,0   1,5   5,8  15,6   12:54     S
16   2,7   4,3   16:44   1,1   03:02  15,6   0,0   2,4   5,3  11,6   07:27     S
17  -2,0   2,1   00:38  -9,0   23:11  20,3   0,0   0,0   2,3   9,9   00:33     S
18  -8,4  -6,3   11:23 -10,1   23:39  26,7   0,0   0,0   0,2   1,4   00:10   SSW
19  -5,8  -2,2   20:36 -10,6   00:56  24,1   0,0   0,0   0,5   3,1   19:40   WSW
20  -2,8  -1,0   22:37  -4,3   06:11  20,9   0,0   0,0   2,0   6,1   21:37     W
21  -1,8  -1,1   00:00  -2,5   23:37  20,1   0,0   0,0   2,0   5,4   20:22    NW
22  -6,3  -2,1   00:25 -16,2   23:17  24,6   0,0   0,0   2,0   5,8   13:46   NNW
23 -10,0  -1,1   23:58 -14,8   00:00  28,3   0,0   0,0   0,8   3,7   23:55   SSW
24   0,2   1,7   14:09  -2,1   23:58  18,1   0,0   0,0   2,3   7,8   05:41     S
25  -5,5  -1,5   23:54  -8,6   15:30  23,8   0,0   0,0   1,3   8,2   23:50   SSW
26   0,3   2,6   11:34  -3,5   23:57  18,0   0,0   4,2   2,2   5,8   00:06    SW
27  -6,6  -2,6   22:31 -10,4   09:42  24,9   0,0   0,0   0,7   2,7   00:05    SW
28   1,1   2,8   12:30  -2,8   00:00  17,2   0,0   6,3   4,6  11,2   22:23     S
29  -0,2   1,2   00:30  -1,8   22:21  18,5   0,0   0,3   3,3  10,5   00:00     S
30  -0,8   0,0   00:26  -1,5   01:58  19,1   0,0   0,0   3,7   7,8   00:27     S
31  -1,1   0,0   13:15  -2,4   23:45  19,4   0,0   0,0   4,7  10,2   17:36   NNW
----------------------------------------------------------------------------------
    -2,3   6,5     2   -16,2    22   638,5   0,0  30,6   2,6  15,6    15     SSW

Max >=  27,0:  0
Max <=   0,0: 16
Min <=   0,0: 27
Min <= -18,0:  0
Max Rain: 6,3 on day 28
Days of Rain: 11 (>= 0,2 mm)  6 (>= 2,0 mm)  0 (>= 20,0 mm)
Heat Base: 18,3  Cool Base: 18,3  Method: Integration
:now::gauges::today::yesterday::this month::this year::noaa::records::monthly records::trends: