Midtre Skiakersgutua Weather Station

 Latitude N 60° 21' 23"    Longitude E 10° 28' 20"    Elevation 275 m

Records began on 20 desember 2012

NOAA Style Reports for Midtre Skiakersgutua


Report for 2015 Feb
                   Monthly Climatological Summary for feb 2015

Name: Skiakersgutua Weather Station   City: Gran   State: 
Elevation: 235 m  Lat: N 60 21' 54"   Lon: E 010 33' 13"

                  Temperature (C), Rain (mm), Wind Speed (m/s)

                                      Heat  Cool        Avg
    Mean                              Deg   Deg         Wind                 Dom
Day Temp  High   Time   Low    Time   Days  Days  Rain  Speed High   Time    Dir
----------------------------------------------------------------------------------
 1  -3,1  -2,3   00:08  -3,5   16:52  21,4   0,0   0,0   7,1  13,3   06:56   NNW
 2  -4,1  -1,2   12:43  -6,6   06:01  22,4   0,0   0,3   1,4   6,8   23:25    NW
 3  -5,9  -1,4   13:57 -12,4   23:11  24,2   0,0   0,0   0,9   4,4   01:11    SW
 4 -10,7  -2,8   11:46 -16,7   23:50  29,0   0,0   0,0   0,9   2,4   11:55   SSW
 5 -11,3  -6,7   13:10 -18,2   01:56  29,6   0,0   0,0   0,4   2,4   06:44     S
 6  -8,3  -1,9   13:53 -12,7   07:36  26,6   0,0   0,0   0,6   2,0   12:52    SW
 7  -2,9   6,2   10:26 -11,4   05:15  21,2   0,0   0,3   5,2  18,4   10:40   NNW
 8  -3,4   2,2   14:42 -11,2   09:35  21,7   0,0   0,0   2,1   8,8   03:29    NW
 9   0,8   5,2   06:07  -5,1   00:00  17,5   0,0   0,0   1,3   4,8   02:38     W
10   1,9   9,5   14:15  -5,8   09:04  16,4   0,0   0,0   2,0   8,2   19:20   WSW
11   2,5   9,8   13:09  -2,6   23:55  15,8   0,0   0,0   1,9   6,5   17:23   SSW
12  -3,5   4,8   13:12  -8,0   06:54  21,8   0,0   0,0   0,7   3,1   00:00    SW
13  -1,5   1,1   22:09  -6,8   01:12  19,8   0,0   0,3   1,3  10,5   02:36   SSW
14  -0,4   1,2   12:48  -2,9   23:49  18,7   0,0   0,0   1,2   3,4   21:31   NNW
15  -1,3  -0,4   12:40  -2,9   00:00  19,6   0,0   0,0   3,3   9,9   23:17     S
16  -2,7  -1,3   23:33  -3,8   03:54  21,0   0,0   0,0   4,7   9,9   00:33     S
17   1,3   6,0   13:59  -1,3   00:00  17,0   0,0   0,3   4,4  11,6   19:42     S
18   3,7   8,4   12:36  -1,5   00:54  14,6   0,0   0,0   3,1   9,2   10:49     S
19   4,8   8,4   12:47   2,7   04:37  13,5   0,0   0,0   4,4  10,5   14:58     S
20   3,0   8,4   13:07  -0,9   21:58  15,3   0,0   0,0   2,8   8,8   07:42     S
21  -1,8   6,3   14:37  -7,1   23:47  20,1   0,0   0,0   1,4   6,5   02:27   SSW
22  -4,1   5,8   14:13  -9,5   03:35  22,4   0,0   0,3   1,3   5,1   15:46   SSW
23   0,2   1,0   23:43  -1,6   00:07  18,1   0,0   0,3   6,0  16,0   08:40     S
24   1,4   2,7   12:16  -0,1   03:33  16,9   0,0   1,2   3,5   9,9   18:23     S
25   2,5   7,3   10:59  -2,5   23:59  15,8   0,0   1,5   2,8   7,8   12:53     S
26   0,8   2,6   10:09  -4,2   03:19  17,5   0,0   0,9   5,4  12,9   22:02     S
27   1,7   7,8   15:23  -1,3   23:51  16,6   0,0   2,7   3,3   8,2   03:58     S
28   0,3   2,8   11:39  -4,5   03:56  18,0   0,0   1,2   4,3   9,9   20:20     S
----------------------------------------------------------------------------------
    -1,4   9,8    11   -18,2     5   552,5   0,0   9,3   2,8  18,4     7     SSW

Max >=  27,0:  0
Max <=   0,0:  8
Min <=   0,0: 27
Min <= -18,0:  1
Max Rain: 2,7 on day 27
Days of Rain: 11 (>= 0,2 mm)  1 (>= 2,0 mm)  0 (>= 20,0 mm)
Heat Base: 18,3  Cool Base: 18,3  Method: Integration
:now::gauges::today::yesterday::this month::this year::noaa::records::monthly records::trends: