Molinna Weather Station

 Latitude N 60° 21' 23"    Longitude E 10° 28' 20"    Elevation 275 m

Records began on 20 desember 2012

NOAA Style Reports for Molinna

Select a Year or Month report
V/Λ2018 > Jan Feb Mar Apr May Jun Jul Aug Sep Oct Nov Dec
V/Λ2017 > Jan Feb Mar Apr May Jun Jul Aug Sep Oct Nov Dec
V/Λ2016 > Jan Feb Mar Apr May Jun Jul Aug Sep Oct Nov Dec
V/Λ2015 > Jan Feb Mar Apr May Jun Jul Aug Sep Oct Nov Dec
V/Λ2014 > Jan Feb Mar Apr May Jun Jul Aug Sep Oct Nov Dec
V/Λ2013 > Jan Feb Mar Apr May Jun Jul Aug Sep Oct Nov Dec

Report for 2015 Mar
                   Monthly Climatological Summary for mar 2015

Name: Skiakersgutua Weather Station   City: Gran   State: 
Elevation: 235 m  Lat: N 60 21' 54"   Lon: E 010 33' 13"

                  Temperature (C), Rain (mm), Wind Speed (m/s)

                                      Heat  Cool        Avg
    Mean                              Deg   Deg         Wind                 Dom
Day Temp  High   Time   Low    Time   Days  Days  Rain  Speed High   Time    Dir
----------------------------------------------------------------------------------
 1   1,5   2,5   23:21   0,6   07:50  16,8   0,0   0,9   7,3  16,0   11:29     S
 2   2,5   5,8   13:15   1,0   05:23  15,8   0,0   0,3   2,3   6,5   13:44     S
 3  -0,1   3,7   13:36  -3,7   23:06  18,5   0,0   0,0   1,3   5,1   08:55    NW
 4  -1,3   8,1   15:27  -6,8   23:57  19,6   0,0   0,0   1,0   3,4   04:16    NW
 5  -2,0   4,7   11:30  -9,8   07:46  20,3   0,0   0,0   1,9   6,8   18:18     S
 6   3,2  12,1   14:46  -2,9   07:23  15,1   0,0   0,0   2,0   8,5   22:39   SSW
 7   5,7  10,0   14:28   3,6   01:58  12,6   0,0   0,0   6,1  12,9   05:58     S
 8   6,2  10,7   15:11  -0,6   23:38  12,1   0,0   0,0   3,4  10,2   01:56     S
 9   3,3  10,6   13:31  -2,0   07:36  14,9   0,0   0,3   2,6   8,8   21:31   SSW
10   6,3  13,3   12:37   1,0   00:00  12,0   0,0   0,9   5,8  14,6   22:46   SSW
11   5,3  14,5   14:29   1,1   22:06  13,0   0,0   0,0   3,0   9,5   00:14    NW
12   4,8  15,2   14:40  -2,2   23:51  13,5   0,0   0,0   2,0   8,2   06:07     S
13   1,4  12,7   15:34  -4,8   07:20  16,9   0,0   0,0   1,1   5,8   10:17    SW
14   0,4  12,5   13:35  -7,5   06:23  17,9   0,0   0,0   1,4   5,8   16:15   WNW
15   0,6  10,6   16:16  -7,7   06:31  17,7   0,0   0,0   1,0   4,1   13:05    SW
16   3,2   7,3   11:50  -1,0   00:33  15,1   0,0   0,0   1,3   6,8   23:23   SSW
17   3,7   7,5   15:57  -0,7   23:59  14,6   0,0   0,0   1,6   5,4   00:18   WSW
18   1,6   7,2   15:41  -1,9   03:54  16,7   0,0   0,3   0,4   3,1   09:34   SSW
19   2,4   7,4   12:32   0,0   22:58  15,9   0,0   0,6   0,7   2,7   08:23   WSW
20   2,6   7,1   13:11   0,0   02:02  15,7   0,0   2,7   1,2   9,2   23:14     N
21  -0,5   5,9   16:27  -3,9   21:47  18,8   0,0   0,0   3,6   9,2   09:13     N
22   0,7   3,6   15:35  -3,2   00:24  17,6   0,0   0,0   3,3  10,2   11:08     S
23   5,8  14,6   16:18   1,0   00:06  12,5   0,0   0,0   3,5  11,6   13:23     S
24   4,7  10,8   15:11  -2,8   06:57  13,6   0,0   0,0   2,5   9,9   22:27   NNW
25   0,7   3,3   00:00  -1,1   06:53  17,9   0,0   0,9   2,0   7,8   23:51    SE
26  -1,2   1,4   15:39  -3,7   06:15  19,5   0,0   1,5   2,1   8,8   06:48   WSW
27   2,0   9,0   14:07  -2,7   23:56  16,3   0,0   0,3   0,8   3,4   09:53    NW
28   0,7  13,3   13:33  -5,8   06:12  17,6   0,0   1,8   2,8  10,9   23:27     S
29   2,6   9,9   14:55   0,6   06:56  15,1   0,0   6,9   2,0  10,9   01:15     S
30   2,3   7,2   15:15  -2,3   23:43  16,0   0,0   0,6   2,1   7,5   16:29   NNW
31   1,8  11,1   15:01  -3,0   01:17  16,5   0,0   0,3   1,0   4,1   15:39   SSW
----------------------------------------------------------------------------------
     2,3  15,2    12    -9,8     5   496,1   0,0  18,3   2,4  16,0     1     SSW

Max >=  27,0:  0
Max <=   0,0:  0
Min <=   0,0: 24
Min <= -18,0:  0
Max Rain: 6,9 on day 29
Days of Rain: 14 (>= 0,2 mm)  2 (>= 2,0 mm)  0 (>= 20,0 mm)
Heat Base: 18,3  Cool Base: 18,3  Method: Integration
:now::gauges::today::yesterday::this month::this year::noaa::records::monthly records::trends: