Midtre Skiakersgutua Weather Station

 Latitude N 60° 21' 23"    Longitude E 10° 28' 20"    Elevation 275 m

Records began on 20 desember 2012

NOAA Style Reports for Midtre Skiakersgutua

Select a Year or Month report

Report for 2015 Apr
                   Monthly Climatological Summary for apr 2015

Name: Skiakersgutua Weather Station   City: Gran   State: 
Elevation: 235 m  Lat: N 60 21' 54"   Lon: E 010 33' 13"

                  Temperature (C), Rain (mm), Wind Speed (m/s)

                                      Heat  Cool        Avg
    Mean                              Deg   Deg         Wind                 Dom
Day Temp  High   Time   Low    Time   Days  Days  Rain  Speed High   Time    Dir
----------------------------------------------------------------------------------
 1   2,0  10,3   17:29  -6,1   07:05  16,3   0,0   0,0   2,3   9,9   18:11    NW
 2   3,5   7,9   15:22  -0,9   23:22  14,8   0,0   0,0   4,8  12,9   16:20   NNW
 3   1,9   8,0   14:34  -5,6   07:13  16,4   0,0   0,0   2,8  10,2   16:37     N
 4   2,0   8,7   18:19  -5,9   06:42  16,3   0,0   0,0   2,2   7,5   14:38    NW
 5   0,9   8,2   12:57  -5,7   06:13  17,4   0,0   0,0   1,0   3,7   13:39   NNW
 6   5,5  14,0   16:11  -0,3   06:47  12,8   0,0   0,0   1,7   6,5   13:27   SSW
 7  10,0  15,4   14:51   4,5   07:56   8,3   0,0   0,0   3,4  11,2   22:54    NW
 8   8,2  14,4   16:27   3,3   23:55  10,1   0,0   0,0   3,4  16,3   05:31    NW
 9   7,8  16,6   15:01  -0,1   02:07  10,5   0,0   0,0   2,5   7,8   15:20   WSW
10   9,3  19,2   16:30   1,2   07:05   9,0   0,0   0,0   2,5   7,8   13:08   SSW
11   5,7  10,9   13:01   2,6   03:08  12,6   0,0   0,6   4,1   8,2   15:25     S
12   7,1  11,5   18:18   2,0   23:19  11,2   0,0   1,5   3,2  13,6   03:13   WNW
13   3,8   9,7   13:19  -2,8   05:32  14,5   0,0   0,0   3,9  12,9   13:30   NNW
14   3,5  12,6   17:56  -3,1   04:41  14,8   0,0   0,3   2,2   8,5   12:49   SSW
15   5,0  12,4   18:05  -0,4   04:40  13,3   0,0   0,0   2,1  17,3   16:19   WNW
16   4,3  10,6   12:51  -2,9   05:32  14,0   0,0   0,0   4,3  15,0   16:36   NNW
17   7,1  11,8   14:26   0,5   23:58  11,2   0,0   0,0   5,4  16,0   11:23     N
18   4,9  13,6   13:40  -3,6   06:22  13,4   0,0   0,0   2,5  10,9   16:25   NNE
19   9,2  19,1   17:10  -0,6   04:59   9,1   0,0   0,0   3,4  11,6   14:48     N
20  12,8  23,2   15:52  -0,5   06:21   6,6   1,0   0,0   2,7   8,8   16:54   NNW
21  10,7  20,6   15:27  -0,6   06:17   7,7   0,1   0,0   1,9   6,5   16:01   WNW
22   9,2  16,4   18:06  -1,0   06:06   9,1   0,0   0,0   3,1  10,9   19:07   NNW
23   9,6  13,1   16:19   4,2   23:59   8,7   0,0   0,0   4,9  13,9   12:11   NNW
24   5,1  10,3   15:33  -1,6   06:04  13,2   0,0   0,0   2,4   8,8   16:25   SSW
25   6,3   8,1   22:29   3,7   03:24  12,0   0,0   1,5   5,3  10,9   23:36     S
26   7,0  14,7   16:51   0,4   05:55  11,3   0,0   1,5   2,8   9,5   14:32    SW
27   4,5  13,8   15:32  -4,0   05:16  13,8   0,0   0,0   1,9  11,2   14:22     S
28   4,8  14,5   14:35  -3,8   05:24  13,5   0,0   0,0   1,8  10,9   18:12   SSE
29   4,3  11,1   17:25  -2,2   06:01  14,0   0,0   0,0   1,7   6,8   14:05    NW
30   5,8  14,0   16:07  -0,1   01:18  12,5   0,0   1,2   3,1   9,5   07:04     S
----------------------------------------------------------------------------------
     6,1  23,2    20    -6,1     1   368,4   1,1   6,6   3,0  17,3    15      NW

Max >=  27,0:  0
Max <=   0,0:  0
Min <=   0,0: 21
Min <= -18,0:  0
Max Rain: 1,5 on day 12
Days of Rain: 6 (>= 0,2 mm)  0 (>= 2,0 mm)  0 (>= 20,0 mm)
Heat Base: 18,3  Cool Base: 18,3  Method: Integration
:now::gauges::today::yesterday::this month::this year::noaa::records::monthly records::trends: