Midtre Skiakersgutua Weather Station

 Latitude N 60° 21' 23"    Longitude E 10° 28' 20"    Elevation 275 m

Records began on 20 desember 2012

NOAA Style Reports for Midtre Skiakersgutua

Select a Year or Month report

Report for 2015 May
                   Monthly Climatological Summary for mai 2015

Name: Skiakersgutua Weather Station   City: Gran   State: 
Elevation: 235 m  Lat: N 60 21' 54"   Lon: E 010 33' 13"

                  Temperature (C), Rain (mm), Wind Speed (m/s)

                                      Heat  Cool        Avg
    Mean                              Deg   Deg         Wind                 Dom
Day Temp  High   Time   Low    Time   Days  Days  Rain  Speed High   Time    Dir
----------------------------------------------------------------------------------
 1   6,0  13,5   12:09   1,0   04:59  12,3   0,0   3,3   2,6  10,2   15:31   SSW
 2   5,9  12,1   14:37   2,0   06:34  12,4   0,0   0,0   3,9  11,9   16:36   NNW
 3   6,7  13,6   13:01  -0,2   05:37  11,6   0,0   0,0   1,8   5,4   13:42   WSW
 4   5,8   7,7   08:49   4,1   12:29  12,5   0,0   2,7   2,5   9,9   04:41     S
 5   7,7  10,9   21:51   3,9   05:36  10,6   0,0   4,2   3,3  11,6   20:13     S
 6  11,6  17,1   12:38   8,2   23:51   6,7   0,0   3,0   4,6  11,2   13:46     S
 7   8,3  11,0   16:42   4,6   23:59  10,0   0,0   7,2   2,4   9,2   11:39     S
 8   7,4  13,6   11:45   1,3   04:27  10,9   0,0   0,0   2,8  10,2   17:49    NW
 9   6,7  16,8   15:23  -2,1   05:47  11,6   0,0   1,5   2,0   9,5   19:08   SSE
10   8,2  15,6   15:43   3,4   02:41  10,1   0,0   2,1   3,8   8,8   13:05   NNW
11   7,1  10,1   15:39   2,2   01:23  11,2   0,0   6,6   4,0  10,9   16:52     S
12  10,0  15,6   14:48   6,2   23:57   8,3   0,0   0,0   3,8   9,2   10:18     S
13   9,5  16,2   17:09   0,8   04:52   8,8   0,0   0,0   3,1  11,9   16:30     N
14   9,2  15,0   15:56   3,7   05:18   9,1   0,0   0,0   4,5  11,2   20:04     N
15   9,3  21,0   18:24  -1,3   05:31   9,1   0,1   0,0   2,9   7,8   09:51    NW
16   7,3  10,6   11:48   4,7   03:59  11,0   0,0   3,6   3,5   9,2   13:36     S
17   4,6   7,0   16:54   2,7   09:11  13,7   0,0  12,0   4,9  12,9   08:21   NNW
18   8,7  16,6   15:49   3,6   03:53   9,6   0,0   0,3   1,9   9,2   17:57     S
19   6,8  10,8   16:27   4,4   09:56  11,5   0,0  12,0   3,8  12,2   08:14   SSE
20   9,5  16,7   17:33   5,0   05:29   8,8   0,0   0,3   2,4   7,8   17:34   SSW
21  10,5  18,3   15:03   1,2   05:19   7,8   0,0   0,0   2,7  11,6   16:46     S
22   9,5  14,0   14:10   5,9   00:45   8,7   0,0   1,5   4,1  10,2   11:27     S
23  11,0  18,0   12:22   2,9   04:11   7,3   0,0   0,0   3,5   8,8   19:06   NNW
24   7,8  14,4   13:15   0,6   05:15  10,5   0,0   6,6   2,1   7,5   13:30     S
25  10,0  16,0   12:37   7,4   03:41   8,3   0,0   1,5   2,1   9,5   17:32   NNW
26   9,5  15,7   17:28   6,1   07:27   8,8   0,0   1,8   2,1   8,5   13:56   NNW
27  11,8  19,0   14:47   4,0   04:51   6,5   0,0   0,0   2,0   8,2   15:44   NNW
28   7,1  10,6   12:34   2,2   03:39  11,2   0,0   3,6   2,7   8,5   09:36     S
29  10,3  17,3   16:17   4,6   04:25   8,0   0,0   4,5   3,8  11,9   17:55   SSW
30   6,8   8,0   11:07   5,1   06:23  11,5   0,0   7,8   2,6   7,8   13:05   SSW
31  10,5  18,5   16:44   5,3   04:10   7,8   0,0   0,9   2,7   9,2   15:40   WSW
----------------------------------------------------------------------------------
     8,4  21,0    15    -2,1     9   306,2   0,1  87,0   3,1  12,9    17      SW

Max >=  27,0:  0
Max <=   0,0:  0
Min <=   0,0:  3
Min <= -18,0:  0
Max Rain: 12,0 on day 17
Days of Rain: 21 (>= 0,2 mm)  14 (>= 2,0 mm)  0 (>= 20,0 mm)
Heat Base: 18,3  Cool Base: 18,3  Method: Integration
:now::gauges::today::yesterday::this month::this year::noaa::records::monthly records::trends: