Midtre Skiakersgutua Weather Station

 Latitude N 60° 21' 23"    Longitude E 10° 28' 20"    Elevation 275 m

Records began on 20 desember 2012

NOAA Style Reports for Midtre Skiakersgutua

Select a Year or Month report

Report for 2015 Jun
                   Monthly Climatological Summary for jun 2015

Name: Skiakersgutua Weather Station   City: Gran   State: 
Elevation: 235 m  Lat: N 60 21' 54"   Lon: E 010 33' 13"

                  Temperature (C), Rain (mm), Wind Speed (m/s)

                                      Heat  Cool        Avg
    Mean                              Deg   Deg         Wind                 Dom
Day Temp  High   Time   Low    Time   Days  Days  Rain  Speed High   Time    Dir
----------------------------------------------------------------------------------
 1  10,9  16,0   16:31   4,7   23:32   7,4   0,0   3,0   4,6  13,3   12:23   SSW
 2   7,7  13,6   17:29   4,2   04:26  10,6   0,0   9,3   5,4  13,9   14:06     S
 3  11,7  17,3   15:40   6,5   03:58   6,6   0,0   0,0   4,2  11,6   20:20     W
 4  12,1  18,7   17:11   3,8   03:57   6,2   0,0   0,0   2,7   9,5   15:38    NW
 5  13,4  21,9   16:05   5,8   04:35   5,2   0,4   0,0   2,4   9,5   20:19   SSW
 6  12,7  19,9   16:35   7,0   23:57   5,7   0,1  10,8   3,4  10,9   15:37     S
 7  12,5  18,9   15:20   6,7   00:49   5,8   0,0   2,4   3,1   9,2   16:14    SW
 8  13,0  20,6   17:04   4,3   04:50   5,5   0,2   0,0   1,7   6,1   08:42   NNW
 9  13,9  22,9   16:13   5,0   04:31   5,0   0,6   0,0   2,0  10,5   18:33   WNW
10  13,3  19,4   19:06   7,5   03:46   5,0   0,0   0,0   2,2   8,8   20:27    NW
11  16,1  23,2   17:47   7,7   04:21   3,0   0,8   0,0   2,0   5,8   17:17     W
12  17,8  26,7   16:22  11,0   03:20   2,4   1,9   0,0   1,9   7,1   15:23   WSW
13  13,9  22,4   13:51   6,8   04:31   4,7   0,3   0,0   1,5   5,8   12:23    NW
14  12,7  17,9   12:15   8,7   23:59   5,6   0,0   0,0   3,7  12,2   15:25   NNW
15  12,4  20,2   16:44   2,4   04:52   5,9   0,1   0,0   2,6   8,2   20:26   NNW
16  13,6  25,2   19:45   1,9   05:09   5,4   0,8   0,0   2,0   6,8   11:09   WNW
17   9,8  14,9   17:43   6,5   03:19   8,5   0,0   3,6   1,1   5,8   13:24   SSW
18  12,1  17,7   16:39   8,9   03:32   6,2   0,0   0,6   1,9   6,1   13:15     N
19  15,0  22,0   14:44   8,1   03:20   3,6   0,3   0,0   2,3   8,2   10:51   NNW
20  16,3  19,5   10:56  11,2   01:29   2,3   0,3   0,0   2,6   6,8   04:04    NW
21  16,0  26,0   14:48   9,7   23:57   3,1   0,8   3,6   1,7  10,9   20:15   SSW
22  13,8  20,6   09:55   7,6   03:21   4,7   0,2   1,8   1,7   9,9   15:59   SSW
23  15,2  25,8   16:59  10,6   04:16   3,8   0,7   6,9   1,2   6,5   15:07   WNW
24  15,1  22,1   13:51  10,5   04:50   3,5   0,3   2,1   1,6   8,8   14:25   NNW
25  12,6  19,5   13:31   7,0   23:49   5,7   0,0   2,1   3,0  13,3   18:55   NNW
26  13,1  24,7   18:46   6,8   00:56   3,5   0,4   0,3   1,8   5,4   19:16   WSW
27  18,6  27,4   17:10   8,6   02:27   2,5   2,8   0,0   1,8   6,5   16:19     S
28  16,0  21,3   13:12  11,0   04:17   2,6   0,4   0,0   4,1   9,5   12:45   SSE
29  17,2  24,7   13:02  12,5   05:24   2,1   1,0   4,2   2,2   7,1   12:56   SSW
30  18,1  28,8   17:02  11,9   05:34   2,0   1,8   0,0   2,4   6,8   04:06    NW
----------------------------------------------------------------------------------
    13,9  28,8    30     1,9    16   144,1  14,2  50,7   2,5  13,9     2       W

Max >=  27,0:  2
Max <=   0,0:  0
Min <=   0,0:  0
Min <= -18,0:  0
Max Rain: 10,8 on day 6
Days of Rain: 13 (>= 0,2 mm)  10 (>= 2,0 mm)  0 (>= 20,0 mm)
Heat Base: 18,3  Cool Base: 18,3  Method: Integration
:now::gauges::today::yesterday::this month::this year::noaa::records::monthly records::trends: