Midtre Skiakersgutua Weather Station

 Latitude N 60° 21' 23"    Longitude E 10° 28' 20"    Elevation 275 m

Records began on 20 desember 2012

NOAA Style Reports for Midtre Skiakersgutua

Select a Year or Month report

Report for 2015 Jul
                   Monthly Climatological Summary for jul 2015

Name: Skiakersgutua Weather Station   City: Gran   State: 
Elevation: 235 m  Lat: N 60 21' 54"   Lon: E 010 33' 13"

                  Temperature (C), Rain (mm), Wind Speed (m/s)

                                      Heat  Cool        Avg
    Mean                              Deg   Deg         Wind                 Dom
Day Temp  High   Time   Low    Time   Days  Days  Rain  Speed High   Time    Dir
----------------------------------------------------------------------------------
 1  23,2  32,9   14:55  14,8   04:52   0,7   5,6   0,0   2,0  10,2   16:20     S
 2  22,1  27,8   13:14  13,7   05:11   0,6   4,4   0,0   3,8  10,9   14:23     S
 3  22,2  30,0   18:32  14,1   04:48   0,6   4,5   0,0   2,8   6,1   09:26     S
 4  22,7  33,0   15:51  12,7   05:15   0,9   5,3   0,0   1,8   7,1   21:04     S
 5  23,5  31,1   14:11  15,4   04:35   0,5   5,7   0,0   2,3   7,8   14:37     S
 6  16,3  20,9   15:28  12,4   21:10   2,2   0,2  15,9   3,3  10,9   15:53     S
 7  17,6  26,3   16:39  11,4   03:23   2,1   1,5   1,8   2,3   8,2   10:49   WNW
 8  12,0  13,6   00:00  10,7   20:41   6,3   0,0   9,0   3,0   7,1   23:26   NNW
 9  13,4  20,0   15:04   9,9   03:10   5,0   0,1   0,0   5,1  13,3   08:45   NNW
10  14,6  20,4   17:51  10,7   04:29   3,9   0,2   0,0   5,7  12,9   11:57     N
11  16,6  27,5   18:16   4,9   04:48   3,7   2,0   0,0   1,6   7,1   16:24    SW
12  18,0  27,3   15:13  11,6   03:47   2,2   1,9   0,0   1,7   6,5   15:41     S
13  16,9  25,0   13:30  12,5   05:55   2,2   0,7   3,6   2,2   7,5   14:06     S
14  16,2  22,2   16:37  12,0   23:54   2,5   0,5   9,9   1,8   7,1   16:19   NNW
15  15,4  23,1   16:15  11,6   00:37   3,2   0,4   0,3   1,7   6,5   12:14   NNW
16  12,8  16,4   17:11   8,0   23:59   5,5   0,0   0,0   4,3  11,6   15:50   NNW
17  14,8  25,7   17:07   4,2   05:29   4,4   0,9   0,0   1,8   6,5   17:49    SW
18  14,0  21,3   15:41  10,8   04:44   4,5   0,1  12,3   2,7   9,5   16:20     S
19  16,8  25,1   15:34  10,3   04:17   2,7   1,2   0,0   2,1   7,5   07:13   SSW
20  16,6  24,4   14:35  10,8   05:06   2,6   0,9   0,3   1,8   6,1   15:30   WNW
21  13,5  18,3   20:15  11,9   12:21   4,8   0,0   3,0   2,7   6,8   11:19     S
22  17,1  25,4   16:27   9,3   03:07   3,0   1,8   0,0   2,0   8,5   17:03    SW
23  15,1  23,1   18:32   9,8   05:28   3,6   0,4   0,6   1,8   6,5   13:07    NW
24  15,0  22,2   16:03   5,8   04:19   4,0   0,7   0,0   2,2   9,5   18:24   SSW
25  13,1  18,8   15:51   4,8   05:18   5,2   0,0   3,6   1,4   6,8   22:06    SE
26  11,1  12,9   17:39   9,9   06:55   7,2   0,0   5,1   5,0  12,6   12:13   NNW
27  14,7  23,1   14:45   7,5   05:36   4,2   0,6   0,0   2,2   8,2   16:52     S
28  14,2  17,9   13:39  10,6   04:26   4,1   0,0   2,1   1,7   5,1   12:03     S
29  14,3  18,4   18:12  11,6   23:50   4,0   0,0   4,5   1,9  10,5   18:23   WNW
30  15,6  23,9   16:51  10,5   01:14   3,4   0,7   0,0   2,1   7,1   10:00   NNW
31  14,2  21,9   17:58   7,9   23:20   4,4   0,2   0,0   2,6   9,9   17:08   NNW
----------------------------------------------------------------------------------
    16,2  33,0     4     4,2    17   104,2  40,5  72,0   2,6  13,3     9     WSW

Max >=  27,0:  7
Max <=   0,0:  0
Min <=   0,0:  0
Min <= -18,0:  0
Max Rain: 15,9 on day 6
Days of Rain: 14 (>= 0,2 mm)  10 (>= 2,0 mm)  0 (>= 20,0 mm)
Heat Base: 18,3  Cool Base: 18,3  Method: Integration
:now::gauges::today::yesterday::this month::this year::noaa::records::monthly records::trends: