Midtre Skiakersgutua Weather Station

 Latitude N 60° 21' 23"    Longitude E 10° 28' 20"    Elevation 275 m

Records began on 20 desember 2012

NOAA Style Reports for Midtre Skiakersgutua

Select a Year or Month report

Report for 2015 Aug
                   Monthly Climatological Summary for aug 2015

Name: Skiakersgutua Weather Station   City: Gran   State: 
Elevation: 235 m  Lat: N 60 21' 54"   Lon: E 010 33' 13"

                  Temperature (C), Rain (mm), Wind Speed (m/s)

                                      Heat  Cool        Avg
    Mean                              Deg   Deg         Wind                 Dom
Day Temp  High   Time   Low    Time   Days  Days  Rain  Speed High   Time    Dir
----------------------------------------------------------------------------------
 1  14,0  23,1   17:17   4,6   05:32   4,9   0,5   0,0   2,0   8,2   19:53   SSW
 2  14,7  21,6   19:00   8,0   23:56   4,0   0,3   3,6   2,7  11,6   17:10   SSW
 3  13,6  25,1   17:32   4,1   05:59   5,3   0,7   0,0   1,1   5,8   18:33    SW
 4  12,5  18,8   12:24   7,1   05:01   5,8   0,0   0,0   1,2   7,1   12:45    SW
 5  16,9  22,5   16:33  13,6   00:54   1,9   0,5   1,2   3,2   7,5   03:47     S
 6  15,9  23,5   17:36  10,9   05:15   3,0   0,5   0,0   1,9   8,2   13:11     S
 7  16,6  22,0   16:46  12,3   03:45   2,3   0,6   0,0   2,3   8,5   17:58     S
 8  18,3  25,8   16:22   9,8   23:53   1,7   1,8   0,0   1,8   6,1   17:11    NW
 9  14,3  23,4   18:22   5,9   04:49   4,8   0,7   0,0   1,5   6,5   14:43   SSW
10  16,2  23,8   16:39  10,7   03:26   2,8   0,8   0,0   2,3   7,1   19:54     S
11  16,5  22,9   17:25  12,8   23:57   2,3   0,5   0,6   3,3   8,8   11:25     S
12  14,9  22,6   15:52   6,6   05:49   4,2   0,8   0,0   2,0   6,5   13:36   NNW
13  15,2  25,7   18:08   4,5   06:04   4,9   1,8   0,0   1,6   6,5   13:27    SW
14  16,9  26,2   17:58   7,1   04:59   3,8   2,4   0,0   1,8   7,8   13:47     S
15  17,6  25,9   17:02   8,2   05:02   3,1   2,3   0,0   2,6   9,2   12:19     S
16  18,4  24,4   18:27  11,7   23:51   1,3   1,4   0,0   3,8  11,2   04:08     S
17  17,7  25,5   16:51   9,3   06:12   2,9   2,3   0,0   2,2   7,8   10:03     S
18  16,2  26,9   18:32   5,9   05:54   4,1   2,0   0,0   1,5   7,5   15:13   SSE
19  17,1  25,9   15:24   7,7   05:36   3,7   2,5   0,0   2,0   7,5   12:48     S
20  16,8  25,4   15:28   7,3   06:21   3,8   2,3   0,0   1,7   7,1   15:32     S
21  16,0  25,1   12:25   7,4   05:36   4,1   1,8   0,0   1,9  11,2   14:48     S
22  16,5  27,1   18:05   5,9   06:33   4,3   2,6   0,0   1,3   6,8   13:12    SW
23  16,7  28,1   17:10   5,5   05:57   4,3   2,8   0,0   1,3   6,1   14:39   SSE
24  15,3  24,5   13:49   7,3   04:54   4,1   1,1   5,7   2,1  12,6   17:38     S
25  16,7  20,5   12:05  14,7   23:38   1,7   0,1  21,6   2,3   8,8   16:19     S
26  15,7  20,4   14:05  13,2   05:40   2,8   0,2   4,2   3,5   8,5   15:06     S
27  15,0  19,9   16:24  10,2   23:26   3,3   0,0  20,4   3,0  11,6   18:56     S
28  14,4  22,1   15:16   8,0   05:17   4,2   0,3   0,0   2,4   8,8   16:50   SSW
29  14,8  22,7   16:41   8,3   01:56   4,1   0,6   0,0   2,3   8,5   15:05   SSW
30  15,5  24,3   15:09   8,5   06:24   3,8   1,0   0,0   1,6   5,8   14:30   SSW
31  13,8  23,8   14:09   6,7   06:01   5,2   0,7   0,0   1,0   4,4   18:28    SW
----------------------------------------------------------------------------------
    15,8  28,1    23     4,1     3   112,5  35,9  57,3   2,1  12,6    24       S

Max >=  27,0:  2
Max <=   0,0:  0
Min <=   0,0:  0
Min <= -18,0:  0
Max Rain: 21,6 on day 25
Days of Rain: 7 (>= 0,2 mm)  5 (>= 2,0 mm)  2 (>= 20,0 mm)
Heat Base: 18,3  Cool Base: 18,3  Method: Integration
:now::gauges::today::yesterday::this month::this year::noaa::records::monthly records::trends: