Midtre Skiakersgutua Weather Station

 Latitude N 60° 21' 23"    Longitude E 10° 28' 20"    Elevation 275 m

Records began on 20 desember 2012

NOAA Style Reports for Midtre Skiakersgutua

Select a Year or Month report

Report for 2015 Sep
                   Monthly Climatological Summary for sep 2015

Name: Skiakersgutua Weather Station   City: Gran   State: 
Elevation: 235 m  Lat: N 60 21' 54"   Lon: E 010 33' 13"

                  Temperature (C), Rain (mm), Wind Speed (m/s)

                                      Heat  Cool        Avg
    Mean                              Deg   Deg         Wind                 Dom
Day Temp  High   Time   Low    Time   Days  Days  Rain  Speed High   Time    Dir
----------------------------------------------------------------------------------
 1  12,8  15,9   12:51   9,4   03:12   5,5   0,0   9,9   2,8   9,9   23:22   NNW
 2  12,3  14,0   12:23  11,2   07:27   6,0   0,0  24,3   4,2  14,3   04:46   ESE
 3  11,7  16,2   12:18   8,0   23:42   6,6   0,0  16,8   1,5   7,5   00:58   WNW
 4  12,8  20,9   14:59   8,1   00:00   5,8   0,2   0,3   1,8   5,8   16:53     S
 5  10,6  12,7   17:01   8,9   06:28   7,7   0,0   6,0   3,7   9,5   16:05   NNW
 6  11,0  16,4   18:00   5,9   07:26   7,2   0,0   0,0   5,2  13,6   01:14   NNW
 7  11,3  20,3   13:40   1,3   06:05   7,2   0,1   0,0   2,6  11,6   18:06   NNW
 8  13,3  25,2   16:42   4,8   06:36   5,8   0,8   0,0   1,6   6,1   00:19    NW
 9  13,1  25,6   15:39   3,6   06:21   6,3   1,1   0,0   0,9   3,4   15:42   WNW
10  12,9  25,3   15:31   4,7   07:13   6,5   1,2   0,0   0,6   3,1   13:47   WNW
11  11,3  22,0   15:36   3,8   04:45   7,3   0,3   0,0   1,4   6,8   16:14     S
12  12,7  15,5   13:44   7,5   00:00   5,6   0,0   0,6   3,6  13,3   23:17   SSE
13  13,3  16,8   13:11  11,2   04:09   5,0   0,0   0,6   5,2  11,9   13:07   SSE
14  14,1  15,8   14:45  12,5   06:22   4,2   0,0   0,6   5,2  11,9   11:36   SSE
15  12,3  13,6   00:00   8,8   22:39   6,0   0,0  26,1   4,9  14,6   05:21   SSE
16  10,8  15,0   15:32   8,7   05:46   7,5   0,0   1,5   2,2   6,8   08:52     S
17  12,9  16,1   16:11  10,6   00:00   5,4   0,0  29,1   2,1   6,1   09:49     S
18  14,5  22,9   15:10  11,8   23:33   4,0   0,2   6,6   1,3   6,5   09:35     W
19  10,9  22,3   14:17   4,8   07:14   7,8   0,2   1,5   1,2   6,5   15:33     W
20   7,8  15,4   13:18   1,9   07:14  10,5   0,0   0,3   0,7   4,1   18:48     W
21   9,9  14,5   16:13   7,0   04:38   8,4   0,0   0,6   0,7   2,4   23:56   SSW
22  10,1  11,9   11:02   7,7   06:43   8,2   0,0   3,9   1,8   7,1   10:34     S
23  12,4  18,2   15:53   9,0   07:49   5,9   0,0   1,2   1,8   5,4   22:54     S
24  12,1  16,8   13:39  10,8   23:56   6,2   0,0   9,6   3,0   7,5   19:32     S
25  10,6  16,7   15:49   5,3   23:59   7,7   0,0   0,3   3,3   8,8   11:36     S
26   7,3  17,3   14:28   0,6   06:20  11,0   0,0   0,0   1,1  12,2   15:44    NW
27   7,4  20,3   13:58   0,0   05:53  11,0   0,1   0,3   0,9   3,7   15:36     W
28   8,4  20,4   16:51   1,0   05:08  10,0   0,1   0,0   0,8   4,1   00:57    SW
29  10,2  21,5   16:37   4,0   03:32   8,4   0,3   0,0   1,2   4,8   14:39     S
30  11,6  24,2   15:30   2,9   06:36   7,3   0,6   0,3   0,9   4,4   18:11    SW
----------------------------------------------------------------------------------
    11,4  25,6     9     0,0    27   212,0   5,2 140,4   2,3  14,6    15     SSW

Max >=  27,0:  0
Max <=   0,0:  0
Min <=   0,0:  1
Min <= -18,0:  0
Max Rain: 29,1 on day 17
Days of Rain: 21 (>= 0,2 mm)  9 (>= 2,0 mm)  3 (>= 20,0 mm)
Heat Base: 18,3  Cool Base: 18,3  Method: Integration
:now::gauges::today::yesterday::this month::this year::noaa::records::monthly records::trends: