Molinna Weather Station

 Latitude N 60° 21' 23"    Longitude E 10° 28' 20"    Elevation 275 m

Records began on 20 desember 2012

NOAA Style Reports for Molinna

Select a Year or Month report
V/Λ2018 > Jan Feb Mar Apr May Jun Jul Aug Sep Oct Nov Dec
V/Λ2017 > Jan Feb Mar Apr May Jun Jul Aug Sep Oct Nov Dec
V/Λ2016 > Jan Feb Mar Apr May Jun Jul Aug Sep Oct Nov Dec
V/Λ2015 > Jan Feb Mar Apr May Jun Jul Aug Sep Oct Nov Dec
V/Λ2014 > Jan Feb Mar Apr May Jun Jul Aug Sep Oct Nov Dec
V/Λ2013 > Jan Feb Mar Apr May Jun Jul Aug Sep Oct Nov Dec

Report for 2015 Oct
                   Monthly Climatological Summary for okt 2015

Name: Skiakersgutua Weather Station   City: Gran   State: 
Elevation: 235 m  Lat: N 60 21' 54"   Lon: E 010 33' 13"

                  Temperature (C), Rain (mm), Wind Speed (m/s)

                                      Heat  Cool        Avg
    Mean                              Deg   Deg         Wind                 Dom
Day Temp  High   Time   Low    Time   Days  Days  Rain  Speed High   Time    Dir
----------------------------------------------------------------------------------
 1  10,3  16,1   13:42   4,6   07:50   8,0   0,0   0,0   1,4   6,5   14:06     W
 2  12,3  18,1   15:55   6,5   04:23   6,0   0,0   0,0   2,2   7,1   10:09   WSW
 3   8,5  18,1   13:25   0,9   07:42   9,8   0,0   0,0   1,5   6,5   14:35   SSW
 4   7,9  18,0   15:29   2,2   23:50  10,4   0,0   0,0   0,8   2,7   13:09    NW
 5   7,5  17,3   15:46  -0,8   07:18  10,8   0,0   0,0   1,9   6,8   09:59     S
 6   7,7  10,8   16:41   5,9   07:44  10,6   0,0   0,0   4,6  10,5   08:42     S
 7   7,2  10,5   14:43   5,5   07:27  11,1   0,0   0,0   3,4   9,9   11:26   SSE
 8   6,4   9,9   14:34   4,6   06:29  11,9   0,0   0,0   3,9   7,5   11:07     S
 9   6,3   8,4   13:58   5,1   03:50  12,0   0,0   0,0   2,2   6,8   11:39     S
10   6,7   9,2   16:37   5,0   04:29  11,6   0,0   0,0   0,4   2,4   00:49   SSW
11   7,6  11,6   13:47   5,2   07:20  10,7   0,0   0,0   0,5   2,7   20:48   SSW
12   7,0  10,0   15:15   5,3   06:56  11,3   0,0   0,3   1,2   5,1   12:36     S
13   6,0  15,9   14:42  -1,1   23:29  12,3   0,0   0,0   0,6   2,7   18:16   WSW
14   0,5   5,7   16:08  -2,2   02:08  17,8   0,0   0,3   0,7   3,1   14:07     S
15   0,3   6,6   15:49  -2,8   02:41  18,0   0,0   0,0   0,7   3,4   19:50     W
16   0,7   2,6   14:55  -0,7   23:09  17,6   0,0   0,3   0,8   2,7   01:25     S
17   0,8   8,3   15:29  -1,8   23:35  17,5   0,0   0,0   0,3   2,7   13:44    SW
18   2,0  12,9   15:05  -3,7   08:44  16,3   0,0   0,3   0,3   2,0   16:35   WSW
19   1,7  11,4   14:21  -3,0   07:43  16,6   0,0   0,0   0,3   1,7   11:22   SSW
20   3,9   6,6   16:27   0,2   00:14  14,4   0,0   0,3   0,7   3,7   10:35   WSW
21   4,9   9,5   22:22   0,3   07:20  13,4   0,0   3,3   2,8   8,8   19:24     S
22   9,7  15,9   14:18   5,5   03:24   8,6   0,0   0,0   3,4   8,8   12:53     S
23   9,3  17,3   11:48   1,0   23:56   9,0   0,0   0,0   1,9  10,9   09:17   WNW
24   5,9  10,5   14:55   0,9   01:13  12,4   0,0   0,6   2,2   7,5   14:26     S
25   7,1  13,2   11:23   0,6   21:13  11,6   0,0   1,2   2,0   7,1   16:00     W
26   5,0  13,6   12:32   1,4   00:00  13,3   0,0   0,0   1,2   5,1   12:44   SSW
27   2,7  12,5   12:59  -2,3   05:57  15,6   0,0   0,3   0,7   2,7   01:11   WSW
28   5,3   6,2   12:17   2,1   00:00  13,0   0,0   0,0   3,5   7,1   00:58     S
29   4,6   5,9   14:14   3,0   07:05  13,7   0,0   0,0   1,5   4,4   00:17   SSW
30   5,2   6,0   14:21   4,0   07:06  13,1   0,0   0,6   2,4   7,1   21:05     S
31   7,8   9,7   13:06   5,0   00:08  10,5   0,0   0,0   3,1   7,5   02:43     S
----------------------------------------------------------------------------------
     5,8  18,1     2    -3,7    18   388,9   0,0   7,5   1,7  10,9    23     SSW

Max >=  27,0:  0
Max <=   0,0:  0
Min <=   0,0:  9
Min <= -18,0:  0
Max Rain: 3,3 on day 21
Days of Rain: 10 (>= 0,2 mm)  1 (>= 2,0 mm)  0 (>= 20,0 mm)
Heat Base: 18,3  Cool Base: 18,3  Method: Integration
:now::gauges::today::yesterday::this month::this year::noaa::records::monthly records::trends: