Molinna Weather Station

 Latitude N 60° 21' 23"    Longitude E 10° 28' 20"    Elevation 275 m

Records began on 20 desember 2012

NOAA Style Reports for Molinna

Select a Year or Month report
V/Λ2018 > Jan Feb Mar Apr May Jun Jul Aug Sep Oct Nov Dec
V/Λ2017 > Jan Feb Mar Apr May Jun Jul Aug Sep Oct Nov Dec
V/Λ2016 > Jan Feb Mar Apr May Jun Jul Aug Sep Oct Nov Dec
V/Λ2015 > Jan Feb Mar Apr May Jun Jul Aug Sep Oct Nov Dec
V/Λ2014 > Jan Feb Mar Apr May Jun Jul Aug Sep Oct Nov Dec
V/Λ2013 > Jan Feb Mar Apr May Jun Jul Aug Sep Oct Nov Dec

Report for 2015 Nov
                   Monthly Climatological Summary for nov 2015

Name: Skiakersgutua Weather Station   City: Gran   State: 
Elevation: 235 m  Lat: N 60 21' 54"   Lon: E 010 33' 13"

                  Temperature (C), Rain (mm), Wind Speed (m/s)

                                      Heat  Cool        Avg
    Mean                              Deg   Deg         Wind                 Dom
Day Temp  High   Time   Low    Time   Days  Days  Rain  Speed High   Time    Dir
----------------------------------------------------------------------------------
 1   8,3  12,6   11:18   4,0   07:36  10,0   0,0   0,0   2,2   6,1   14:35     S
 2   8,4  17,3   12:25   2,2   08:01   9,9   0,0   0,0   1,3   6,1   14:38     W
 3   5,7  11,9   13:22   2,1   05:31  12,6   0,0   0,0   1,5   5,8   11:38   SSW
 4   2,1   5,6   00:00   0,4   18:13  16,2   0,0   0,0   0,8   2,7   01:29   SSW
 5   2,7   5,0   14:47   0,0   04:06  15,5   0,0   0,3   0,4   2,0   09:29    SW
 6   5,8   8,6   23:27   4,3   00:00  12,5   0,0   0,9   1,1   7,5   23:05     S
 7   8,6  14,1   13:12   5,9   18:31   9,7   0,0  11,1   2,3   8,5   05:23   SSW
 8   5,8  10,5   12:52   1,7   08:16  12,5   0,0   2,4   3,3  10,5   03:19   WSW
 9   6,0   8,1   05:35   4,2   08:42  12,3   0,0   3,9   3,2  11,2   01:16     S
10   4,5   8,5   13:22   1,1   19:28  13,8   0,0   0,0   1,4   9,9   03:07   WSW
11   2,4   7,2   15:04  -0,8   08:32  15,9   0,0   0,0   1,0   3,4   15:04   WSW
12   1,5   5,3   12:21  -1,4   23:11  16,8   0,0   0,0   0,9   2,4   00:57   WSW
13   4,3  11,5   12:16  -1,0   00:28  14,0   0,0   3,6   2,1  10,9   07:22   SSW
14   1,3   3,5   14:20  -0,3   07:33  17,0   0,0   0,6   1,3   5,1   09:50    SW
15   0,1   6,2   11:15  -3,7   22:53  18,2   0,0   0,3   1,1   5,8   05:40    SW
16   0,0   2,4   15:28  -3,6   03:43  18,3   0,0   1,8   2,6  11,6   14:17     S
17   0,1   3,5   18:59  -3,5   04:01  18,2   0,0   0,3   1,6   6,1   13:09   SSW
18  -0,7   0,7   08:48  -2,4   23:30  19,0   0,0   0,0   0,8   3,4   11:24   WSW
19  -1,8   0,0   15:18  -6,7   23:56  20,1   0,0   0,0   3,2   9,2   10:31   NNW
20  -6,4  -4,4   12:25  -9,3   06:19  24,7   0,0   0,0   0,8   2,4   09:56   SSW
21  -7,6  -5,5   13:05 -10,0   23:43  25,9   0,0   0,0   0,4   2,0   03:41   SSW
22 -10,0  -6,7   13:36 -13,7   08:33  28,3   0,0   0,0   0,0   0,0   00:00   ---
23  -7,4  -4,5   23:13  -9,6   00:12  25,7   0,0   0,0   0,3   1,4   05:32   SSW
24   0,3   3,2   12:13  -4,6   00:00  18,0   0,0   2,7   0,9   3,7   09:44   WSW
25   0,3   1,2   00:11  -2,0   23:57  18,0   0,0   0,3   1,0   3,1   20:32   WNW
26  -2,1   1,8   23:32  -4,5   09:05  20,4   0,0   0,0   1,7   9,2   23:03     S
27   4,0   1,1   16:48   1,8   00:00  14,6   0,0   0,0   4,8  12,6   18:32     S
28   2,5   8,4   01:42  -1,6   17:14  15,8   0,0   6,9   2,7  10,2   23:30   SSW
29   1,8   3,9   05:55  -2,8   23:56  16,8   0,0   4,5   3,0   9,2   00:17     S
30  -3,0   1,5   10:49  -5,0   22:59  21,3   0,0   0,0   0,9   3,1   22:21     W
----------------------------------------------------------------------------------
     1,3  17,3     2   -13,7    22   512,0   0,0  39,6   1,6  12,6    27     SSW

Max >=  27,0:  0
Max <=   0,0:  5
Min <=   0,0: 20
Min <= -18,0:  0
Max Rain: 11,1 on day 7
Days of Rain: 14 (>= 0,2 mm)  7 (>= 2,0 mm)  0 (>= 20,0 mm)
Heat Base: 18,3  Cool Base: 18,3  Method: Integration
:now::gauges::today::yesterday::this month::this year::noaa::records::monthly records::trends: