Molinna Weather Station

 Latitude N 60° 21' 23"    Longitude E 10° 28' 20"    Elevation 275 m

Records began on 20 desember 2012

NOAA Style Reports for Molinna

Select a Year or Month report
V/Λ2018 > Jan Feb Mar Apr May Jun Jul Aug Sep Oct Nov Dec
V/Λ2017 > Jan Feb Mar Apr May Jun Jul Aug Sep Oct Nov Dec
V/Λ2016 > Jan Feb Mar Apr May Jun Jul Aug Sep Oct Nov Dec
V/Λ2015 > Jan Feb Mar Apr May Jun Jul Aug Sep Oct Nov Dec
V/Λ2014 > Jan Feb Mar Apr May Jun Jul Aug Sep Oct Nov Dec
V/Λ2013 > Jan Feb Mar Apr May Jun Jul Aug Sep Oct Nov Dec

Report for 2015 Dec
                   Monthly Climatological Summary for des 2015

Name: Skiakersgutua Weather Station   City: Gran   State: 
Elevation: 235 m  Lat: N 60 21' 54"   Lon: E 010 33' 13"

                  Temperature (C), Rain (mm), Wind Speed (m/s)

                                      Heat  Cool        Avg
    Mean                              Deg   Deg         Wind                 Dom
Day Temp  High   Time   Low    Time   Days  Days  Rain  Speed High   Time    Dir
----------------------------------------------------------------------------------
 1  -2,9   3,4   15:15  -7,0   09:09  21,2   0,0   0,0   1,4   6,5   15:13     W
 2  -0,1   3,4   19:26  -4,6   02:05  18,4   0,0   0,3   2,2   7,5   15:27     S
 3  -0,6   2,0   00:23  -3,3   19:50  18,9   0,0   0,0   1,1   5,1   15:50    SW
 4  -0,3   2,0   23:49  -2,9   18:06  18,6   0,0   0,0   1,2   6,5   23:48     N
 5   5,9   8,6   14:30   1,6   00:08  12,4   0,0   4,2   3,8  10,5   17:17     S
 6   5,5   8,9   05:46   2,5   23:57  12,8   0,0   0,0   2,3   8,2   11:46   SSW
 7   1,6   6,7   02:57  -4,6   20:53  16,7   0,0   0,0   1,8   9,5   06:06   WNW
 8   3,6   7,6   23:39  -3,6   00:00  14,7   0,0   3,0   3,3   7,8   12:33     S
 9   5,2   7,6   03:25   0,5   18:18  13,1   0,0   0,0   3,7   9,5   09:44     S
10   5,3   7,9   09:46   1,5   19:34  13,0   0,0   0,9   4,4  11,6   15:18     S
11  -0,6   2,8   10:36  -4,0   23:31  18,9   0,0   0,0   2,1   8,2   03:01     S
12  -4,2  -1,7   10:40  -6,6   20:59  22,5   0,0   0,0   0,9   3,1   21:38   WSW
13  -4,5  -1,8   13:34  -6,1   04:37  22,8   0,0   0,0   0,6   2,0   00:23    SW
14  -5,5  -4,0   01:05  -6,6   23:36  23,8   0,0   0,0   0,7   3,1   03:51   SSE
15  -8,3  -6,5   00:00 -10,1   22:08  26,6   0,0   0,0   0,9   2,4   21:09     S
16  -7,7  -4,8   23:33 -10,2   06:33  26,0   0,0   0,0   0,7   2,0   01:32   SSE
17  -1,9  -0,1   22:41  -4,9   00:00  20,2   0,0   0,0   0,3   2,7   07:29     N
18   1,4   6,9   23:43  -0,2   00:00  16,9   0,0   6,3   1,0   7,8   23:04   WSW
19   4,2   7,5   01:09   0,6   10:22  14,1   0,0   1,2   2,3  10,9   17:41   SSW
20   7,7   9,9   11:38   5,3   23:13  10,6   0,0   0,9   3,6   9,2   12:58     S
21   5,5   8,5   10:51   3,0   23:18  12,8   0,0   0,0   4,4  10,2   10:11     S
22   3,4   6,5   19:55   1,5   03:34  14,9   0,0   3,3   2,3   8,8   14:10   SSW
23   2,7   4,7   20:09  -0,9   06:38  15,6   0,0   0,0   3,2   8,8   11:32     S
24   4,6   4,6   00:00   4,6   00:00  13,7   0,0   0,0  ----   4,1   00:00     S
25   4,6   4,6   00:00   4,6   00:00  13,7   0,0   0,0  ----   4,1   00:00     S
26   4,6   4,6   00:00   4,6   00:00  13,7   0,0   0,0  ----   4,1   00:00     S
27   4,6   4,6   00:00   4,6   00:00  13,7   0,0   0,0  ----   4,1   00:00     S
28   4,6   4,6   00:00   4,6   00:00  13,7   0,0   0,0  ----   4,1   00:00     S
29   3,4  16,1   18:26  -2,0   18:26  15,2   0,0   1,2   5,5  10,2   20:12     S
30   0,5   2,3   18:51  -1,6   00:07  17,8   0,0   0,3   7,0  13,9   22:48     S
31  -0,1   1,9   00:00  -1,6   18:01  18,4   0,0   0,0   6,1  11,9   02:56   SSE
----------------------------------------------------------------------------------
     1,4  16,1    29   -10,2    16   525,4   0,0  21,6   2,5  13,9    30       S

Max >=  27,0:  0
Max <=   0,0:  6
Min <=   0,0: 18
Min <= -18,0:  0
Max Rain: 6,3 on day 18
Days of Rain: 10 (>= 0,2 mm)  4 (>= 2,0 mm)  0 (>= 20,0 mm)
Heat Base: 18,3  Cool Base: 18,3  Method: Integration
:now::gauges::today::yesterday::this month::this year::noaa::records::monthly records::trends: