Molinna Weather Station

 Latitude N 60° 21' 23"    Longitude E 10° 28' 20"    Elevation 275 m

Records began on 20 desember 2012

NOAA Style Reports for Molinna

Select a Year or Month report
V/Λ2018 > Jan Feb Mar Apr May Jun Jul Aug Sep Oct Nov Dec
V/Λ2017 > Jan Feb Mar Apr May Jun Jul Aug Sep Oct Nov Dec
V/Λ2016 > Jan Feb Mar Apr May Jun Jul Aug Sep Oct Nov Dec
V/Λ2015 > Jan Feb Mar Apr May Jun Jul Aug Sep Oct Nov Dec
V/Λ2014 > Jan Feb Mar Apr May Jun Jul Aug Sep Oct Nov Dec
V/Λ2013 > Jan Feb Mar Apr May Jun Jul Aug Sep Oct Nov Dec

Report for 2016
                   Annual Climatological Summary for 2016

Name: Skiakersgutua Weather Station   City: Gran   State: 
Elevation: 235 m  Lat: N 60 21' 54"   Lon: E 010 33' 13"

                  Temperature (C), Heat Base: 18,3  Cool Base: 18,3
                          Dep.  Heat  Cool                       Max  Max  Min  Min
        Mean  Mean        From  Deg   Deg                        >=   <=   <=   <=
 YR MO  Max   Min   Mean  Norm  Days  Days  Hi  Date  Low  Date 27,0  0,0  0,0 -18,0
------------------------------------------------------------------------------------
 16  1  -5,9 -12,5  -9,1   0.0   848     0   6,3  29 -24,6   22    0   22   31   10
 16  2   2,5  -9,1  -4,1   0.0   648     0  10,5  26 -18,0   15    0    8   27    1
 16  3   8,5  -2,9   1,8   0.0   510     0  16,8  17  -9,1    8    0    0   28    0
 16  4  11,4  -0,4   4,7   0.0   408     0  19,3  12  -6,0    1    0    0   15    0
 16  5  19,5   5,7  12,1   0.0   208    15  33,0  31  -1,4    4    4    0    1    0
 16  6  24,6  10,2  16,8   0.0    88    44  34,6  25   3,3   11    7    0    0    0
 16  7  25,7  10,5  17,2   0.0    82    49  30,9  22   5,8    4    9    0    0    0
 16  8  23,0   9,4  15,1   0.0   120    21  32,4  23   3,8   11    4    0    0    0
 16  9  22,9   8,6  14,6   0.0   131    20  32,1  15   2,7    5    7    0    0    0
 16 10   9,6   0,6   4,5   0.0   428     0  20,4   1  -5,0    6    0    0   12    0
 16 11   1,8  -4,5  -1,3   0.0   588     0  10,0  25 -14,8   12    0   10   26    0
 16 12   1,8  -5,1  -1,7   0.0   618     0   9,3   5 -12,2   15    0   12   29    0
------------------------------------------------------------------------------------
        12,1   0,9   5,9   0.0  4684   150  34,6 jun -24,6  jan   31   52  169   11

                                Precipitation (mm)

              Dep.   Max        Days of Rain
              From   Obs.           >=
 YR MO Total  Norm   Day Date  0,2  2,0 20,0
---------------------------------------------
 16  1  16,8   0.0   9,9  26     4    3    0
 16  2  12,6   0.0   3,0   7     7    4    0
 16  3  20,1   0.0   6,3  29    10    5    0
 16  4  70,5   0.0  25,8  30    14    9    1
 16  5  54,6   0.0  30,6  23    11    3    1
 16  6  35,1   0.0   9,3  26    14    7    0
 16  7  63,9   0.0  13,5  26    20   10    0
 16  8  57,3   0.0  10,2   8    18    8    0
 16  9  28,2   0.0   8,4  11    11    5    0
 16 10  14,7   0.0   8,7  31     9    1    0
 16 11  32,4   0.0   8,1  14    15    4    0
 16 12   6,0   0.0   2,7   7     7    1    0
---------------------------------------------
       412,2   0.0  30,6  mai  140   60    2

                                Wind Speed (m/s)
                          Dom
 YR MO   Avg.  Hi   Date  Dir
------------------------------
 16  1   1,8  14,6   29   SSW
 16  2   2,3  15,6   20   SSW
 16  3   2,1  12,9   28   SSW
 16  4   2,4  14,6   21   WNW
 16  5   3,0  12,9   14    NW
 16  6   2,5  12,6    7   SSW
 16  7   2,0  10,2   25   SSW
 16  8   2,2  13,6    8    SW
 16  9   2,1  14,3   27     S
 16 10   1,9  11,6   29    NW
 16 11   2,3  24,0   11    NW
 16 12   1,6  15,0   27   SSW
------------------------------
         2,2  24,0  nov    SW
:now::gauges::today::yesterday::this month::this year::noaa::records::monthly records::trends: