Molinna Weather Station

 Latitude N 60° 21' 23"    Longitude E 10° 28' 20"    Elevation 275 m

Records began on 20 desember 2012

NOAA Style Reports for Molinna

Select a Year or Month report
V/Λ2018 > Jan Feb Mar Apr May Jun Jul Aug Sep Oct Nov Dec
V/Λ2017 > Jan Feb Mar Apr May Jun Jul Aug Sep Oct Nov Dec
V/Λ2016 > Jan Feb Mar Apr May Jun Jul Aug Sep Oct Nov Dec
V/Λ2015 > Jan Feb Mar Apr May Jun Jul Aug Sep Oct Nov Dec
V/Λ2014 > Jan Feb Mar Apr May Jun Jul Aug Sep Oct Nov Dec
V/Λ2013 > Jan Feb Mar Apr May Jun Jul Aug Sep Oct Nov Dec

Report for 2016 Jan
                   Monthly Climatological Summary for jan 2016

Name: Skiakersgutua Weather Station   City: Gran   State: 
Elevation: 235 m  Lat: N 60 21' 54"   Lon: E 010 33' 13"

                  Temperature (C), Rain (mm), Wind Speed (m/s)

                                      Heat  Cool        Avg
    Mean                              Deg   Deg         Wind                 Dom
Day Temp  High   Time   Low    Time   Days  Days  Rain  Speed High   Time    Dir
----------------------------------------------------------------------------------
 1   1,1   1,6   14:53   0,0   00:23  17,2   0,0   0,0   5,3   9,5   00:13     S
 2  -2,9   0,8   01:33  -6,4   23:18  21,2   0,0   0,0   5,3  11,9   10:29   SSE
 3  -6,9  -6,4   00:00  -8,1   23:42  25,2   0,0   0,0   2,3   6,5   01:10     S
 4  -8,2  -7,6   11:49  -8,8   22:30  26,5   0,0   0,0   2,7   8,2   17:34     S
 5  -8,5  -8,1   12:11  -9,0   22:28  26,8   0,0   0,0   1,2   3,1   08:54     W
 6 -10,5  -8,9   01:21 -13,2   05:55  28,8   0,0   0,0   1,4   4,4   23:52     S
 7 -13,8 -11,0   00:00 -17,3   17:39  32,1   0,0   0,0   1,8   5,4   01:58     S
 8 -12,2 -10,7   23:20 -14,0   00:00  30,5   0,0   0,0   1,0   3,4   10:33   NNW
 9 -10,6  -9,7   13:05 -11,2   03:50  28,9   0,0   0,0   2,1   4,4   22:18    NW
10  -8,5  -5,7   22:06 -10,9   00:24  26,8   0,0   0,0   2,8   5,8   02:37    NW
11  -3,8  -2,3   13:09  -6,7   23:50  22,1   0,0   0,0   2,4   5,8   05:34    NW
12  -4,9  -3,4   03:46  -6,8   00:58  23,2   0,0   0,0   2,8   6,5   07:22   NNW
13 -11,2  -6,4   00:00 -21,5   23:35  29,5   0,0   0,0   1,3   4,4   04:44   WNW
14 -17,4 -12,3   13:20 -22,3   02:07  35,7   0,0   0,0   0,4   1,4   02:00   SSW
15 -16,2 -12,1   23:05 -22,3   00:55  34,5   0,0   0,0   0,6   2,7   15:57     S
16 -15,8 -11,8   03:44 -20,9   19:00  34,1   0,0   0,0   0,4   1,4   03:30   SSW
17 -19,4 -14,8   00:28 -22,6   19:54  37,7   0,0   0,0   0,2   1,0   00:33     S
18 -18,5 -14,0   12:25 -22,2   00:00  36,8   0,0   0,0   0,1   0,7   00:26    SW
19 -19,2 -14,6   14:10 -22,7   07:10  37,5   0,0   0,0   0,0   0,3   00:32     S
20 -20,3 -13,7   11:19 -22,5   22:03  38,6   0,0   0,0   0,0   0,3   00:14     S
21 -21,1 -17,0   11:24 -24,0   08:23  39,4   0,0   0,0   0,0   0,3   00:11     S
22 -16,9 -10,7   23:43 -24,6   04:54  35,8   0,0   0,0   0,0   1,0   19:18     S
23  -8,0  -4,9   13:43 -10,8   00:11  26,3   0,0   0,0   0,0   0,7   09:44   SSW
24  -8,6  -5,6   02:21 -11,2   17:37  26,9   0,0   0,0   0,1   0,7   10:43     E
25  -4,2   1,0   23:55  -7,9   00:00  22,5   0,0   0,0   0,3   6,8   22:42     S
26   1,6   3,4   13:17  -1,7   09:34  16,7   0,0   9,9   3,4   8,8   00:18     S
27   2,3   4,7   14:08   0,0   18:37  16,0   0,0   2,1   2,1   9,5   00:18   SSW
28   1,2   5,4   11:41  -2,3   20:12  17,1   0,0   4,2   2,9  10,2   06:44    NW
29   2,4   6,3   16:11  -1,8   02:24  15,9   0,0   0,6   5,2  14,6   16:13     S
30   1,3   4,0   10:54  -3,7   21:49  17,0   0,0   0,0   4,4  11,6   04:09     S
31  -3,2   3,0   12:52  -8,6   21:31  21,5   0,0   0,0   1,8   8,2   01:09    SW
----------------------------------------------------------------------------------
    -9,1   6,3    29   -24,6    22   848,8   0,0  16,8   1,8  14,6    29     SSW

Max >=  27,0:  0
Max <=   0,0: 22
Min <=   0,0: 31
Min <= -18,0: 10
Max Rain: 9,9 on day 26
Days of Rain: 4 (>= 0,2 mm)  3 (>= 2,0 mm)  0 (>= 20,0 mm)
Heat Base: 18,3  Cool Base: 18,3  Method: Integration
:now::gauges::today::yesterday::this month::this year::noaa::records::monthly records::trends: