Midtre Skiakersgutua Weather Station

 Latitude N 60° 21' 23"    Longitude E 10° 28' 20"    Elevation 275 m

Records began on 20 desember 2012

NOAA Style Reports for Midtre Skiakersgutua

Select a Year or Month report

Report for 2016 Feb
                   Monthly Climatological Summary for feb 2016

Name: Skiakersgutua Weather Station   City: Gran   State: 
Elevation: 235 m  Lat: N 60 21' 54"   Lon: E 010 33' 13"

                  Temperature (C), Rain (mm), Wind Speed (m/s)

                                      Heat  Cool        Avg
    Mean                              Deg   Deg         Wind                 Dom
Day Temp  High   Time   Low    Time   Days  Days  Rain  Speed High   Time    Dir
----------------------------------------------------------------------------------
 1  -5,3   1,0   23:34 -11,6   03:07  23,6   0,0   0,0   1,9  11,9   14:56   SSW
 2   0,5   2,2   17:23  -4,1   08:21  17,8   0,0   0,9   3,7  10,2   22:56   SSW
 3  -4,8   2,4   13:07 -10,8   22:58  23,1   0,0   0,0   1,4   8,5   00:12   WNW
 4  -8,5  -0,8   12:37 -13,1   06:36  26,8   0,0   0,0   1,0   3,4   16:36    SW
 5  -5,8  -0,3   23:57 -13,1   00:12  24,1   0,0   0,0   1,7   7,5   19:35     S
 6   2,9   6,7   13:27  -0,3   00:00  15,3   0,0   2,1   4,2  12,2   13:30     S
 7   3,4   4,4   07:12   1,9   00:22  14,9   0,0   3,0   4,8  10,9   00:38     S
 8   2,3   3,1   03:30   1,3   14:06  16,0   0,0   3,0   5,8  12,6   11:34     S
 9   1,9   4,4   14:22  -1,2   21:41  16,4   0,0   2,1   2,0   6,5   03:13   SSW
10  -0,2   0,9   06:15  -1,6   01:55  18,5   0,0   0,0   2,4   7,8   23:40   NNW
11  -0,9   1,3   12:15  -4,1   23:58  19,2   0,0   0,0   6,7  13,9   14:43   NNW
12  -3,8  -1,6   13:44  -5,8   05:32  22,1   0,0   0,0   6,0  14,3   14:41   NNW
13  -6,4  -0,5   13:08 -13,0   22:30  24,7   0,0   0,0   1,8   7,1   02:09   NNW
14 -11,6  -2,6   14:15 -16,0   23:23  29,9   0,0   0,0   0,6   2,0   10:12    SW
15 -12,3  -1,4   14:07 -18,0   06:37  30,6   0,0   0,0   0,7   2,0   15:26    SW
16 -10,2  -0,5   23:55 -17,8   05:18  28,5   0,0   0,0   1,5   7,8   23:42   SSW
17   0,5   3,2   12:26  -2,4   19:22  17,8   0,0   0,0   4,4  10,5   12:50     S
18  -3,7  -0,2   13:54  -6,3   19:21  22,0   0,0   0,0   2,2   8,2   04:46     S
19  -3,3   3,5   14:35  -7,6   05:23  21,6   0,0   0,0   1,8  11,9   23:51     S
20  -0,3   0,8   02:45  -5,9   23:08  18,6   0,0   1,2   4,8  15,6   06:27     S
21  -3,5   5,2   14:50 -10,2   07:47  22,1   0,0   0,3   0,6   5,1   15:27     S
22  -6,1   2,8   13:58 -10,5   05:57  24,4   0,0   0,0   0,7   2,0   07:29    SW
23  -6,6   1,5   13:31 -11,6   23:43  24,9   0,0   0,0   0,5   2,7   19:47    SW
24  -7,5   4,4   13:15 -15,3   07:48  25,8   0,0   0,0   0,7   2,0   00:43    SW
25  -7,2   3,1   13:34 -13,6   07:41  25,5   0,0   0,0   0,6   2,0   00:29    SW
26  -2,4  10,5   13:09  -8,4   23:58  20,7   0,0   0,0   1,0   4,1   17:01   WNW
27  -5,5   8,4   13:40 -13,9   07:09  23,8   0,0   0,0   0,7   2,4   14:41    SW
28  -7,2   5,2   14:30 -14,9   06:30  25,4   0,0   0,0   0,8   2,4   01:15   SSW
29  -6,4   4,9   14:00 -15,9   07:04  24,7   0,0   0,0   1,8   7,8   17:54     S
----------------------------------------------------------------------------------
    -4,1  10,5    26   -18,0    15   648,8   0,0  12,6   2,3  15,6    20     SSW

Max >=  27,0:  0
Max <=   0,0:  8
Min <=   0,0: 27
Min <= -18,0:  1
Max Rain: 3,0 on day 7
Days of Rain: 7 (>= 0,2 mm)  4 (>= 2,0 mm)  0 (>= 20,0 mm)
Heat Base: 18,3  Cool Base: 18,3  Method: Integration
:now::gauges::today::yesterday::this month::this year::noaa::records::monthly records::trends: