Midtre Skiakersgutua Weather Station

 Latitude N 60° 21' 23"    Longitude E 10° 28' 20"    Elevation 275 m

Records began on 20 desember 2012

NOAA Style Reports for Midtre Skiakersgutua

Select a Year or Month report

Report for 2016 Mar
                   Monthly Climatological Summary for mar 2016

Name: Skiakersgutua Weather Station   City: Gran   State: 
Elevation: 235 m  Lat: N 60 21' 54"   Lon: E 010 33' 13"

                  Temperature (C), Rain (mm), Wind Speed (m/s)

                                      Heat  Cool        Avg
    Mean                              Deg   Deg         Wind                 Dom
Day Temp  High   Time   Low    Time   Days  Days  Rain  Speed High   Time    Dir
----------------------------------------------------------------------------------
 1  -1,8   0,1   12:26  -3,8   00:07  20,1   0,0   0,0   4,2  10,9   20:15     S
 2  -1,3   1,1   14:29  -2,8   00:55  19,6   0,0   0,0   3,1  10,5   06:43   SSE
 3  -0,2   7,5   14:06  -2,3   06:43  18,5   0,0   2,1   2,0   6,1   23:23     W
 4   0,0   0,7   01:15  -0,8   05:25  18,3   0,0   1,2   1,4   6,1   01:13    NW
 5  -0,4   3,2   11:28  -2,4   21:23  18,7   0,0   2,1   0,5   3,4   20:44   WNW
 6  -0,6   3,6   13:08  -2,5   06:48  18,9   0,0   0,3   1,2   5,4   23:18   WSW
 7  -0,3   1,8   13:33  -1,8   00:16  18,6   0,0   0,3   5,2   9,9   14:23   NNW
 8  -0,8   9,4   13:58  -9,1   07:30  19,1   0,0   0,0   2,0   6,5   21:52   SSW
 9   0,5   8,7   12:11  -5,9   06:35  17,8   0,0   0,0   0,9   4,4   00:08   SSW
10   1,3   5,5   16:05  -0,8   22:09  17,0   0,0   0,0   0,9   3,1   11:21     N
11   1,6  11,4   13:45  -3,6   23:41  16,7   0,0   0,0   0,8   3,7   09:50    SW
12  -1,3   2,7   16:01  -4,5   00:22  19,6   0,0   0,0   1,6   4,8   16:10     S
13   1,5   6,8   14:45  -1,2   03:17  16,8   0,0   0,0   0,6   2,4   16:15   SSW
14   4,3  15,1   15:34  -0,9   07:09  14,0   0,0   0,0   0,6   2,7   11:59    SW
15   4,3  16,4   13:32  -3,5   07:01  14,0   0,0   0,3   0,9   4,4   03:46    SW
16   3,5  16,7   14:50  -4,9   05:54  14,8   0,0   0,0   0,6   2,4   11:13   SSW
17   4,9  16,8   13:01  -4,5   06:09  13,4   0,0   0,0   1,5   9,5   20:24   WNW
18   3,5  10,6   15:23  -4,3   07:09  14,8   0,0   0,0   2,8   9,5   14:05   NNW
19   3,6  16,0   14:04  -5,4   06:36  14,7   0,0   0,0   1,4   6,8   16:48     W
20   2,9  15,5   12:33  -5,7   06:04  15,4   0,0   0,0   1,4   4,8   21:38   WSW
21   1,4  10,2   11:26  -5,9   06:56  16,9   0,0   0,0   1,3   4,1   00:34     W
22   2,8  15,1   14:27  -3,3   06:21  15,5   0,0   0,0   1,0   4,1   14:54   SSW
23   2,2  10,1   15:49  -4,7   06:07  16,1   0,0   0,0   2,1   7,5   14:22    NW
24   0,7   7,0   12:52  -5,5   05:07  17,6   0,0   0,0   2,1   7,1   16:47     S
25   3,6  12,7   16:23  -2,2   23:51  14,7   0,0   0,0   1,3   5,4   12:15   SSW
26   3,5   8,3   12:39  -2,3   00:42  14,8   0,0   0,0   3,7  10,9   20:59     S
27   4,5   5,9   15:47   3,0   23:00  13,2   0,0   3,3   5,5  10,9   03:12     S
28   4,6   7,0   16:35   2,7   00:51  13,7   0,0   3,6   4,7  12,9   20:46     S
29   4,5   6,1   16:27   3,1   23:55  13,8   0,0   6,3   4,9  11,9   10:40     S
30   2,8   6,2   18:15  -1,1   23:59  15,3   0,0   0,6   2,3   7,5   03:48    NW
31   0,2   5,3   12:41  -4,5   06:25  18,1   0,0   0,0   2,2  11,2   17:55   NNW
----------------------------------------------------------------------------------
     1,8  16,8    17    -9,1     8   510,5   0,0  20,1   2,1  12,9    28      SW

Max >=  27,0:  0
Max <=   0,0:  0
Min <=   0,0: 28
Min <= -18,0:  0
Max Rain: 6,3 on day 29
Days of Rain: 10 (>= 0,2 mm)  5 (>= 2,0 mm)  0 (>= 20,0 mm)
Heat Base: 18,3  Cool Base: 18,3  Method: Integration
:now::gauges::today::yesterday::this month::this year::noaa::records::monthly records::trends: