Midtre Skiakersgutua Weather Station

 Latitude N 60° 21' 23"    Longitude E 10° 28' 20"    Elevation 275 m

Records began on 20 desember 2012

NOAA Style Reports for Midtre Skiakersgutua


Report for 2016 Apr
                   Monthly Climatological Summary for apr 2016

Name: Skiakersgutua Weather Station   City: Gran   State: 
Elevation: 235 m  Lat: N 60 21' 54"   Lon: E 010 33' 13"

                  Temperature (C), Rain (mm), Wind Speed (m/s)

                                      Heat  Cool        Avg
    Mean                              Deg   Deg         Wind                 Dom
Day Temp  High   Time   Low    Time   Days  Days  Rain  Speed High   Time    Dir
----------------------------------------------------------------------------------
 1   2,5  11,5   15:26  -6,0   06:30  15,8   0,0   0,0   1,5   6,5   15:02   SSW
 2   3,7   8,1   15:44   1,3   07:13  14,6   0,0   2,1   3,4   8,5   12:08     S
 3   3,1   7,0   14:02  -0,2   03:25  15,2   0,0   2,1   0,7   3,4   16:19     W
 4   4,4   6,8   16:21   2,8   00:42  13,9   0,0   2,7   0,8   3,4   05:13   NNW
 5   5,6   8,9   15:58   3,3   07:10  12,7   0,0   4,2   1,0   4,8   22:45   SSW
 6   6,7  14,5   16:29   3,0   23:57  11,6   0,0   0,0   1,9   5,4   01:40     S
 7   5,0   9,7   14:37   2,6   00:22  13,3   0,0   6,6   1,6   5,1   01:39   SSW
 8   4,2   8,4   15:29   1,2   06:06  14,1   0,0   0,3   1,5   6,1   14:48     S
 9   4,2  15,8   17:47  -0,7   23:59  14,1   0,0   0,6   1,6   5,8   13:28   NNW
10   4,5  16,5   16:12  -3,2   05:47  13,8   0,0   0,0   1,2   6,1   16:45     S
11   5,1  15,0   17:07  -1,0   06:07  13,2   0,0   0,0   1,0   4,4   12:52   WNW
12   5,5  19,3   17:40  -2,8   06:05  12,8   0,0   0,0   1,0   4,4   13:11     N
13   4,4  12,4   14:15  -2,6   04:34  13,9   0,0   0,0   1,8   7,5   14:42     N
14   4,9  11,0   17:47   1,7   05:45  13,4   0,0   2,1   2,7   6,5   11:27     S
15   5,7   9,9   15:05   3,0   23:54  12,6   0,0   1,8   3,3   9,5   16:15     S
16   5,7  11,8   15:21   1,0   06:28  12,6   0,0   0,9   1,1   6,5   23:59   SSW
17   6,0  13,7   17:50   2,2   07:06  12,3   0,0   0,0   4,3  11,9   10:51     N
18   6,8  13,4   13:56   1,1   02:32  11,5   0,0   1,8   3,0  10,5   12:41   SSW
19   6,4  12,5   16:02  -1,4   04:11  11,9   0,0   0,0   4,5  14,3   10:35     N
20   5,9  13,5   13:14  -2,0   05:17  12,4   0,0   0,0   2,6   9,5   16:42   NNW
21   7,8  13,9   14:51   0,7   06:27  10,5   0,0   0,0   4,0  14,6   13:47   NNW
22   4,3   9,2   15:58  -2,2   04:52  14,0   0,0   0,0   5,4  12,9   20:07     N
23   2,5   8,9   13:27  -5,3   05:33  15,8   0,0   0,0   2,8   8,2   12:59     N
24   3,2  11,6   17:02  -0,6   02:59  15,1   0,0   0,0   3,5   9,9   17:35   NNW
25   3,3  10,4   15:52  -1,8   02:07  15,0   0,0   0,0   2,7  11,2   15:54     S
26   3,5  11,4   19:30  -4,8   06:10  14,8   0,0   0,0   2,2   8,5   13:11   ESE
27   4,8  13,5   19:34  -4,6   05:31  13,5   0,0   0,0   2,3   8,5   21:12   NNW
28   5,0   9,5   13:02   1,2   23:54  13,3   0,0   2,1   3,7  10,5   19:13    NE
29   3,7   9,5   15:55   0,2   04:56  14,9   0,0  17,4   3,7  13,9   14:56     S
30   1,9   4,8   00:00   0,6   06:37  16,4   0,0  25,8   2,0  12,2   00:54     S
----------------------------------------------------------------------------------
     4,7  19,3    12    -6,0     1   409,0   0,0  70,5   2,4  14,6    21      NW

Max >=  27,0:  0
Max <=   0,0:  0
Min <=   0,0: 15
Min <= -18,0:  0
Max Rain: 25,8 on day 30
Days of Rain: 14 (>= 0,2 mm)  9 (>= 2,0 mm)  1 (>= 20,0 mm)
Heat Base: 18,3  Cool Base: 18,3  Method: Integration
:now::gauges::today::yesterday::this month::this year::noaa::records::monthly records::trends: