Molinna Weather Station

 Latitude N 60° 21' 23"    Longitude E 10° 28' 20"    Elevation 275 m

Records began on 20 desember 2012

NOAA Style Reports for Molinna

Select a Year or Month report
V/Λ2018 > Jan Feb Mar Apr May Jun Jul Aug Sep Oct Nov Dec
V/Λ2017 > Jan Feb Mar Apr May Jun Jul Aug Sep Oct Nov Dec
V/Λ2016 > Jan Feb Mar Apr May Jun Jul Aug Sep Oct Nov Dec
V/Λ2015 > Jan Feb Mar Apr May Jun Jul Aug Sep Oct Nov Dec
V/Λ2014 > Jan Feb Mar Apr May Jun Jul Aug Sep Oct Nov Dec
V/Λ2013 > Jan Feb Mar Apr May Jun Jul Aug Sep Oct Nov Dec

Report for 2016 Jun
                   Monthly Climatological Summary for jun 2016

Name: Skiakersgutua Weather Station   City: Gran   State: 
Elevation: 235 m  Lat: N 60 21' 54"   Lon: E 010 33' 13"

                  Temperature (C), Rain (mm), Wind Speed (m/s)

                                      Heat  Cool        Avg
    Mean                              Deg   Deg         Wind                 Dom
Day Temp  High   Time   Low    Time   Days  Days  Rain  Speed High   Time    Dir
----------------------------------------------------------------------------------
 1  21,8  33,0   16:58  11,0   03:53   1,6   5,2   0,0   1,7   8,2   13:48     S
 2  20,8  31,0   15:12  12,8   03:28   1,2   3,7   0,0   1,2   4,1   18:52    NW
 3  22,4  32,4   16:19  12,8   04:43   0,9   5,0   0,0   1,6   7,1   23:21    NW
 4  18,0  26,5   18:09  11,9   05:37   2,1   1,7   0,0   2,8   7,8   13:53   NNW
 5  17,6  25,8   18:29   8,1   04:58   2,3   1,6   0,0   2,3   6,8   15:36    NW
 6  19,1  27,6   15:58  11,2   04:39   1,8   2,6   0,0   3,1   8,2   16:22     S
 7  19,7  29,5   14:39  12,2   04:06   1,5   2,9   0,9   2,0  12,6   15:19   SSW
 8  15,0  21,0   17:04  10,5   23:37   3,5   0,2   0,0   4,0  12,6   09:49     N
 9  12,6  23,1   14:55   3,8   04:36   5,9   0,2   0,3   2,1   6,8   20:48    NW
10  11,7  17,9   18:48   6,5   04:08   6,6   0,0   0,0   4,3  10,9   12:23     N
11  13,1  23,3   17:01   3,3   05:04   5,8   0,6   0,0   1,6   6,5   19:24     S
12  15,1  25,6   15:08   6,2   04:54   3,7   0,5   0,0   1,7   8,2   15:41   SSW
13  16,8  27,3   17:14   4,9   04:56   3,5   1,9   0,0   1,7   6,8   17:33   SSW
14  19,2  26,9   14:45   8,8   04:22   2,2   3,1   0,0   2,7   9,5   18:29     S
15  13,5  19,0   07:03  10,8   02:59   4,8   0,0   5,7   1,9   6,1   07:23    SW
16  17,3  24,6   18:04  11,6   03:29   2,2   1,3   0,3   1,9   6,8   20:35   NNW
17  14,4  16,6   09:45  12,1   03:29   3,9   0,0   2,1   2,5   7,8   10:40   NNW
18  16,4  22,7   16:34  11,8   05:53   2,5   0,6   0,3   3,6   8,8   09:48     N
19  15,4  23,8   16:46  10,3   03:45   3,7   0,7   2,4   1,7   5,8   21:22    NW
20  13,6  18,8   12:06  10,9   01:09   4,7   0,0   3,6   4,1  11,9   12:41     S
21  17,9  25,2   15:01  11,8   23:58   2,0   1,6   4,5   2,1   6,5   13:42   WSW
22  17,6  25,2   14:18   8,2   03:07   2,9   2,2   0,0   2,1   7,8   17:48   SSW
23  17,7  24,0   13:06  11,6   03:54   2,1   1,5   0,0   3,3   8,2   15:40     S
24  16,3  21,0   13:24  10,9   02:29   2,3   0,2   0,9   1,5   5,8   20:23   SSW
25  21,9  34,6   19:27  13,4   04:52   0,9   4,4   0,0   1,7   5,8   07:54   SSW
26  16,4  20,7   15:20  12,7   03:31   2,1   0,2   9,3   2,6  11,2   17:20     S
27  16,1  21,7   12:05  12,9   23:51   2,5   0,3   0,3   4,7  11,6   14:15     S
28  17,2  25,3   16:30  12,6   23:55   2,2   1,1   0,0   2,0   7,5   16:03    SW
29  15,9  23,0   12:16   9,8   04:59   3,0   0,7   0,3   3,1  11,6   20:05     S
30  14,2  20,0   15:54  11,7   01:04   4,2   0,1   4,2   4,5  11,9   12:46     S
----------------------------------------------------------------------------------
    16,8  34,6    25     3,3    11    88,6  44,1  35,1   2,5  12,6     7      SW

Max >=  27,0:  7
Max <=   0,0:  0
Min <=   0,0:  0
Min <= -18,0:  0
Max Rain: 9,3 on day 26
Days of Rain: 14 (>= 0,2 mm)  7 (>= 2,0 mm)  0 (>= 20,0 mm)
Heat Base: 18,3  Cool Base: 18,3  Method: Integration
:now::gauges::today::yesterday::this month::this year::noaa::records::monthly records::trends: