Midtre Skiakersgutua Weather Station

 Latitude N 60° 21' 23"    Longitude E 10° 28' 20"    Elevation 275 m

Records began on 20 desember 2012

NOAA Style Reports for Midtre Skiakersgutua

Select a Year or Month report

Report for 2016 Jul
                   Monthly Climatological Summary for jul 2016

Name: Skiakersgutua Weather Station   City: Gran   State: 
Elevation: 235 m  Lat: N 60 21' 54"   Lon: E 010 33' 13"

                  Temperature (C), Rain (mm), Wind Speed (m/s)

                                      Heat  Cool        Avg
    Mean                              Deg   Deg         Wind                 Dom
Day Temp  High   Time   Low    Time   Days  Days  Rain  Speed High   Time    Dir
----------------------------------------------------------------------------------
 1  13,1  16,4   09:06  10,5   03:56   5,2   0,0   6,3   3,3   6,5   06:25     S
 2  14,3  21,3   15:38   9,9   23:53   4,1   0,2   3,0   3,8   9,5   17:04     S
 3  14,1  22,2   19:05   6,6   04:58   4,5   0,2   3,9   2,5   6,5   10:15   SSW
 4  14,9  25,9   17:12   5,8   03:33   4,7   1,3   0,3   1,7   7,5   22:10   WNW
 5  13,9  24,4   17:25   6,7   04:32   4,9   0,5   3,3   1,5   7,5   17:26    NW
 6  15,1  23,4   15:07  10,2   01:43   3,8   0,6   0,6   2,3   7,5   19:54   NNW
 7  16,1  25,5   17:17   8,6   04:22   3,3   1,1   0,0   1,8   8,2   14:48     S
 8  18,5  30,5   18:38   9,0   04:15   2,5   2,7   0,0   1,5   5,1   16:34   SSW
 9  17,2  25,5   17:55  10,2   02:48   2,7   1,6   1,2   1,2   5,1   12:50    NW
10  17,2  24,2   11:45   9,1   04:38   2,5   1,5   3,0   2,2   6,8   14:08     S
11  17,2  24,0   17:38  12,3   23:57   1,8   0,7   0,3   1,8   5,1   08:22     S
12  16,7  27,0   15:26  10,7   03:23   3,0   1,4   0,6   1,5   7,1   16:50   NNW
13  16,4  27,9   12:32  10,7   01:27   2,9   1,0   2,7   1,1   6,5   18:44     S
14  17,0  25,8   18:45  11,6   04:39   2,3   0,9   0,3   1,7   5,8   14:25     N
15  19,6  30,6   17:46  13,4   23:59   1,4   2,7   0,0   2,6   7,8   04:11    NW
16  17,4  25,0   15:49  11,9   03:12   2,2   1,4   0,6   2,1   9,2   12:18    SW
17  15,5  23,2   17:06   8,2   04:44   3,2   0,4   0,0   2,4   8,5   15:01   SSW
18  16,6  28,8   19:31   6,9   04:36   3,5   1,8   0,0   1,5   6,5   10:20    NW
19  16,5  23,3   11:06   7,3   05:11   2,8   1,0   0,0   1,2   7,1   13:23   SSW
20  19,9  30,5   17:37  11,0   03:59   2,1   3,7   0,3   1,3   5,8   17:40     S
21  21,7  30,3   17:13  13,2   05:05   1,2   4,6   0,0   2,1   8,5   13:02     S
22  21,4  30,9   15:28  13,6   02:30   1,0   4,1   0,0   1,5   7,5   18:22     S
23  19,6  25,5   14:59  13,3   04:58   1,1   2,5   0,0   0,8   3,7   12:54   WSW
24  21,6  30,7   18:15  13,5   04:57   0,9   4,3   0,0   1,5   6,5   13:30     S
25  19,0  26,8   13:45  15,0   02:46   1,1   1,7   9,3   2,4  10,2   13:09     S
26  18,0  24,4   17:30  13,2   23:58   1,4   1,2  13,5   3,0   9,9   13:18     S
27  15,4  21,6   14:56  10,1   04:44   3,2   0,3   1,2   2,2   8,5   12:59     S
28  19,1  26,7   18:40  13,6   06:11   1,6   2,4   5,4   3,1   7,8   15:56     S
29  16,8  24,2   13:00   9,8   05:55   2,5   1,0   1,5   1,7   7,1   13:15     S
30  17,3  25,7   13:29  12,4   03:53   2,3   1,3   6,6   1,6   5,8   15:36   WSW
31  16,3  23,9   16:11   8,7   06:11   3,2   1,2   0,0   2,0   9,5   14:31   SSW
----------------------------------------------------------------------------------
    17,2  30,9    22     5,8     4    82,9  49,3  63,9   2,0  10,2    25     SSW

Max >=  27,0:  9
Max <=   0,0:  0
Min <=   0,0:  0
Min <= -18,0:  0
Max Rain: 13,5 on day 26
Days of Rain: 20 (>= 0,2 mm)  10 (>= 2,0 mm)  0 (>= 20,0 mm)
Heat Base: 18,3  Cool Base: 18,3  Method: Integration
:now::gauges::today::yesterday::this month::this year::noaa::records::monthly records::trends: