Midtre Skiakersgutua Weather Station

 Latitude N 60° 21' 23"    Longitude E 10° 28' 20"    Elevation 275 m

Records began on 20 desember 2012

NOAA Style Reports for Midtre Skiakersgutua


Report for 2016 Aug
                   Monthly Climatological Summary for aug 2016

Name: Skiakersgutua Weather Station   City: Gran   State: 
Elevation: 235 m  Lat: N 60 21' 54"   Lon: E 010 33' 13"

                  Temperature (C), Rain (mm), Wind Speed (m/s)

                                      Heat  Cool        Avg
    Mean                              Deg   Deg         Wind                 Dom
Day Temp  High   Time   Low    Time   Days  Days  Rain  Speed High   Time    Dir
----------------------------------------------------------------------------------
 1  14,9  23,5   14:30   6,5   05:54   4,1   0,7   1,2   2,0   8,8   14:51   SSW
 2  16,6  24,3   13:45   8,6   05:56   3,0   1,3   0,0   1,8   7,5   14:46    SW
 3  14,8  24,0   14:06   6,9   04:55   4,0   0,5   0,0   2,1   9,2   14:53     S
 4  15,2  27,7   18:56  11,9   01:15   3,6   0,5   8,7   1,5   7,8   19:20   WNW
 5  18,3  27,3   14:28  12,5   23:58   1,8   1,8   1,8   1,3   5,4   14:52     S
 6  14,1  16,7   13:20  11,8   01:08   4,2   0,0   8,1   1,9   6,8   12:34    NW
 7  15,2  21,3   12:33  12,8   05:12   3,3   0,2   0,9   2,6   9,2   15:13     S
 8  14,9  22,6   17:06  11,6   23:16   3,7   0,3  10,2   4,1  13,6   09:51     S
 9  12,3  18,3   12:34   7,6   05:17   6,0   0,0   5,4   2,9   9,5   23:35   SSW
10  11,2  21,6   17:32   6,3   23:57   7,2   0,1   0,6   4,6  12,2   02:38   NNW
11  12,1  21,8   14:22   3,8   06:13   6,3   0,1   0,3   1,3   4,8   15:10     W
12  10,3  14,8   23:47   3,8   05:18   8,0   0,0   1,5   1,6   6,5   19:10     S
13  16,2  22,1   16:38  10,5   06:11   2,6   0,6   0,0   1,9   6,8   16:18   SSW
14  17,1  28,3   17:14  11,3   05:58   2,9   1,7   0,9   2,3   7,1   04:15   NNW
15  15,4  23,3   17:39   6,9   06:04   3,9   1,0   0,0   1,6   6,1   16:51    NW
16  16,5  25,9   17:51  10,0   23:55   3,3   1,5   0,0   2,1   8,5   10:27   NNW
17  16,3  25,4   17:44   5,6   06:10   3,9   1,9   0,0   2,5  10,2   22:14   NNW
18  17,4  24,8   17:05  11,0   06:23   2,2   1,3   0,0   2,2   6,8   11:21     N
19  15,0  21,2   15:01   9,8   05:16   3,5   0,2   0,0   1,9   5,8   10:20    NW
20  16,2  23,3   17:47  12,0   05:35   2,6   0,6   2,7   1,4   6,1   16:53     S
21  17,0  24,8   14:36  11,6   23:59   2,3   1,0   5,4   2,1   6,8   14:08     S
22  14,4  22,4   14:59   8,8   03:34   4,3   0,4   2,1   0,9   4,8   13:47   SSW
23  18,3  32,4   18:04  12,1   02:37   2,4   2,4   0,0   1,1   4,4   13:08    NW
24  16,2  22,7   14:42  13,0   04:05   2,4   0,3   0,0   3,9   9,2   12:57   SSE
25  17,6  23,0   13:41  14,8   04:29   1,2   0,5   0,3   1,1   3,4   17:41     W
26  17,3  24,2   18:19  13,3   23:21   1,6   0,6   1,8   2,9  10,5   11:19     S
27  15,6  21,6   18:01   8,7   23:59   3,3   0,6   0,0   2,6   8,2   12:29    NW
28  11,0  16,6   14:17   5,4   04:46   7,3   0,0   0,0   1,5   6,8   15:39     S
29  11,9  17,0   17:58   8,3   23:54   6,4   0,0   4,8   3,2   9,2   12:53   NNW
30  12,8  24,1   17:30   5,0   05:30   5,9   0,4   0,0   1,3   8,2   14:39   SSW
31  16,8  25,2   12:26   9,4   06:16   2,9   1,4   0,6   3,2   9,9   15:52     S
----------------------------------------------------------------------------------
    15,1  32,4    23     3,8    11   120,1  21,9  57,3   2,2  13,6     8     WSW

Max >=  27,0:  4
Max <=   0,0:  0
Min <=   0,0:  0
Min <= -18,0:  0
Max Rain: 10,2 on day 8
Days of Rain: 18 (>= 0,2 mm)  8 (>= 2,0 mm)  0 (>= 20,0 mm)
Heat Base: 18,3  Cool Base: 18,3  Method: Integration
:now::gauges::today::yesterday::this month::this year::noaa::records::monthly records::trends: