Midtre Skiakersgutua Weather Station

 Latitude N 60° 21' 23"    Longitude E 10° 28' 20"    Elevation 275 m

Records began on 20 desember 2012

NOAA Style Reports for Midtre Skiakersgutua

Select a Year or Month report

Report for 2016 Sep
                   Monthly Climatological Summary for sep 2016

Name: Skiakersgutua Weather Station   City: Gran   State: 
Elevation: 235 m  Lat: N 60 21' 54"   Lon: E 010 33' 13"

                  Temperature (C), Rain (mm), Wind Speed (m/s)

                                      Heat  Cool        Avg
    Mean                              Deg   Deg         Wind                 Dom
Day Temp  High   Time   Low    Time   Days  Days  Rain  Speed High   Time    Dir
----------------------------------------------------------------------------------
 1  16,4  23,1   13:52  11,0   06:06   2,7   0,8   0,0   2,9  10,2   15:36   SSW
 2  15,5  23,0   16:10  10,4   05:07   3,4   0,6   0,0   2,5   7,8   14:21   SSW
 3  15,4  21,6   14:40   7,5   23:59   3,3   0,4   0,0   2,0   8,8   18:50    NW
 4  12,9  24,1   16:59   3,1   05:48   6,0   0,7   0,0   1,3   6,8   22:38     W
 5  13,4  24,4   15:50   2,7   06:57   5,8   0,9   0,0   1,6   5,8   13:01   SSW
 6  16,2  23,6   16:00   9,5   03:33   2,9   0,8   0,0   3,8  11,2   14:14     S
 7  18,2  27,1   17:39   8,6   06:37   1,9   1,8   0,0   1,9   6,5   16:04   WSW
 8  16,8  27,8   14:28   8,2   07:00   3,1   1,6   0,0   1,9   7,5   22:08     S
 9  17,5  23,8   16:21  13,2   23:50   1,6   0,8   2,1   3,5   7,8   12:17     S
10  16,2  19,0   15:37  12,6   06:07   2,2   0,0   0,9   3,4   7,8   18:15     S
11  16,7  24,0   15:51   7,5   23:52   2,6   1,0   8,4   2,4   8,8   07:27   SSW
12  12,4  23,2   16:36   3,8   06:49   6,5   0,6   0,0   1,7   7,8   15:02   SSW
13  16,7  29,9   16:57   8,3   06:50   3,6   2,0   0,0   1,1   6,5   15:29    SW
14  16,4  27,2   17:09  12,1   02:17   2,6   0,7   0,0   0,7   3,4   14:28    NW
15  19,1  32,1   16:18  14,4   03:28   1,5   2,3   0,0   1,0   5,8   19:42   SSW
16  16,4  21,7   17:14  13,8   22:27   2,0   0,2   0,0   2,3   6,8   07:18   SSE
17  15,5  26,1   17:20  10,1   23:34   3,9   1,0   0,0   1,5   5,8   11:18   SSW
18  14,5  26,1   15:43   6,9   05:58   5,2   1,4   0,0   0,8   3,7   16:08   SSW
19  12,9  28,0   16:23   6,5   06:14   6,6   1,1   0,3   0,5   2,0   16:43    SW
20  13,2  27,4   15:43   6,5   05:16   6,2   1,0   0,0   0,5   2,7   16:41   WNW
21  12,9  17,4   14:59   8,5   04:01   5,4   0,0   0,3   0,8   4,4   15:56     S
22  13,9  16,0   13:35  12,4   22:11   4,4   0,0   1,2   1,0   4,4   19:06     S
23  11,8  19,7   17:07   7,1   23:34   6,5   0,0   6,0   1,6   6,1   12:17   SSW
24   9,9  19,9   15:30   2,8   06:24   8,5   0,0   0,3   1,8   6,8   17:32     S
25  15,5  20,7   12:49  11,5   01:33   3,0   0,2   0,0   2,8   8,5   15:50     S
26  14,2  20,0   15:41   9,6   23:49   4,1   0,1   3,3   3,0   9,9   05:59     S
27  11,6  18,1   12:31   5,3   08:05   6,7   0,0   4,5   3,7  14,3   22:52     S
28  13,4  20,7   16:53   8,5   04:29   5,0   0,1   0,0   2,8   8,5   01:58   SSW
29  12,3  18,6   13:58   8,4   04:57   6,0   0,0   0,9   4,1  13,3   14:18     S
30   9,8  13,9   15:21   5,9   06:32   8,5   0,0   0,0   3,1   9,5   19:11     S
----------------------------------------------------------------------------------
    14,6  32,1    15     2,7     5   131,7  20,1  28,2   2,1  14,3    27     SSW

Max >=  27,0:  7
Max <=   0,0:  0
Min <=   0,0:  0
Min <= -18,0:  0
Max Rain: 8,4 on day 11
Days of Rain: 11 (>= 0,2 mm)  5 (>= 2,0 mm)  0 (>= 20,0 mm)
Heat Base: 18,3  Cool Base: 18,3  Method: Integration
:now::gauges::today::yesterday::this month::this year::noaa::records::monthly records::trends: