Molinna Weather Station

 Latitude N 60° 21' 23"    Longitude E 10° 28' 20"    Elevation 275 m

Records began on 20 desember 2012

NOAA Style Reports for Molinna

Select a Year or Month report
V/Λ2018 > Jan Feb Mar Apr May Jun Jul Aug Sep Oct Nov Dec
V/Λ2017 > Jan Feb Mar Apr May Jun Jul Aug Sep Oct Nov Dec
V/Λ2016 > Jan Feb Mar Apr May Jun Jul Aug Sep Oct Nov Dec
V/Λ2015 > Jan Feb Mar Apr May Jun Jul Aug Sep Oct Nov Dec
V/Λ2014 > Jan Feb Mar Apr May Jun Jul Aug Sep Oct Nov Dec
V/Λ2013 > Jan Feb Mar Apr May Jun Jul Aug Sep Oct Nov Dec

Report for 2016 Oct
                   Monthly Climatological Summary for okt 2016

Name: Skiakersgutua Weather Station   City: Gran   State: 
Elevation: 235 m  Lat: N 60 21' 54"   Lon: E 010 33' 13"

                  Temperature (C), Rain (mm), Wind Speed (m/s)

                                      Heat  Cool        Avg
    Mean                              Deg   Deg         Wind                 Dom
Day Temp  High   Time   Low    Time   Days  Days  Rain  Speed High   Time    Dir
----------------------------------------------------------------------------------
 1   8,5  20,4   15:20   1,0   08:23   9,9   0,1   0,0   1,3   5,4   00:22   SSW
 2   5,5  13,5   15:58   0,1   23:47  12,8   0,0   0,0   2,0   7,1   14:00   NNW
 3   4,6  20,0   14:26  -3,0   06:15  13,7   0,0   0,0   0,7   2,7   00:46    SW
 4   4,5  18,5   15:46  -3,2   07:25  13,8   0,0   0,0   0,8   3,7   14:07   WSW
 5   3,8  17,8   05:43  -4,0   06:35  14,8   0,0   0,0   0,8   3,1   12:13   SSW
 6   3,7  16,0   13:34  -5,0   07:38  14,6   0,0   0,0   1,5   8,2   14:04   WNW
 7   8,8  16,8   13:00   0,3   01:14   9,5   0,0   0,0   2,8   8,5   09:27     N
 8   6,6  12,3   16:16  -0,6   23:45  11,7   0,0   0,0   2,2   8,5   13:39   NNW
 9   4,0   5,9   21:21  -0,4   00:04  14,3   0,0   0,0   3,9   8,5   07:27   NNW
10   5,9  12,4   16:07  -1,2   23:37  12,4   0,0   0,0   3,1   7,1   01:34   NNW
11   2,9   5,3   13:33  -1,7   00:46  15,4   0,0   0,0   2,0   5,8   15:25     N
12   2,0   4,4   14:37   0,8   08:53  16,2   0,0   0,0   1,7   5,1   20:03    NW
13   1,1   2,9   15:57   0,1   23:45  17,2   0,0   0,0   1,2   3,1   08:32    NW
14   1,1   8,4   12:30  -1,1   20:13  17,2   0,0   0,0   1,7   5,1   13:25   SSW
15   1,9   4,0   14:30  -0,3   02:12  16,4   0,0   0,0   2,4   5,4   06:44   NNW
16   4,7   6,8   13:17   3,4   00:00  13,6   0,0   0,6   1,3   4,4   00:30    NW
17   5,4   6,0   16:22   4,5   00:00  12,9   0,0   1,2   2,2   4,4   07:35     S
18   6,2   7,1   13:46   5,5   19:44  12,1   0,0   1,8   1,4   5,4   14:41     S
19   6,4   7,8   14:28   5,3   05:44  11,9   0,0   0,3   1,6   4,8   15:26    NW
20   6,4   7,5   01:11   5,0   23:56  11,9   0,0   0,0   1,7   5,4   01:08   NNW
21   4,5   5,4   00:38   3,5   07:29  13,8   0,0   0,0   2,2   6,5   14:24     N
22   3,0   4,5   00:07   1,4   20:08  15,3   0,0   0,3   2,7   8,8   12:58     N
23   3,2   4,9   23:38   1,7   01:28  15,1   0,0   0,3   3,2   8,8   07:36     N
24   4,5   5,2   12:16   3,4   08:09  13,8   0,0   1,2   1,9   5,4   18:15   NNW
25   4,1   6,9   15:54   1,5   23:34  14,2   0,0   0,0   1,1   3,7   13:51    NW
26   3,7   8,0   23:07   0,7   09:07  14,6   0,0   0,3   2,2   6,1   20:31     S
27   7,3  11,7   14:09   2,5   07:08  11,0   0,0   0,0   3,2  10,9   15:09     S
28   6,9  12,1   13:10   1,5   23:13  11,4   0,0   0,0   2,3   7,8   01:17     W
29   3,6  10,4   14:00  -2,6   07:39  14,7   0,0   0,0   2,6  11,6   13:17   NNW
30   1,8   9,7   10:59  -3,5   06:18  17,2   0,0   0,0   0,8   3,1   00:52   WSW
31   3,7   6,0   11:52   1,9   00:33  14,6   0,0   8,7   0,9   4,4   15:05   SSW
----------------------------------------------------------------------------------
     4,5  20,4     1    -5,0     6   428,0   0,1  14,7   1,9  11,6    29      NW

Max >=  27,0:  0
Max <=   0,0:  0
Min <=   0,0: 12
Min <= -18,0:  0
Max Rain: 8,7 on day 31
Days of Rain: 9 (>= 0,2 mm)  1 (>= 2,0 mm)  0 (>= 20,0 mm)
Heat Base: 18,3  Cool Base: 18,3  Method: Integration
:now::gauges::today::yesterday::this month::this year::noaa::records::monthly records::trends: