Midtre Skiakersgutua Weather Station

 Latitude N 60° 21' 23"    Longitude E 10° 28' 20"    Elevation 275 m

Records began on 20 desember 2012

NOAA Style Reports for Midtre Skiakersgutua

Select a Year or Month report

Report for 2017
                   Annual Climatological Summary for 2017

Name: Skiakersgutua Weather Station   City: Gran   State: 
Elevation: 235 m  Lat: N 60 21' 54"   Lon: E 010 33' 13"

                  Temperature (C), Heat Base: 18,3  Cool Base: 18,3
                          Dep.  Heat  Cool                       Max  Max  Min  Min
        Mean  Mean        From  Deg   Deg                        >=   <=   <=   <=
 YR MO  Max   Min   Mean  Norm  Days  Days  Hi  Date  Low  Date 27,0  0,0  0,0 -18,0
------------------------------------------------------------------------------------
 17  1  -1,3  -8,4  -4,9   0.0   721     0   9,8  19 -17,7    5    0   18   31    0
 17  2   2,5  -6,9  -3,0   0.0   596     0  11,2  21 -16,5   24    0    8   27    0
 17  3   8,3  -3,2   1,7   0.0   514     0  22,9  26  -9,0    6    0    1   25    0
 17  4  11,7  -1,4   4,5   0.0   415     0  18,3   9  -5,9   19    0    0   21    0
 17  5  19,0   4,9  11,5   0.0   228    15  32,1  27  -2,2    2    3    0    6    0
 17  6  21,7   8,9  14,9   0.0   120    18  27,6  17   1,6    1    4    0    0    0
 17  7  24,7  10,3  16,5   0.0    90    34  32,5   1   4,0   13    7    0    0    0
 17  8  23,1   9,2  15,0   0.0   123    21  27,0   5   3,2   27    2    0    0    0
 17  9  16,7   8,0  11,4   0.0   208     1  23,6   2   2,9   15    0    0    0    0
 17 10  10,6   1,7   5,6   0.0   394     0  19,0  14  -4,2   30    0    0   11    0
 17 11   3,1  -4,4  -0,7   0.0   570     0  10,8   4 -13,2   18    0    7   26    0
 17 12  -1,9  -9,0  -5,3   0.0   731     0   6,7   7 -15,8   17    0   21   31    0
------------------------------------------------------------------------------------
        11,5   0,8   5,6   0.0  4715    90  32,5 jul -17,7  jan   16   55  178    0

                                Precipitation (mm)

              Dep.   Max        Days of Rain
              From   Obs.           >=
 YR MO Total  Norm   Day Date  0,2  2,0 20,0
---------------------------------------------
 17  1   9,9   0.0   3,0  11     4    3    0
 17  2   8,4   0.0   6,0  28     4    1    0
 17  3  19,2   0.0   6,3  31    12    4    0
 17  4   8,4   0.0   3,3  13     6    1    0
 17  5  52,2   0.0  16,5  18    12    8    0
 17  6  53,1   0.0  11,7   7    16    8    0
 17  7  62,7   0.0  16,5   8    15    7    0
 17  8  81,9   0.0  18,0   9    20   12    0
 17  9  69,0   0.0  16,2   6    18    8    0
 17 10  63,0   0.0  12,6  24    17    8    0
 17 11  25,5   0.0  11,1   5    11    3    0
 17 12   6,9   0.0   3,3   7     3    2    0
---------------------------------------------
       460,2   0.0  18,0  aug  138   65    0

                                Wind Speed (m/s)
                          Dom
 YR MO   Avg.  Hi   Date  Dir
------------------------------
 17  1   1,0  16,0    4   WSW
 17  2   1,7  12,9   23   WSW
 17  3   2,4  14,3   15    SW
 17  4   3,3  22,1   21   NNW
 17  5   2,7  18,0   31   NNW
 17  6   2,7  15,3   20   SSW
 17  7   2,3  14,3   12   SSW
 17  8   2,0  13,3   13   SSW
 17  9   2,0  11,2   29     S
 17 10   2,3  19,7   29    SW
 17 11   1,5  21,8   18    SW
 17 12   0,5  13,3    7   SSW
------------------------------
         2,0  22,1  apr    SW
:now::gauges::today::yesterday::this month::this year::noaa::records::monthly records::trends: