Midtre Skiakersgutua Weather Station

 Latitude N 60° 21' 23"    Longitude E 10° 28' 20"    Elevation 275 m

Records began on 20 desember 2012

NOAA Style Reports for Midtre Skiakersgutua

Select a Year or Month report

Report for 2017 Jan
                   Monthly Climatological Summary for jan 2017

Name: Skiakersgutua Weather Station   City: Gran   State: 
Elevation: 235 m  Lat: N 60 21' 54"   Lon: E 010 33' 13"

                  Temperature (C), Rain (mm), Wind Speed (m/s)

                                      Heat  Cool        Avg
    Mean                              Deg   Deg         Wind                 Dom
Day Temp  High   Time   Low    Time   Days  Days  Rain  Speed High   Time    Dir
----------------------------------------------------------------------------------
 1  -2,2   2,2   15:38  -5,8   07:20  20,5   0,0   0,0   2,6  11,6   19:14   NNW
 2  -8,0  -3,6   00:03 -11,0   20:00  26,3   0,0   0,0   0,7   2,7   00:03    SW
 3  -5,5  -0,3   13:52  -9,2   00:00  23,8   0,0   0,0   0,9   4,1   10:51    SW
 4  -4,9  -1,6   07:36  -8,7   22:20  23,2   0,0   0,0   5,4  16,0   12:13   NNW
 5 -14,4  -8,3   00:00 -17,7   08:39  32,7   0,0   0,0   0,7   4,8   01:57     W
 6  -9,0   0,5   23:58 -16,6   05:20  27,3   0,0   0,0   1,0   6,8   19:37     S
 7  -5,0   1,2   00:53 -10,7   22:09  23,3   0,0   0,0   0,8   4,8   00:21   WSW
 8  -7,9  -5,0   14:58 -10,9   01:36  26,2   0,0   0,0   0,2   1,7   02:13     S
 9  -2,9   3,8   22:37  -8,9   00:00  21,2   0,0   1,8   1,4   9,2   15:42     S
10   1,8   3,5   00:00   0,0   16:09  16,5   0,0   2,1   5,2  10,2   12:31     S
11   1,8   3,9   05:53  -0,2   22:38  16,5   0,0   3,0   5,0  15,0   10:19     S
12  -2,2   0,4   00:00  -4,2   03:53  20,5   0,0   0,0   1,0   3,4   11:27     N
13  -6,9  -0,9   01:21 -10,5   21:19  25,2   0,0   0,0   0,5   2,0   01:15     N
14  -9,2  -5,5   13:17 -14,2   23:13  27,5   0,0   0,0   0,2   1,7   01:57     N
15 -14,4 -11,5   12:48 -16,9   09:09  32,7   0,0   0,0   0,2   1,4   11:40     N
16 -13,2  -8,9   11:21 -16,5   07:09  31,5   0,0   0,0   0,0   0,0   00:00   ---
17  -6,3  -7,8   22:35 -10,0   00:00  25,1   0,0   0,0   0,0   2,4   22:35     S
18  -8,0  -5,3   15:10 -11,3   09:18  26,2   0,0   0,0   0,0   0,0   00:00   ---
19   1,4   9,8   15:48  -7,2   00:15  16,9   0,0   3,0   1,6  12,2   14:12    SW
20   4,8   9,8   05:39  -0,8   21:05  13,5   0,0   0,0   1,5   6,8   05:36   WNW
21  -2,2   0,6   14:31  -5,8   23:20  20,5   0,0   0,0   0,3   2,4   04:38    SW
22  -4,4  -2,6   18:55  -6,3   01:15  22,7   0,0   0,0   0,0   0,0   00:00   ---
23  -5,2  -3,4   11:39  -8,3   23:44  23,5   0,0   0,0   0,0   0,3   06:06    SW
24  -7,8  -5,1   15:20 -10,2   06:20  26,1   0,0   0,0   0,0   1,0   15:56   NNW
25  -3,9   0,2   20:26  -7,0   00:00  22,2   0,0   0,0   0,1   1,7   20:19     S
26  -3,7  -0,1   13:20  -7,2   21:48  22,0   0,0   0,0   0,2   2,0   00:45   SSE
27  -4,0  -2,6   13:41  -5,8   00:00  22,3   0,0   0,0   0,0   0,3   15:40    NE
28  -2,9  -2,3   13:34  -3,4   09:06  21,2   0,0   0,0   0,0   0,7   11:53    NE
29  -1,8   1,2   22:30  -3,0   02:11  20,1   0,0   0,0   0,8   4,8   19:06   SSE
30  -1,9   0,6   00:24  -5,0   23:58  20,2   0,0   0,0   1,0   4,1   09:04     W
31  -5,3  -4,1   12:18  -6,6   08:29  23,6   0,0   0,0   0,6   2,7   00:05     W
----------------------------------------------------------------------------------
    -4,9   9,8    19   -17,7     5   721,0   0,0   9,9   1,0  16,0     4      SW

Max >=  27,0:  0
Max <=   0,0: 18
Min <=   0,0: 31
Min <= -18,0:  0
Max Rain: 3,0 on day 11
Days of Rain: 4 (>= 0,2 mm)  3 (>= 2,0 mm)  0 (>= 20,0 mm)
Heat Base: 18,3  Cool Base: 18,3  Method: Integration
:now::gauges::today::yesterday::this month::this year::noaa::records::monthly records::trends: