Molinna Weather Station

 Latitude N 60° 21' 23"    Longitude E 10° 28' 20"    Elevation 275 m

Records began on 20 desember 2012

NOAA Style Reports for Molinna

Select a Year or Month report
V/Λ2018 > Jan Feb Mar Apr May Jun Jul Aug Sep Oct Nov Dec
V/Λ2017 > Jan Feb Mar Apr May Jun Jul Aug Sep Oct Nov Dec
V/Λ2016 > Jan Feb Mar Apr May Jun Jul Aug Sep Oct Nov Dec
V/Λ2015 > Jan Feb Mar Apr May Jun Jul Aug Sep Oct Nov Dec
V/Λ2014 > Jan Feb Mar Apr May Jun Jul Aug Sep Oct Nov Dec
V/Λ2013 > Jan Feb Mar Apr May Jun Jul Aug Sep Oct Nov Dec

Report for 2017 Feb
                   Monthly Climatological Summary for feb 2017

Name: Skiakersgutua Weather Station   City: Gran   State: 
Elevation: 235 m  Lat: N 60 21' 54"   Lon: E 010 33' 13"

                  Temperature (C), Rain (mm), Wind Speed (m/s)

                                      Heat  Cool        Avg
    Mean                              Deg   Deg         Wind                 Dom
Day Temp  High   Time   Low    Time   Days  Days  Rain  Speed High   Time    Dir
----------------------------------------------------------------------------------
 1  -4,4  -0,5   23:17  -6,4   05:45  22,7   0,0   0,0   0,7   3,7   20:40     W
 2  -0,6   0,2   13:25  -2,1   22:12  18,9   0,0   0,0   2,3   5,8   05:39     W
 3  -0,6   1,0   13:20  -1,7   04:54  18,9   0,0   0,0   0,5   3,1   00:29   WNW
 4  -0,6   1,1   13:05  -1,6   22:39  18,9   0,0   0,0   1,3   6,5   16:52     S
 5  -0,3   1,1   11:44  -1,4   00:00  18,6   0,0   0,0   1,7   4,8   19:17   NNW
 6  -1,5   0,4   04:00  -4,5   23:46  19,8   0,0   0,0   2,5   9,2   11:21   SSE
 7  -6,7  -3,7   13:27  -8,3   23:58  25,0   0,0   0,0   2,6   8,2   04:09   SSE
 8  -8,9  -7,7   13:06 -10,9   09:13  27,2   0,0   0,0   3,6   7,1   14:13   NNW
 9  -7,9  -5,3   21:49  -9,9   02:52  26,2   0,0   0,0   4,1  10,2   00:51   NNW
10  -5,5  -4,0   15:34  -6,8   01:10  23,8   0,0   0,0   3,1   8,5   03:48   NNW
11  -5,7   4,1   14:14 -12,4   21:59  24,0   0,0   0,0   1,2   4,1   01:55   WNW
12  -7,5  -3,1   14:18 -11,4   00:00  25,8   0,0   0,0   0,4   2,4   11:55     N
13  -6,9   1,8   12:28 -10,6   01:52  25,2   0,0   0,0   0,5   2,4   08:42    SW
14  -6,7   4,0   14:06 -12,0   07:46  25,0   0,0   0,0   0,3   2,0   13:40    SW
15  -5,5  -2,9   13:13  -9,8   00:00  23,8   0,0   0,0   0,0   0,7   00:31   WSW
16  -4,6   2,7   12:07  -8,5   04:29  22,9   0,0   0,0   0,3   2,4   22:24     N
17  -3,7   4,6   13:29  -8,1   23:48  22,0   0,0   0,0   0,7   2,7   02:46   SSW
18  -2,7   3,2   14:36  -9,5   07:16  21,0   0,0   0,0   1,3   7,5   19:06     S
19   3,4   8,6   14:52  -3,2   07:55  14,9   0,0   0,0   1,4   9,2   22:18   WSW
20   3,6  10,4   13:45  -0,1   22:51  14,7   0,0   0,0   2,0   7,8   01:36     S
21   2,0  11,2   12:41  -0,1   03:35  16,3   0,0   0,0   3,0   9,9   06:46     S
22   1,3   8,3   13:47  -1,3   09:15  17,0   0,0   0,6   2,8  10,2   01:41     S
23  -3,1   7,5   13:52 -12,9   23:53  21,4   0,0   0,0   1,5  12,9   06:46   WNW
24  -6,8   7,2   14:05 -16,5   08:11  25,1   0,0   0,0   1,6   8,8   16:08   WNW
25  -6,7  -0,3   13:20 -15,7   07:14  25,0   0,0   0,0   1,9  10,2   14:13     S
26  -2,1   7,3   14:36  -5,6   07:55  20,4   0,0   0,3   1,0   5,1   23:18     N
27   2,3   7,9   14:10  -1,5   00:00  16,0   0,0   1,5   3,1   8,8   01:35     S
28   2,1   4,7   11:59   0,5   21:44  16,2   0,0   6,0   3,2   8,2   12:42     S
----------------------------------------------------------------------------------
    -3,0  11,2    21   -16,5    24   596,7   0,0   8,4   1,7  12,9    23      SW

Max >=  27,0:  0
Max <=   0,0:  8
Min <=   0,0: 27
Min <= -18,0:  0
Max Rain: 6,0 on day 28
Days of Rain: 4 (>= 0,2 mm)  1 (>= 2,0 mm)  0 (>= 20,0 mm)
Heat Base: 18,3  Cool Base: 18,3  Method: Integration
:now::gauges::today::yesterday::this month::this year::noaa::records::monthly records::trends: